{"id":123088,"date":"2022-08-02T20:42:15","date_gmt":"2022-08-02T20:42:15","guid":{"rendered":"https:\/\/cernelic.hr\/proizvod\/cask-by-expormim-2\/"},"modified":"2023-12-08T11:25:43","modified_gmt":"2023-12-08T11:25:43","slug":"cask-by-expormim-2","status":"publish","type":"product","link":"https:\/\/cernelic.hr\/en\/proizvod\/cask-by-expormim-2\/","title":{"rendered":"CASK by Expormim"},"content":{"rendered":"<p>Expormimovu CASK lounge kolekciju \u010dini kombinacija geometrijske jednostavnosti i klasi\u010dnih tehnika koju predstavlja suvremeni dizajn koji je istovremeno nov i poznat. Konstrukcija se sastoji od dva jednostavna kru\u017ena oblika ratana koji tvore o\u010daravaju\u0107i geometrijski oblik koji dr\u017ei red ponavljaju\u0107ih rebara a uz kombinaciju mekih presvlaka donose kultnu prisutnost dizajnu lounge sjedenja.<\/p>\n","protected":false},"excerpt":{"rendered":"<p>Expormimovu CASK lounge kolekciju \u010dini kombinacija geometrijske jednostavnosti i klasi\u010dnih tehnika koju predstavlja suvremeni dizajn koji je istovremeno nov i poznat. Konstrukcija se sastoji od dva jednostavna kru\u017ena oblika ratana koji tvore o\u010daravaju\u0107i geometrijski oblik koji dr\u017ei red ponavljaju\u0107ih rebara a uz kombinaciju mekih presvlaka donose kultnu prisutnost dizajnu lounge sjedenja.<\/p>\n","protected":false},"featured_media":126600,"template":"","meta":{"_acf_changed":false},"product_brand":[],"product_cat":[3057,2111,3035,3038,3055,3051,3037,2062,3059,3047,3041,3044,2105,3053,2061,3034,3056,3042,3052,2068,3048,2073,3049,3040],"product_tag":[],"berocket_brand":[523],"class_list":{"0":"post-123088","1":"product","2":"type-product","3":"status-publish","4":"has-post-thumbnail","6":"product_cat-dvorane-prostori-dvorane","7":"product_cat-dvorane","8":"product_cat-fotelje-garniture","9":"product_cat-fotelje-garniture-proizvodi-fotelje-i-garniture-za-sjedenje-fotelje-i-garniture-za-sjedenje","10":"product_cat-fotelje-i-garniture-unutarnje-prostore-javni-prostori-javni-javni","11":"product_cat-fotelje-i-garniture-unutarnje-prostore-rezidencijalni-prostori-rezidencijalni-rezidencijalni","12":"product_cat-fotelje-i-garniture-unutarnje-prostore","13":"product_cat-fotelje-i-garniture-za-sjedenje","14":"product_cat-fotelje-i-garniture-za-unutarnje-prostore-dvorane-prostori-dvorane-dvorane","15":"product_cat-fotelje-i-garniture-za-unutarnje-prostore","16":"product_cat-horeca-prostori","17":"product_cat-horeca-prostori-horeca-prostori-prostori","18":"product_cat-javni","19":"product_cat-javni-prostori-javni","20":"product_cat-proizvodi","21":"product_cat-proizvodi-fotelje-i-garniture-za-sjedenje","22":"product_cat-prostori-dvorane","23":"product_cat-prostori-horeca-prostori","24":"product_cat-prostori-javni","25":"product_cat-prostori","26":"product_cat-prostori-rezidencijalni","27":"product_cat-rezidencijalni","28":"product_cat-rezidencijalni-prostori-rezidencijalni","29":"product_cat-taburei","30":"berocket_brand-expormim","32":"first","33":"instock","34":"product-type-grouped"},"acf":[],"_links":{"self":[{"href":"https:\/\/cernelic.hr\/en\/wp-json\/wp\/v2\/product\/123088","targetHints":{"allow":["GET"]}}],"collection":[{"href":"https:\/\/cernelic.hr\/en\/wp-json\/wp\/v2\/product"}],"about":[{"href":"https:\/\/cernelic.hr\/en\/wp-json\/wp\/v2\/types\/product"}],"wp:featuredmedia":[{"embeddable":true,"href":"https:\/\/cernelic.hr\/en\/wp-json\/wp\/v2\/media\/126600"}],"wp:attachment":[{"href":"https:\/\/cernelic.hr\/en\/wp-json\/wp\/v2\/media?parent=123088"}],"wp:term":[{"taxonomy":"product_brand","embeddable":true,"href":"https:\/\/cernelic.hr\/en\/wp-json\/wp\/v2\/product_brand?post=123088"},{"taxonomy":"product_cat","embeddable":true,"href":"https:\/\/cernelic.hr\/en\/wp-json\/wp\/v2\/product_cat?post=123088"},{"taxonomy":"product_tag","embeddable":true,"href":"https:\/\/cernelic.hr\/en\/wp-json\/wp\/v2\/product_tag?post=123088"},{"taxonomy":"berocket_brand","embeddable":true,"href":"https:\/\/cernelic.hr\/en\/wp-json\/wp\/v2\/berocket_brand?post=123088"}],"curies":[{"name":"wp","href":"https:\/\/api.w.org\/{rel}","templated":true}]}}

<p>Expormimovu CASK lounge kolekciju čini kombinacija geometrijske jednostavnosti i klasičnih tehnika koju predstavlja suvremeni dizajn koji je istovremeno nov i poznat. Konstrukcija se sastoji od dva jednostavna kružna oblika ratana koji tvore očaravajući geometrijski oblik koji drži red ponavljajućih rebara a uz kombinaciju mekih presvlaka donose kultnu prisutnost dizajnu lounge sjedenja.</p>
