{"id":123134,"date":"2022-08-21T20:48:39","date_gmt":"2022-08-21T20:48:39","guid":{"rendered":"https:\/\/cernelic.hr\/proizvod\/echo-cupboard-by-fiam\/"},"modified":"2023-12-08T08:38:06","modified_gmt":"2023-12-08T08:38:06","slug":"echo-cupboard-by-fiam","status":"publish","type":"product","link":"https:\/\/cernelic.hr\/en\/proizvod\/echo-cupboard-by-fiam\/","title":{"rendered":"Echo Cupboard by Fiam"},"content":{"rendered":"<p>Fiamov ormari\u0107 krasi drvena lakirana neprozirna bijela ili vulkansko siva strukturom. Vrata su mu od topljenog i kaljenog stakla debljine 6 mm, a dostupna su u idu\u0107im zavr\u0161nim obradama: bijelo lakirana, vulkan siva ili posrebrena. Straga se nalazi posrebreno bron\u010dano staklo. Unutarnje police su od kaljenog dimnog stakla debljine 8 mm.<\/p>\n","protected":false},"excerpt":{"rendered":"<p>Fiamov ormari\u0107 krasi drvena lakirana neprozirna bijela ili vulkansko siva strukturom. Vrata su mu od topljenog i kaljenog stakla debljine 6 mm, a dostupna su u idu\u0107im zavr\u0161nim obradama: bijelo lakirana, vulkan siva ili posrebrena. Straga se nalazi posrebreno bron\u010dano staklo. Unutarnje police su od kaljenog dimnog stakla debljine 8 mm.<\/p>\n","protected":false},"featured_media":119032,"template":"","meta":{"_acf_changed":false},"product_brand":[],"product_cat":[3087,3041,3162,3079,3164,3091,3131,2085,3165,3166,2171,3163,2061,2068,2073,2092,3089],"product_tag":[],"berocket_brand":[525],"class_list":{"0":"post-123134","1":"product","2":"type-product","3":"status-publish","4":"has-post-thumbnail","6":"product_cat-home-office","7":"product_cat-horeca-prostori","8":"product_cat-komode","9":"product_cat-namjestaj","10":"product_cat-namjestaj-za-hotelske-sobe","11":"product_cat-namjestaj-za-kucni-ured","12":"product_cat-namjestaj-za-neformalne-sastanke-i-druzenje","13":"product_cat-namjestaj-za-urede","14":"product_cat-ormari-i-komode-horeca-prostori","15":"product_cat-ormari-i-komode-rezidencijalni","16":"product_cat-ormari-i-komode","17":"product_cat-ormarici-za-tv-i-multimediju","18":"product_cat-proizvodi","19":"product_cat-prostori","20":"product_cat-rezidencijalni","21":"product_cat-uredi","22":"product_cat-uredski-namjestaj","23":"berocket_brand-fiam","25":"first","26":"instock","27":"product-type-grouped"},"acf":[],"_links":{"self":[{"href":"https:\/\/cernelic.hr\/en\/wp-json\/wp\/v2\/product\/123134","targetHints":{"allow":["GET"]}}],"collection":[{"href":"https:\/\/cernelic.hr\/en\/wp-json\/wp\/v2\/product"}],"about":[{"href":"https:\/\/cernelic.hr\/en\/wp-json\/wp\/v2\/types\/product"}],"wp:featuredmedia":[{"embeddable":true,"href":"https:\/\/cernelic.hr\/en\/wp-json\/wp\/v2\/media\/119032"}],"wp:attachment":[{"href":"https:\/\/cernelic.hr\/en\/wp-json\/wp\/v2\/media?parent=123134"}],"wp:term":[{"taxonomy":"product_brand","embeddable":true,"href":"https:\/\/cernelic.hr\/en\/wp-json\/wp\/v2\/product_brand?post=123134"},{"taxonomy":"product_cat","embeddable":true,"href":"https:\/\/cernelic.hr\/en\/wp-json\/wp\/v2\/product_cat?post=123134"},{"taxonomy":"product_tag","embeddable":true,"href":"https:\/\/cernelic.hr\/en\/wp-json\/wp\/v2\/product_tag?post=123134"},{"taxonomy":"berocket_brand","embeddable":true,"href":"https:\/\/cernelic.hr\/en\/wp-json\/wp\/v2\/berocket_brand?post=123134"}],"curies":[{"name":"wp","href":"https:\/\/api.w.org\/{rel}","templated":true}]}}

<p>Fiamov ormarić krasi drvena lakirana neprozirna bijela ili vulkansko siva strukturom. Vrata su mu od topljenog i kaljenog stakla debljine 6 mm, a dostupna su u idućim završnim obradama: bijelo lakirana, vulkan siva ili posrebrena. Straga se nalazi posrebreno brončano staklo. Unutarnje police su od kaljenog dimnog stakla debljine 8 mm.</p>
