{"id":123143,"date":"2022-08-21T20:50:09","date_gmt":"2022-08-21T20:50:09","guid":{"rendered":"https:\/\/cernelic.hr\/proizvod\/rialto-l-by-fiam\/"},"modified":"2023-12-08T08:41:04","modified_gmt":"2023-12-08T08:41:04","slug":"rialto-l-by-fiam","status":"publish","type":"product","link":"https:\/\/cernelic.hr\/en\/proizvod\/rialto-l-by-fiam\/","title":{"rendered":"Rialto L by Fiam"},"content":{"rendered":"<p>Fiam police od zakrivljenog stakla debljine 10 mm posjeduju kromirani metalni nosa\u010d. Dostupne su i police po mjeri sa sljede\u0107im ograni\u010denjima: duljina: od 65 cm do 190 cm; dubina: od 24 cm do 30 cm; visina: do 36 cm za duljine do 100 cm i do 70 cm za duljine preko 100 cm. Maksimalni razmak izme\u0111u nosa\u010da je 70 cm. Osje\u0107aj koji donose regali za knji\u017enice, sada pretvoren u police i preba\u010den u na\u0161e omiljene prostore.<\/p>\n","protected":false},"excerpt":{"rendered":"<p>Fiam police od zakrivljenog stakla debljine 10 mm posjeduju kromirani metalni nosa\u010d. Dostupne su i police po mjeri sa sljede\u0107im ograni\u010denjima: duljina: od 65 cm do 190 cm; dubina: od 24 cm do 30 cm; visina: do 36 cm za duljine do 100 cm i do 70 cm za duljine preko 100 cm. Maksimalni razmak [&hellip;]<\/p>\n","protected":false},"featured_media":119096,"template":"","meta":{"_acf_changed":false},"product_brand":[],"product_cat":[3170,3087,3041,3079,3164,3091,2085,2171,3081,2061,2068,2073,2092,3089],"product_tag":[],"berocket_brand":[525],"class_list":{"0":"post-123143","1":"product","2":"type-product","3":"status-publish","4":"has-post-thumbnail","6":"product_cat-accessories-rezidencijalni","7":"product_cat-home-office","8":"product_cat-horeca-prostori","9":"product_cat-namjestaj","10":"product_cat-namjestaj-za-hotelske-sobe","11":"product_cat-namjestaj-za-kucni-ured","12":"product_cat-namjestaj-za-urede","13":"product_cat-ormari-i-komode","14":"product_cat-police-i-regali","15":"product_cat-proizvodi","16":"product_cat-prostori","17":"product_cat-rezidencijalni","18":"product_cat-uredi","19":"product_cat-uredski-namjestaj","20":"berocket_brand-fiam","22":"first","23":"instock","24":"product-type-grouped"},"acf":[],"_links":{"self":[{"href":"https:\/\/cernelic.hr\/en\/wp-json\/wp\/v2\/product\/123143","targetHints":{"allow":["GET"]}}],"collection":[{"href":"https:\/\/cernelic.hr\/en\/wp-json\/wp\/v2\/product"}],"about":[{"href":"https:\/\/cernelic.hr\/en\/wp-json\/wp\/v2\/types\/product"}],"wp:featuredmedia":[{"embeddable":true,"href":"https:\/\/cernelic.hr\/en\/wp-json\/wp\/v2\/media\/119096"}],"wp:attachment":[{"href":"https:\/\/cernelic.hr\/en\/wp-json\/wp\/v2\/media?parent=123143"}],"wp:term":[{"taxonomy":"product_brand","embeddable":true,"href":"https:\/\/cernelic.hr\/en\/wp-json\/wp\/v2\/product_brand?post=123143"},{"taxonomy":"product_cat","embeddable":true,"href":"https:\/\/cernelic.hr\/en\/wp-json\/wp\/v2\/product_cat?post=123143"},{"taxonomy":"product_tag","embeddable":true,"href":"https:\/\/cernelic.hr\/en\/wp-json\/wp\/v2\/product_tag?post=123143"},{"taxonomy":"berocket_brand","embeddable":true,"href":"https:\/\/cernelic.hr\/en\/wp-json\/wp\/v2\/berocket_brand?post=123143"}],"curies":[{"name":"wp","href":"https:\/\/api.w.org\/{rel}","templated":true}]}}

<p>Fiam police od zakrivljenog stakla debljine 10 mm posjeduju kromirani metalni nosač. Dostupne su i police po mjeri sa sljedećim ograničenjima: duljina: od 65 cm do 190 cm; dubina: od 24 cm do 30 cm; visina: do 36 cm za duljine do 100 cm i do 70 cm za duljine preko 100 cm. Maksimalni razmak između nosača je 70 cm. Osjećaj koji donose regali za knjižnice, sada pretvoren u police i prebačen u naše omiljene prostore.</p>

<p>Fiam police od zakrivljenog stakla debljine 10 mm posjeduju kromirani metalni nosač. Dostupne su i police po mjeri sa sljedećim ograničenjima: duljina: od 65 cm do 190 cm; dubina: od 24 cm do 30 cm; visina: do 36 cm za duljine do 100 cm i do 70 cm za duljine preko 100 cm. Maksimalni razmak [&hellip;]</p>
