{"id":123207,"date":"2022-08-21T21:00:00","date_gmt":"2022-08-21T21:00:00","guid":{"rendered":"https:\/\/cernelic.hr\/proizvod\/llt-home-office-and-executive-by-fiam\/"},"modified":"2023-12-08T08:38:53","modified_gmt":"2023-12-08T08:38:53","slug":"llt-home-office-and-executive-by-fiam","status":"publish","type":"product","link":"https:\/\/cernelic.hr\/en\/proizvod\/llt-home-office-and-executive-by-fiam\/","title":{"rendered":"LLT home office and executive by Fiam"},"content":{"rendered":"<p>&#8220;LLT ofc executive&#8221; uredski stolovi sastavljeni su od prozirne staklene plo\u010de debljine 15 sa zako\u0161enim rubovima na dvije kra\u0107e strane i postolja od prozirnog zavarenog stakla debljine 15 mm s nako\u0161enim rubom. Elementi za pri\u010dvr\u0161\u0107ivanje su im od nehr\u0111aju\u0107eg \u010delika. Tako\u0111er su dostupni s gornjim dijelom u prilago\u0111enoj veli\u010dini.<br \/>\nGornji dio oslanja se na postolje od lijepljenog prozirnog stakla i opremljen je otvorima za kablove. \u201eLLT ofx executive\u201c tako\u0111er je dostupan s povr\u0161inom po mjeri do 260 cm duljine. Opremanje po mjeri za urede koji posti\u017eu svoje ciljeve.<\/p>\n","protected":false},"excerpt":{"rendered":"<p>&#8220;LLT ofc executive&#8221; uredski stolovi sastavljeni su od prozirne staklene plo\u010de debljine 15 sa zako\u0161enim rubovima na dvije kra\u0107e strane i postolja od prozirnog zavarenog stakla debljine 15 mm s nako\u0161enim rubom. Elementi za pri\u010dvr\u0161\u0107ivanje su im od nehr\u0111aju\u0107eg \u010delika. Tako\u0111er su dostupni s gornjim dijelom u prilago\u0111enoj veli\u010dini. Gornji dio oslanja se na postolje [&hellip;]<\/p>\n","protected":false},"featured_media":119052,"template":"","meta":{"_acf_changed":false},"product_brand":[],"product_cat":[2514,3075,3087,3091,2061,2068,2073,2118,3083,3085,2092],"product_tag":[],"berocket_brand":[525],"class_list":{"0":"post-123207","1":"product","2":"type-product","3":"status-publish","4":"has-post-thumbnail","6":"product_cat-accessories","7":"product_cat-elektrifikacija-i-cable-management","8":"product_cat-home-office","9":"product_cat-namjestaj-za-kucni-ured","10":"product_cat-proizvodi","11":"product_cat-prostori","12":"product_cat-rezidencijalni","13":"product_cat-stolovi","14":"product_cat-stolovi-za-kucni-ured","15":"product_cat-stolovi-za-urede","16":"product_cat-uredi","17":"berocket_brand-fiam","19":"first","20":"instock","21":"product-type-grouped"},"acf":[],"_links":{"self":[{"href":"https:\/\/cernelic.hr\/en\/wp-json\/wp\/v2\/product\/123207","targetHints":{"allow":["GET"]}}],"collection":[{"href":"https:\/\/cernelic.hr\/en\/wp-json\/wp\/v2\/product"}],"about":[{"href":"https:\/\/cernelic.hr\/en\/wp-json\/wp\/v2\/types\/product"}],"wp:featuredmedia":[{"embeddable":true,"href":"https:\/\/cernelic.hr\/en\/wp-json\/wp\/v2\/media\/119052"}],"wp:attachment":[{"href":"https:\/\/cernelic.hr\/en\/wp-json\/wp\/v2\/media?parent=123207"}],"wp:term":[{"taxonomy":"product_brand","embeddable":true,"href":"https:\/\/cernelic.hr\/en\/wp-json\/wp\/v2\/product_brand?post=123207"},{"taxonomy":"product_cat","embeddable":true,"href":"https:\/\/cernelic.hr\/en\/wp-json\/wp\/v2\/product_cat?post=123207"},{"taxonomy":"product_tag","embeddable":true,"href":"https:\/\/cernelic.hr\/en\/wp-json\/wp\/v2\/product_tag?post=123207"},{"taxonomy":"berocket_brand","embeddable":true,"href":"https:\/\/cernelic.hr\/en\/wp-json\/wp\/v2\/berocket_brand?post=123207"}],"curies":[{"name":"wp","href":"https:\/\/api.w.org\/{rel}","templated":true}]}}

<p>&#8220;LLT ofc executive&#8221; uredski stolovi sastavljeni su od prozirne staklene ploče debljine 15 sa zakošenim rubovima na dvije kraće strane i postolja od prozirnog zavarenog stakla debljine 15 mm s nakošenim rubom. Elementi za pričvršćivanje su im od nehrđajućeg čelika. Također su dostupni s gornjim dijelom u prilagođenoj veličini.<br />
Gornji dio oslanja se na postolje od lijepljenog prozirnog stakla i opremljen je otvorima za kablove. „LLT ofx executive“ također je dostupan s površinom po mjeri do 260 cm duljine. Opremanje po mjeri za urede koji postižu svoje ciljeve.</p>

<p>&#8220;LLT ofc executive&#8221; uredski stolovi sastavljeni su od prozirne staklene ploče debljine 15 sa zakošenim rubovima na dvije kraće strane i postolja od prozirnog zavarenog stakla debljine 15 mm s nakošenim rubom. Elementi za pričvršćivanje su im od nehrđajućeg čelika. Također su dostupni s gornjim dijelom u prilagođenoj veličini. Gornji dio oslanja se na postolje [&hellip;]</p>
