{"id":123230,"date":"2022-08-21T21:03:38","date_gmt":"2022-08-21T21:03:38","guid":{"rendered":"https:\/\/cernelic.hr\/proizvod\/yoda-by-cernelic\/"},"modified":"2023-12-08T10:07:26","modified_gmt":"2023-12-08T10:07:26","slug":"noda-by-bt","status":"publish","type":"product","link":"https:\/\/cernelic.hr\/en\/proizvod\/noda-by-bt\/","title":{"rendered":"NODA by B&amp;T"},"content":{"rendered":"<p>Upoznajte obiteljsku modularnu sofu YODA, koja svojom jednostavnom linearno\u0161\u0107u svaki prostor \u010dini elegantnijim i nudi mogu\u0107nost stvaranja prostora po mjeri sa mnogobrojnim na\u010dinima kombiniranja kako bi se uklopila u svako ure\u0111enje ku\u0107e ili ure\u0111enje stana!<\/p>\n","protected":false},"excerpt":{"rendered":"<p>Upoznajte obiteljsku modularnu sofu YODA, koja svojom jednostavnom linearno\u0161\u0107u svaki prostor \u010dini elegantnijim i nudi mogu\u0107nost stvaranja prostora po mjeri sa mnogobrojnim na\u010dinima kombiniranja kako bi se uklopila u svako ure\u0111enje ku\u0107e ili ure\u0111enje stana!<\/p>\n","protected":false},"featured_media":122384,"template":"","meta":{"_acf_changed":false},"product_brand":[],"product_cat":[2111,3116,3122,3117,3123,3118,3120,3124,3121,3041,2105,3133,3127,3131,2061,2068,2073,3128,2092],"product_tag":[],"berocket_brand":[1324],"class_list":{"0":"post-123230","1":"product","2":"type-product","3":"status-publish","4":"has-post-thumbnail","6":"product_cat-dvorane","7":"product_cat-fotelje-garniture-proizvodi","8":"product_cat-fotelje-i-garniture-unutarnje-prostore-rezidencijalni","9":"product_cat-fotelje-i-garniture-unutarnje-prostore-fotelje-garniture-proizvodi","10":"product_cat-fotelje-i-garniture-unutarnje-prostore-javni","11":"product_cat-fotelje-i-garniture-za-cekaone-i-predprostore","12":"product_cat-fotelje-i-garniture-za-sjedenje-uredi","13":"product_cat-fotelje-i-garniture-za-unutarnje-prostore-dvorane","14":"product_cat-fotelje-i-garniture-za-unutarnje-prostore-horeca-prostori","15":"product_cat-horeca-prostori","16":"product_cat-javni","17":"product_cat-klupe-i-separei-horeca-prostori","18":"product_cat-klupe-i-separei","19":"product_cat-namjestaj-za-neformalne-sastanke-i-druzenje","20":"product_cat-proizvodi","21":"product_cat-prostori","22":"product_cat-rezidencijalni","23":"product_cat-taburei-fotelje-garniture-proizvodi","24":"product_cat-uredi","25":"berocket_brand-bt","27":"first","28":"instock","29":"product-type-grouped"},"acf":[],"_links":{"self":[{"href":"https:\/\/cernelic.hr\/en\/wp-json\/wp\/v2\/product\/123230","targetHints":{"allow":["GET"]}}],"collection":[{"href":"https:\/\/cernelic.hr\/en\/wp-json\/wp\/v2\/product"}],"about":[{"href":"https:\/\/cernelic.hr\/en\/wp-json\/wp\/v2\/types\/product"}],"wp:featuredmedia":[{"embeddable":true,"href":"https:\/\/cernelic.hr\/en\/wp-json\/wp\/v2\/media\/122384"}],"wp:attachment":[{"href":"https:\/\/cernelic.hr\/en\/wp-json\/wp\/v2\/media?parent=123230"}],"wp:term":[{"taxonomy":"product_brand","embeddable":true,"href":"https:\/\/cernelic.hr\/en\/wp-json\/wp\/v2\/product_brand?post=123230"},{"taxonomy":"product_cat","embeddable":true,"href":"https:\/\/cernelic.hr\/en\/wp-json\/wp\/v2\/product_cat?post=123230"},{"taxonomy":"product_tag","embeddable":true,"href":"https:\/\/cernelic.hr\/en\/wp-json\/wp\/v2\/product_tag?post=123230"},{"taxonomy":"berocket_brand","embeddable":true,"href":"https:\/\/cernelic.hr\/en\/wp-json\/wp\/v2\/berocket_brand?post=123230"}],"curies":[{"name":"wp","href":"https:\/\/api.w.org\/{rel}","templated":true}]}}

<p>Upoznajte obiteljsku modularnu sofu YODA, koja svojom jednostavnom linearnošću svaki prostor čini elegantnijim i nudi mogućnost stvaranja prostora po mjeri sa mnogobrojnim načinima kombiniranja kako bi se uklopila u svako uređenje kuće ili uređenje stana!</p>
