{"id":123231,"date":"2022-08-21T21:03:58","date_gmt":"2022-08-21T21:03:58","guid":{"rendered":"https:\/\/cernelic.hr\/proizvod\/vrime-by-cernelic\/"},"modified":"2023-12-08T10:07:24","modified_gmt":"2023-12-08T10:07:24","slug":"zen-by-bt","status":"publish","type":"product","link":"https:\/\/cernelic.hr\/en\/proizvod\/zen-by-bt\/","title":{"rendered":"ZEN by B&amp;T"},"content":{"rendered":"<p>Dizajniran u kompaktnim dimenzijama sa svojim jastucima za fotelje i garniture za sjedenje, VRIME je idealan za prostorije s ograni\u010denim prostorom. Njegov niski le\u0111ni naslon, konturni bokovi te zakrivljeni oblik doprinose davanju volumena jastucima te time posti\u017ee originalni karakter s profinjenijim izgledom.<\/p>\n","protected":false},"excerpt":{"rendered":"<p>Dizajniran u kompaktnim dimenzijama sa svojim jastucima za fotelje i garniture za sjedenje, VRIME je idealan za prostorije s ograni\u010denim prostorom. Njegov niski le\u0111ni naslon, konturni bokovi te zakrivljeni oblik doprinose davanju volumena jastucima te time posti\u017ee originalni karakter s profinjenijim izgledom.<\/p>\n","protected":false},"featured_media":122383,"template":"","meta":{"_acf_changed":false},"product_brand":[],"product_cat":[2111,3116,3117,3122,3123,3120,3124,3121,3041,2105,2061,2068,2073,3128,2092],"product_tag":[],"berocket_brand":[1324],"class_list":{"0":"post-123231","1":"product","2":"type-product","3":"status-publish","4":"has-post-thumbnail","6":"product_cat-dvorane","7":"product_cat-fotelje-garniture-proizvodi","8":"product_cat-fotelje-i-garniture-unutarnje-prostore-fotelje-garniture-proizvodi","9":"product_cat-fotelje-i-garniture-unutarnje-prostore-rezidencijalni","10":"product_cat-fotelje-i-garniture-unutarnje-prostore-javni","11":"product_cat-fotelje-i-garniture-za-sjedenje-uredi","12":"product_cat-fotelje-i-garniture-za-unutarnje-prostore-dvorane","13":"product_cat-fotelje-i-garniture-za-unutarnje-prostore-horeca-prostori","14":"product_cat-horeca-prostori","15":"product_cat-javni","16":"product_cat-proizvodi","17":"product_cat-prostori","18":"product_cat-rezidencijalni","19":"product_cat-taburei-fotelje-garniture-proizvodi","20":"product_cat-uredi","21":"berocket_brand-bt","23":"first","24":"instock","25":"product-type-grouped"},"acf":[],"_links":{"self":[{"href":"https:\/\/cernelic.hr\/en\/wp-json\/wp\/v2\/product\/123231","targetHints":{"allow":["GET"]}}],"collection":[{"href":"https:\/\/cernelic.hr\/en\/wp-json\/wp\/v2\/product"}],"about":[{"href":"https:\/\/cernelic.hr\/en\/wp-json\/wp\/v2\/types\/product"}],"wp:featuredmedia":[{"embeddable":true,"href":"https:\/\/cernelic.hr\/en\/wp-json\/wp\/v2\/media\/122383"}],"wp:attachment":[{"href":"https:\/\/cernelic.hr\/en\/wp-json\/wp\/v2\/media?parent=123231"}],"wp:term":[{"taxonomy":"product_brand","embeddable":true,"href":"https:\/\/cernelic.hr\/en\/wp-json\/wp\/v2\/product_brand?post=123231"},{"taxonomy":"product_cat","embeddable":true,"href":"https:\/\/cernelic.hr\/en\/wp-json\/wp\/v2\/product_cat?post=123231"},{"taxonomy":"product_tag","embeddable":true,"href":"https:\/\/cernelic.hr\/en\/wp-json\/wp\/v2\/product_tag?post=123231"},{"taxonomy":"berocket_brand","embeddable":true,"href":"https:\/\/cernelic.hr\/en\/wp-json\/wp\/v2\/berocket_brand?post=123231"}],"curies":[{"name":"wp","href":"https:\/\/api.w.org\/{rel}","templated":true}]}}

<p>Dizajniran u kompaktnim dimenzijama sa svojim jastucima za fotelje i garniture za sjedenje, VRIME je idealan za prostorije s ograničenim prostorom. Njegov niski leđni naslon, konturni bokovi te zakrivljeni oblik doprinose davanju volumena jastucima te time postiže originalni karakter s profinjenijim izgledom.</p>
