{"id":123234,"date":"2022-08-21T21:04:16","date_gmt":"2022-08-21T21:04:16","guid":{"rendered":"https:\/\/cernelic.hr\/proizvod\/skrapa-by-cernelic\/"},"modified":"2023-12-08T10:07:16","modified_gmt":"2023-12-08T10:07:16","slug":"dor-out-by-bt","status":"publish","type":"product","link":"https:\/\/cernelic.hr\/en\/proizvod\/dor-out-by-bt\/","title":{"rendered":"DOR OUT by B&amp;T"},"content":{"rendered":"<p>Obitelj \u0160KRAPA svojom formom uz udobnost koju pru\u017ea postaje element ravnote\u017ee gdje god se nalazi, a u vanjske i poluotvorene prostore unosi dozu elegancije.<br \/>\nNjegovi jastuci, koji su dio dizajna, podr\u017eavaju osje\u0107aj udobnosti u dugim polo\u017eajima sjedenja. Dizajnirana od materijala potpuno prikladnih za vanjsku upotrebu zajedno sa svojim tankim, aluminijskim nogama koje su u kontrastu s masivnim oblikom, namje\u0161taj za terase \u0160KRAPA omogu\u0107uje stvaranje nekonvencionalnih prostora zahvaljuju\u0107i primjenjivosti raznih boja i uzoraka, te ostavlja kreativno igrali\u0161te korisniku, omogu\u0107avanjem raznih opcija za jastuke. Pretvara vrtove i terase u prilago\u0111ene kutke za u\u017eitak inspiriraju\u0107i nove ideje za ure\u0111enje.<\/p>\n","protected":false},"excerpt":{"rendered":"<p>Obitelj \u0160KRAPA svojom formom uz udobnost koju pru\u017ea postaje element ravnote\u017ee gdje god se nalazi, a u vanjske i poluotvorene prostore unosi dozu elegancije. Njegovi jastuci, koji su dio dizajna, podr\u017eavaju osje\u0107aj udobnosti u dugim polo\u017eajima sjedenja. Dizajnirana od materijala potpuno prikladnih za vanjsku upotrebu zajedno sa svojim tankim, aluminijskim nogama koje su u kontrastu [&hellip;]<\/p>\n","protected":false},"featured_media":122379,"template":"","meta":{"_acf_changed":false},"product_brand":[],"product_cat":[2111,3116,3211,3212,3214,3210,3213,3209,3041,2105,2513,2061,2068,2073],"product_tag":[],"berocket_brand":[1324],"class_list":{"0":"post-123234","1":"product","2":"type-product","3":"status-publish","4":"has-post-thumbnail","6":"product_cat-dvorane","7":"product_cat-fotelje-garniture-proizvodi","8":"product_cat-fotelje-i-garniture-vanjske-prostore","9":"product_cat-fotelje-i-garniture-vanjske-prostore-javni","10":"product_cat-fotelje-i-garniture-vanjske-prostore-outdoor","11":"product_cat-fotelje-i-garniture-za-vanjske-prostore-horeca-prostori","12":"product_cat-fotelje-i-garniture-za-vanjske-prostore-dvorane","13":"product_cat-fotelje-i-garniture-za-vanjske-prostore","14":"product_cat-horeca-prostori","15":"product_cat-javni","16":"product_cat-outdoor","17":"product_cat-proizvodi","18":"product_cat-prostori","19":"product_cat-rezidencijalni","20":"berocket_brand-bt","22":"first","23":"instock","24":"product-type-grouped"},"acf":[],"_links":{"self":[{"href":"https:\/\/cernelic.hr\/en\/wp-json\/wp\/v2\/product\/123234","targetHints":{"allow":["GET"]}}],"collection":[{"href":"https:\/\/cernelic.hr\/en\/wp-json\/wp\/v2\/product"}],"about":[{"href":"https:\/\/cernelic.hr\/en\/wp-json\/wp\/v2\/types\/product"}],"wp:featuredmedia":[{"embeddable":true,"href":"https:\/\/cernelic.hr\/en\/wp-json\/wp\/v2\/media\/122379"}],"wp:attachment":[{"href":"https:\/\/cernelic.hr\/en\/wp-json\/wp\/v2\/media?parent=123234"}],"wp:term":[{"taxonomy":"product_brand","embeddable":true,"href":"https:\/\/cernelic.hr\/en\/wp-json\/wp\/v2\/product_brand?post=123234"},{"taxonomy":"product_cat","embeddable":true,"href":"https:\/\/cernelic.hr\/en\/wp-json\/wp\/v2\/product_cat?post=123234"},{"taxonomy":"product_tag","embeddable":true,"href":"https:\/\/cernelic.hr\/en\/wp-json\/wp\/v2\/product_tag?post=123234"},{"taxonomy":"berocket_brand","embeddable":true,"href":"https:\/\/cernelic.hr\/en\/wp-json\/wp\/v2\/berocket_brand?post=123234"}],"curies":[{"name":"wp","href":"https:\/\/api.w.org\/{rel}","templated":true}]}}

<p>Obitelj ŠKRAPA svojom formom uz udobnost koju pruža postaje element ravnoteže gdje god se nalazi, a u vanjske i poluotvorene prostore unosi dozu elegancije.<br />
Njegovi jastuci, koji su dio dizajna, podržavaju osjećaj udobnosti u dugim položajima sjedenja. Dizajnirana od materijala potpuno prikladnih za vanjsku upotrebu zajedno sa svojim tankim, aluminijskim nogama koje su u kontrastu s masivnim oblikom, namještaj za terase ŠKRAPA omogućuje stvaranje nekonvencionalnih prostora zahvaljujući primjenjivosti raznih boja i uzoraka, te ostavlja kreativno igralište korisniku, omogućavanjem raznih opcija za jastuke. Pretvara vrtove i terase u prilagođene kutke za užitak inspirirajući nove ideje za uređenje.</p>

<p>Obitelj ŠKRAPA svojom formom uz udobnost koju pruža postaje element ravnoteže gdje god se nalazi, a u vanjske i poluotvorene prostore unosi dozu elegancije. Njegovi jastuci, koji su dio dizajna, podržavaju osjećaj udobnosti u dugim položajima sjedenja. Dizajnirana od materijala potpuno prikladnih za vanjsku upotrebu zajedno sa svojim tankim, aluminijskim nogama koje su u kontrastu [&hellip;]</p>
