{"id":123235,"date":"2022-08-21T21:04:34","date_gmt":"2022-08-21T21:04:34","guid":{"rendered":"https:\/\/cernelic.hr\/proizvod\/klapa-by-cernelic\/"},"modified":"2023-12-08T10:06:46","modified_gmt":"2023-12-08T10:06:46","slug":"clap-out-by-bt","status":"publish","type":"product","link":"https:\/\/cernelic.hr\/en\/proizvod\/clap-out-by-bt\/","title":{"rendered":"CLAP OUT by B&amp;T"},"content":{"rendered":"<p>Upoznajte namje\u0161taj za terase KLAPA, koji donosi gracioznost i minimalizam na otvorenom!<br \/>\nObitelj uklju\u010duje fotelje, dvosjedne i trosjedne modele, a svaki od njih se savr\u0161eno prilago\u0111ava razli\u010ditim vanjskim namjenama kao \u0161to su terase, vrtovi, verande kao i vanjske povr\u0161ine u restoranima i hotelima, dok istovremeno umanjuju prijelaz izme\u0111u unutarnjih i vanjskih prostora. Pru\u017eaju udoban prostor za sjedenje sa svojim jastucima koji podupiru le\u0111a i polo\u017eaj za sjedenje.<\/p>\n","protected":false},"excerpt":{"rendered":"<p>Upoznajte namje\u0161taj za terase KLAPA, koji donosi gracioznost i minimalizam na otvorenom! Obitelj uklju\u010duje fotelje, dvosjedne i trosjedne modele, a svaki od njih se savr\u0161eno prilago\u0111ava razli\u010ditim vanjskim namjenama kao \u0161to su terase, vrtovi, verande kao i vanjske povr\u0161ine u restoranima i hotelima, dok istovremeno umanjuju prijelaz izme\u0111u unutarnjih i vanjskih prostora. Pru\u017eaju udoban prostor [&hellip;]<\/p>\n","protected":false},"featured_media":122370,"template":"","meta":{"_acf_changed":false},"product_brand":[],"product_cat":[2111,3116,3214,3211,3212,3210,3213,3209,3041,2105,2513,2061,2068,2073],"product_tag":[],"berocket_brand":[1324],"class_list":{"0":"post-123235","1":"product","2":"type-product","3":"status-publish","4":"has-post-thumbnail","6":"product_cat-dvorane","7":"product_cat-fotelje-garniture-proizvodi","8":"product_cat-fotelje-i-garniture-vanjske-prostore-outdoor","9":"product_cat-fotelje-i-garniture-vanjske-prostore","10":"product_cat-fotelje-i-garniture-vanjske-prostore-javni","11":"product_cat-fotelje-i-garniture-za-vanjske-prostore-horeca-prostori","12":"product_cat-fotelje-i-garniture-za-vanjske-prostore-dvorane","13":"product_cat-fotelje-i-garniture-za-vanjske-prostore","14":"product_cat-horeca-prostori","15":"product_cat-javni","16":"product_cat-outdoor","17":"product_cat-proizvodi","18":"product_cat-prostori","19":"product_cat-rezidencijalni","20":"berocket_brand-bt","22":"first","23":"instock","24":"product-type-grouped"},"acf":[],"_links":{"self":[{"href":"https:\/\/cernelic.hr\/en\/wp-json\/wp\/v2\/product\/123235","targetHints":{"allow":["GET"]}}],"collection":[{"href":"https:\/\/cernelic.hr\/en\/wp-json\/wp\/v2\/product"}],"about":[{"href":"https:\/\/cernelic.hr\/en\/wp-json\/wp\/v2\/types\/product"}],"wp:featuredmedia":[{"embeddable":true,"href":"https:\/\/cernelic.hr\/en\/wp-json\/wp\/v2\/media\/122370"}],"wp:attachment":[{"href":"https:\/\/cernelic.hr\/en\/wp-json\/wp\/v2\/media?parent=123235"}],"wp:term":[{"taxonomy":"product_brand","embeddable":true,"href":"https:\/\/cernelic.hr\/en\/wp-json\/wp\/v2\/product_brand?post=123235"},{"taxonomy":"product_cat","embeddable":true,"href":"https:\/\/cernelic.hr\/en\/wp-json\/wp\/v2\/product_cat?post=123235"},{"taxonomy":"product_tag","embeddable":true,"href":"https:\/\/cernelic.hr\/en\/wp-json\/wp\/v2\/product_tag?post=123235"},{"taxonomy":"berocket_brand","embeddable":true,"href":"https:\/\/cernelic.hr\/en\/wp-json\/wp\/v2\/berocket_brand?post=123235"}],"curies":[{"name":"wp","href":"https:\/\/api.w.org\/{rel}","templated":true}]}}

<p>Upoznajte namještaj za terase KLAPA, koji donosi gracioznost i minimalizam na otvorenom!<br />
Obitelj uključuje fotelje, dvosjedne i trosjedne modele, a svaki od njih se savršeno prilagođava različitim vanjskim namjenama kao što su terase, vrtovi, verande kao i vanjske površine u restoranima i hotelima, dok istovremeno umanjuju prijelaz između unutarnjih i vanjskih prostora. Pružaju udoban prostor za sjedenje sa svojim jastucima koji podupiru leđa i položaj za sjedenje.</p>

<p>Upoznajte namještaj za terase KLAPA, koji donosi gracioznost i minimalizam na otvorenom! Obitelj uključuje fotelje, dvosjedne i trosjedne modele, a svaki od njih se savršeno prilagođava različitim vanjskim namjenama kao što su terase, vrtovi, verande kao i vanjske površine u restoranima i hotelima, dok istovremeno umanjuju prijelaz između unutarnjih i vanjskih prostora. Pružaju udoban prostor [&hellip;]</p>
