{"id":123240,"date":"2022-08-21T21:05:12","date_gmt":"2022-08-21T21:05:12","guid":{"rendered":"https:\/\/cernelic.hr\/proizvod\/panoga-by-cernelic\/"},"modified":"2023-12-08T10:07:05","modified_gmt":"2023-12-08T10:07:05","slug":"vivi-out-by-bt","status":"publish","type":"product","link":"https:\/\/cernelic.hr\/en\/proizvod\/vivi-out-by-bt\/","title":{"rendered":"VIVI OUT by B&amp;T"},"content":{"rendered":"<p>Savr\u0161eno prilago\u0111avaju\u0107i se svojim jednostavnim dizajnom i elegantnim izgledom karakteru svakog prostora u kojem se nalazi, polivalentni blagovaonski stol PANOGA isti\u010de se svojim bezvremenskim stilom. Mogu\u0107nost biranja razli\u010ditih vrsta stolica pro\u0161iruje podru\u010dje uporabe i nudi fleksibilnost, a oboga\u0107uje u\u017eitak provo\u0111enja vremena i dru\u017eenja na otvorenom. Njegov pravokutni gornji stol od tehni\u010dkog kamena s omek\u0161anim rubovima i aluminijske noge koje upotpunjuju njegov elegantan stil nude dugotrajnu upotrebu koja je potpuno prikladna za vanjske uvjete.<\/p>\n","protected":false},"excerpt":{"rendered":"<p>Savr\u0161eno prilago\u0111avaju\u0107i se svojim jednostavnim dizajnom i elegantnim izgledom karakteru svakog prostora u kojem se nalazi, polivalentni blagovaonski stol PANOGA isti\u010de se svojim bezvremenskim stilom. Mogu\u0107nost biranja razli\u010ditih vrsta stolica pro\u0161iruje podru\u010dje uporabe i nudi fleksibilnost, a oboga\u0107uje u\u017eitak provo\u0111enja vremena i dru\u017eenja na otvorenom. Njegov pravokutni gornji stol od tehni\u010dkog kamena s omek\u0161anim rubovima [&hellip;]<\/p>\n","protected":false},"featured_media":122374,"template":"","meta":{"_acf_changed":false},"product_brand":[],"product_cat":[3041,2105,2513,2061,2068,2073,2118,3141,3215,3216,3135,3140],"product_tag":[],"berocket_brand":[1324],"class_list":{"0":"post-123240","1":"product","2":"type-product","3":"status-publish","4":"has-post-thumbnail","6":"product_cat-horeca-prostori","7":"product_cat-javni","8":"product_cat-outdoor","9":"product_cat-proizvodi","10":"product_cat-prostori","11":"product_cat-rezidencijalni","12":"product_cat-stolovi","13":"product_cat-stolovi-outdoor","14":"product_cat-stolovi-za-vanjske-prostore-stolovi","15":"product_cat-stolovi-za-vanjske-prostore-rezidencijalni","16":"product_cat-stolovi-za-vanjske-prostore","17":"product_cat-stolovi-za-vanjske-prostore-javni","18":"berocket_brand-bt","20":"first","21":"instock","22":"product-type-grouped"},"acf":[],"_links":{"self":[{"href":"https:\/\/cernelic.hr\/en\/wp-json\/wp\/v2\/product\/123240","targetHints":{"allow":["GET"]}}],"collection":[{"href":"https:\/\/cernelic.hr\/en\/wp-json\/wp\/v2\/product"}],"about":[{"href":"https:\/\/cernelic.hr\/en\/wp-json\/wp\/v2\/types\/product"}],"wp:featuredmedia":[{"embeddable":true,"href":"https:\/\/cernelic.hr\/en\/wp-json\/wp\/v2\/media\/122374"}],"wp:attachment":[{"href":"https:\/\/cernelic.hr\/en\/wp-json\/wp\/v2\/media?parent=123240"}],"wp:term":[{"taxonomy":"product_brand","embeddable":true,"href":"https:\/\/cernelic.hr\/en\/wp-json\/wp\/v2\/product_brand?post=123240"},{"taxonomy":"product_cat","embeddable":true,"href":"https:\/\/cernelic.hr\/en\/wp-json\/wp\/v2\/product_cat?post=123240"},{"taxonomy":"product_tag","embeddable":true,"href":"https:\/\/cernelic.hr\/en\/wp-json\/wp\/v2\/product_tag?post=123240"},{"taxonomy":"berocket_brand","embeddable":true,"href":"https:\/\/cernelic.hr\/en\/wp-json\/wp\/v2\/berocket_brand?post=123240"}],"curies":[{"name":"wp","href":"https:\/\/api.w.org\/{rel}","templated":true}]}}

<p>Savršeno prilagođavajući se svojim jednostavnim dizajnom i elegantnim izgledom karakteru svakog prostora u kojem se nalazi, polivalentni blagovaonski stol PANOGA ističe se svojim bezvremenskim stilom. Mogućnost biranja različitih vrsta stolica proširuje područje uporabe i nudi fleksibilnost, a obogaćuje užitak provođenja vremena i druženja na otvorenom. Njegov pravokutni gornji stol od tehničkog kamena s omekšanim rubovima i aluminijske noge koje upotpunjuju njegov elegantan stil nude dugotrajnu upotrebu koja je potpuno prikladna za vanjske uvjete.</p>

<p>Savršeno prilagođavajući se svojim jednostavnim dizajnom i elegantnim izgledom karakteru svakog prostora u kojem se nalazi, polivalentni blagovaonski stol PANOGA ističe se svojim bezvremenskim stilom. Mogućnost biranja različitih vrsta stolica proširuje područje uporabe i nudi fleksibilnost, a obogaćuje užitak provođenja vremena i druženja na otvorenom. Njegov pravokutni gornji stol od tehničkog kamena s omekšanim rubovima [&hellip;]</p>
