{"id":123248,"date":"2022-08-21T21:06:28","date_gmt":"2022-08-21T21:06:28","guid":{"rendered":"https:\/\/cernelic.hr\/proizvod\/clack-by-gandiablasco-2\/"},"modified":"2023-12-08T10:07:29","modified_gmt":"2023-12-08T10:07:29","slug":"clack-by-gandiablasco-2","status":"publish","type":"product","link":"https:\/\/cernelic.hr\/en\/proizvod\/clack-by-gandiablasco-2\/","title":{"rendered":"CLACK! by Gandia Blasco"},"content":{"rendered":"<p>Clack! namje\u0161taj za terasu je pobolj\u0161ana verzija tradicionalnog sklopivog stolca za pla\u017eu od drva i platna, ali njegova struktura nije drvo, ve\u0107 aluminij. Ovo mijenja sve, \u010dini ga lak\u0161im i otpornijim na vremenske uvjete, ali i stiliziranijim. Zato jednako pristaje u neformalno okru\u017eenje na pla\u017ei kao i u elegantnu vanjsku blagovaonicu.<\/p>\n","protected":false},"excerpt":{"rendered":"<p>Clack! namje\u0161taj za terasu je pobolj\u0161ana verzija tradicionalnog sklopivog stolca za pla\u017eu od drva i platna, ali njegova struktura nije drvo, ve\u0107 aluminij. Ovo mijenja sve, \u010dini ga lak\u0161im i otpornijim na vremenske uvjete, ali i stiliziranijim. Zato jednako pristaje u neformalno okru\u017eenje na pla\u017ei kao i u elegantnu vanjsku blagovaonicu.<\/p>\n","protected":false},"featured_media":122385,"template":"","meta":{"_acf_changed":false},"product_brand":[],"product_cat":[3041,2105,2513,2061,2068,2073,2087,3115,3101,3105,3109,3113],"product_tag":[],"berocket_brand":[3224],"class_list":{"0":"post-123248","1":"product","2":"type-product","3":"status-publish","4":"has-post-thumbnail","6":"product_cat-horeca-prostori","7":"product_cat-javni","8":"product_cat-outdoor","9":"product_cat-proizvodi","10":"product_cat-prostori","11":"product_cat-rezidencijalni","12":"product_cat-stolice","13":"product_cat-stolice-za-vanjske-prostore-outdoor","14":"product_cat-stolice-za-vanjske-prostore","15":"product_cat-stolice-za-vanjske-prostore-horeca-prostori","16":"product_cat-stolice-za-vanjske-prostore-rezidencijalni","17":"product_cat-stolice-za-vanjske-prostore-javni","18":"berocket_brand-gandiablasco","20":"first","21":"instock","22":"product-type-grouped"},"acf":[],"_links":{"self":[{"href":"https:\/\/cernelic.hr\/en\/wp-json\/wp\/v2\/product\/123248","targetHints":{"allow":["GET"]}}],"collection":[{"href":"https:\/\/cernelic.hr\/en\/wp-json\/wp\/v2\/product"}],"about":[{"href":"https:\/\/cernelic.hr\/en\/wp-json\/wp\/v2\/types\/product"}],"wp:featuredmedia":[{"embeddable":true,"href":"https:\/\/cernelic.hr\/en\/wp-json\/wp\/v2\/media\/122385"}],"wp:attachment":[{"href":"https:\/\/cernelic.hr\/en\/wp-json\/wp\/v2\/media?parent=123248"}],"wp:term":[{"taxonomy":"product_brand","embeddable":true,"href":"https:\/\/cernelic.hr\/en\/wp-json\/wp\/v2\/product_brand?post=123248"},{"taxonomy":"product_cat","embeddable":true,"href":"https:\/\/cernelic.hr\/en\/wp-json\/wp\/v2\/product_cat?post=123248"},{"taxonomy":"product_tag","embeddable":true,"href":"https:\/\/cernelic.hr\/en\/wp-json\/wp\/v2\/product_tag?post=123248"},{"taxonomy":"berocket_brand","embeddable":true,"href":"https:\/\/cernelic.hr\/en\/wp-json\/wp\/v2\/berocket_brand?post=123248"}],"curies":[{"name":"wp","href":"https:\/\/api.w.org\/{rel}","templated":true}]}}

<p>Clack! namještaj za terasu je poboljšana verzija tradicionalnog sklopivog stolca za plažu od drva i platna, ali njegova struktura nije drvo, već aluminij. Ovo mijenja sve, čini ga lakšim i otpornijim na vremenske uvjete, ali i stiliziranijim. Zato jednako pristaje u neformalno okruženje na plaži kao i u elegantnu vanjsku blagovaonicu.</p>
