{"id":123254,"date":"2022-08-21T21:07:26","date_gmt":"2022-08-21T21:07:26","guid":{"rendered":"https:\/\/cernelic.hr\/proizvod\/bistroo-by-extremis\/"},"modified":"2023-12-08T10:08:21","modified_gmt":"2023-12-08T10:08:21","slug":"bistroo-by-extremis","status":"publish","type":"product","link":"https:\/\/cernelic.hr\/en\/proizvod\/bistroo-by-extremis\/","title":{"rendered":"BISTROO by Extremis"},"content":{"rendered":"<p>\u201eBistroo\u201c je inovacija na tr\u017ei\u0161tu: to je prakti\u010dan dvosjed otporan na vremenske uvjete. Pametan dizajn s tri noge \u010dini ga savr\u0161eno stabilnim na bilo kojoj povr\u0161ini, \u0161tovi\u0161e, lak\u0161e ga je slo\u017eiti i zaklju\u010dati od ve\u0107ine stolova i stolica. Extremis \u201eBistroo\u201c idealan je za male prostore poput kompaktnog restorana ili na malom gradskom balkonu.<\/p>\n","protected":false},"excerpt":{"rendered":"<p>\u201eBistroo\u201c je inovacija na tr\u017ei\u0161tu: to je prakti\u010dan dvosjed otporan na vremenske uvjete. Pametan dizajn s tri noge \u010dini ga savr\u0161eno stabilnim na bilo kojoj povr\u0161ini, \u0161tovi\u0161e, lak\u0161e ga je slo\u017eiti i zaklju\u010dati od ve\u0107ine stolova i stolica. Extremis \u201eBistroo\u201c idealan je za male prostore poput kompaktnog restorana ili na malom gradskom balkonu.<\/p>\n","protected":false},"featured_media":123287,"template":"","meta":{"_acf_changed":false},"product_brand":[],"product_cat":[3116,3041,2105,3127,3133,2513,2061,2068,2073,2087,3115,3101,3105,3109,3113,3141,2118,3135,3140,3215,3216,3237,3238],"product_tag":[],"berocket_brand":[3233],"class_list":{"0":"post-123254","1":"product","2":"type-product","3":"status-publish","4":"has-post-thumbnail","6":"product_cat-fotelje-garniture-proizvodi","7":"product_cat-horeca-prostori","8":"product_cat-javni","9":"product_cat-klupe-i-separei","10":"product_cat-klupe-i-separei-horeca-prostori","11":"product_cat-outdoor","12":"product_cat-proizvodi","13":"product_cat-prostori","14":"product_cat-rezidencijalni","15":"product_cat-stolice","16":"product_cat-stolice-za-vanjske-prostore-outdoor","17":"product_cat-stolice-za-vanjske-prostore","18":"product_cat-stolice-za-vanjske-prostore-horeca-prostori","19":"product_cat-stolice-za-vanjske-prostore-rezidencijalni","20":"product_cat-stolice-za-vanjske-prostore-javni","21":"product_cat-stolovi-outdoor","22":"product_cat-stolovi","23":"product_cat-stolovi-za-vanjske-prostore","24":"product_cat-stolovi-za-vanjske-prostore-javni","25":"product_cat-stolovi-za-vanjske-prostore-stolovi","26":"product_cat-stolovi-za-vanjske-prostore-rezidencijalni","27":"product_cat-urbana-oprema","28":"product_cat-urbana-oprema-outdoor","29":"berocket_brand-extremis","31":"first","32":"instock","33":"product-type-grouped"},"acf":[],"_links":{"self":[{"href":"https:\/\/cernelic.hr\/en\/wp-json\/wp\/v2\/product\/123254","targetHints":{"allow":["GET"]}}],"collection":[{"href":"https:\/\/cernelic.hr\/en\/wp-json\/wp\/v2\/product"}],"about":[{"href":"https:\/\/cernelic.hr\/en\/wp-json\/wp\/v2\/types\/product"}],"wp:featuredmedia":[{"embeddable":true,"href":"https:\/\/cernelic.hr\/en\/wp-json\/wp\/v2\/media\/123287"}],"wp:attachment":[{"href":"https:\/\/cernelic.hr\/en\/wp-json\/wp\/v2\/media?parent=123254"}],"wp:term":[{"taxonomy":"product_brand","embeddable":true,"href":"https:\/\/cernelic.hr\/en\/wp-json\/wp\/v2\/product_brand?post=123254"},{"taxonomy":"product_cat","embeddable":true,"href":"https:\/\/cernelic.hr\/en\/wp-json\/wp\/v2\/product_cat?post=123254"},{"taxonomy":"product_tag","embeddable":true,"href":"https:\/\/cernelic.hr\/en\/wp-json\/wp\/v2\/product_tag?post=123254"},{"taxonomy":"berocket_brand","embeddable":true,"href":"https:\/\/cernelic.hr\/en\/wp-json\/wp\/v2\/berocket_brand?post=123254"}],"curies":[{"name":"wp","href":"https:\/\/api.w.org\/{rel}","templated":true}]}}

<p>„Bistroo“ je inovacija na tržištu: to je praktičan dvosjed otporan na vremenske uvjete. Pametan dizajn s tri noge čini ga savršeno stabilnim na bilo kojoj površini, štoviše, lakše ga je složiti i zaključati od većine stolova i stolica. Extremis „Bistroo“ idealan je za male prostore poput kompaktnog restorana ili na malom gradskom balkonu.</p>
