{"id":123277,"date":"2022-08-21T21:11:12","date_gmt":"2022-08-21T21:11:12","guid":{"rendered":"https:\/\/cernelic.hr\/proizvod\/sticks-by-extremis\/"},"modified":"2023-12-08T10:11:03","modified_gmt":"2023-12-08T10:11:03","slug":"sticks-by-extremis","status":"publish","type":"product","link":"https:\/\/cernelic.hr\/en\/proizvod\/sticks-by-extremis\/","title":{"rendered":"STICKS by Extremis"},"content":{"rendered":"<p>Ova pregrada idealna je za stvaranje osje\u0107aja privatnosti u vrtu ili na balkonu bez gubitka osje\u0107aja slobode tipi\u010dnog za otvorene prostore. Koristite \u201eSticks\u201c u zatvorenom prostoru kako biste dizajn interijera u potpunosti prilagodili vlastitom ukusu. Mo\u017eete stvarati razli\u010dite stupnjeve transparentnosti, kombinacije boja ili razlike u duljini. Isporu\u010duje se s opcijskim no\u017eicama za osjetljive podove. Guma mo\u017ee uzrokovati mrlje na osjetljivim povr\u0161inama. Preporu\u010dujemo kori\u0161tenje stopala ako se nalaze u zatvorenom prostoru. Koristite drvenu podlogu na tepihu.<\/p>\n","protected":false},"excerpt":{"rendered":"<p>Ova pregrada idealna je za stvaranje osje\u0107aja privatnosti u vrtu ili na balkonu bez gubitka osje\u0107aja slobode tipi\u010dnog za otvorene prostore. Koristite \u201eSticks\u201c u zatvorenom prostoru kako biste dizajn interijera u potpunosti prilagodili vlastitom ukusu. Mo\u017eete stvarati razli\u010dite stupnjeve transparentnosti, kombinacije boja ili razlike u duljini. Isporu\u010duje se s opcijskim no\u017eicama za osjetljive podove. Guma [&hellip;]<\/p>\n","protected":false},"featured_media":123310,"template":"","meta":{"_acf_changed":false},"product_brand":[],"product_cat":[3041,2105,3253,2513,3258,2061,2068,2073,2092,3256,2212,3257,3254,3255],"product_tag":[],"berocket_brand":[3233],"class_list":{"0":"post-123277","1":"product","2":"type-product","3":"status-publish","4":"has-post-thumbnail","6":"product_cat-horeca-prostori","7":"product_cat-javni","8":"product_cat-mobilni-paravani","9":"product_cat-outdoor","10":"product_cat-paravani-i-separatori","11":"product_cat-proizvodi","12":"product_cat-prostori","13":"product_cat-rezidencijalni","14":"product_cat-uredi","15":"product_cat-vrata-i-pregrade-rezidencijalni","16":"product_cat-vrata-i-pregrade","17":"product_cat-vrata-i-pregrade-javni","18":"product_cat-vrata-i-pregrade-uredi","19":"product_cat-vrata-i-pregrade-horeca-prostori","20":"berocket_brand-extremis","22":"first","23":"instock","24":"product-type-grouped"},"acf":[],"_links":{"self":[{"href":"https:\/\/cernelic.hr\/en\/wp-json\/wp\/v2\/product\/123277","targetHints":{"allow":["GET"]}}],"collection":[{"href":"https:\/\/cernelic.hr\/en\/wp-json\/wp\/v2\/product"}],"about":[{"href":"https:\/\/cernelic.hr\/en\/wp-json\/wp\/v2\/types\/product"}],"wp:featuredmedia":[{"embeddable":true,"href":"https:\/\/cernelic.hr\/en\/wp-json\/wp\/v2\/media\/123310"}],"wp:attachment":[{"href":"https:\/\/cernelic.hr\/en\/wp-json\/wp\/v2\/media?parent=123277"}],"wp:term":[{"taxonomy":"product_brand","embeddable":true,"href":"https:\/\/cernelic.hr\/en\/wp-json\/wp\/v2\/product_brand?post=123277"},{"taxonomy":"product_cat","embeddable":true,"href":"https:\/\/cernelic.hr\/en\/wp-json\/wp\/v2\/product_cat?post=123277"},{"taxonomy":"product_tag","embeddable":true,"href":"https:\/\/cernelic.hr\/en\/wp-json\/wp\/v2\/product_tag?post=123277"},{"taxonomy":"berocket_brand","embeddable":true,"href":"https:\/\/cernelic.hr\/en\/wp-json\/wp\/v2\/berocket_brand?post=123277"}],"curies":[{"name":"wp","href":"https:\/\/api.w.org\/{rel}","templated":true}]}}

<p>Ova pregrada idealna je za stvaranje osjećaja privatnosti u vrtu ili na balkonu bez gubitka osjećaja slobode tipičnog za otvorene prostore. Koristite „Sticks“ u zatvorenom prostoru kako biste dizajn interijera u potpunosti prilagodili vlastitom ukusu. Možete stvarati različite stupnjeve transparentnosti, kombinacije boja ili razlike u duljini. Isporučuje se s opcijskim nožicama za osjetljive podove. Guma može uzrokovati mrlje na osjetljivim površinama. Preporučujemo korištenje stopala ako se nalaze u zatvorenom prostoru. Koristite drvenu podlogu na tepihu.</p>

<p>Ova pregrada idealna je za stvaranje osjećaja privatnosti u vrtu ili na balkonu bez gubitka osjećaja slobode tipičnog za otvorene prostore. Koristite „Sticks“ u zatvorenom prostoru kako biste dizajn interijera u potpunosti prilagodili vlastitom ukusu. Možete stvarati različite stupnjeve transparentnosti, kombinacije boja ili razlike u duljini. Isporučuje se s opcijskim nožicama za osjetljive podove. Guma [&hellip;]</p>
