{"id":125974,"date":"2022-09-20T06:26:53","date_gmt":"2022-09-20T06:26:53","guid":{"rendered":"https:\/\/cernelic.hr\/proizvod\/conga-by-schonbuch\/"},"modified":"2023-12-08T11:10:00","modified_gmt":"2023-12-08T11:10:00","slug":"conga-by-schonbuch","status":"publish","type":"product","link":"https:\/\/cernelic.hr\/en\/proizvod\/conga-by-schonbuch\/","title":{"rendered":"CONGA by Sch\u00f6nbuch"},"content":{"rendered":"<p>Klasi\u010dni svestrani uredski namje\u0161taj. CONGA je prakti\u010dna komoda s cilindri\u010dnim ladicama koja je vrlo svestrana i zahvaljuju\u0107i svojim kota\u010di\u0107ima pri ruci je gdje god je trebate. Dolazi u tri visine \u2013 sve s istim promjerom \u2013 i s nizom mogu\u0107ih kombinacija ladica koje se mogu naru\u010diti sa ili bez unutarnjih pregrada. S nizom zavr\u0161nih obrada mat ili visokog sjaja nudi mnogo opcija za personalizaciju. Ravne ru\u010dke za ladice dostupne su u poliranom kromu ili s lakiranom zavr\u0161nom obradom koja odgovara ormari\u0107u. Uredan i uvijek spreman, CONGA je savr\u0161en uredski pomo\u0107nik.<\/p>\n","protected":false},"excerpt":{"rendered":"<p>Klasi\u010dni svestrani uredski namje\u0161taj. CONGA je prakti\u010dna komoda s cilindri\u010dnim ladicama koja je vrlo svestrana i zahvaljuju\u0107i svojim kota\u010di\u0107ima pri ruci je gdje god je trebate. Dolazi u tri visine \u2013 sve s istim promjerom \u2013 i s nizom mogu\u0107ih kombinacija ladica koje se mogu naru\u010diti sa ili bez unutarnjih pregrada. S nizom zavr\u0161nih obrada [&hellip;]<\/p>\n","protected":false},"featured_media":124931,"template":"","meta":{"_acf_changed":false},"product_brand":[],"product_cat":[3087,3041,3162,3080,3264,2171,3165,3166,2061,2068,2073,2092],"product_tag":[],"berocket_brand":[3259],"class_list":{"0":"post-125974","1":"product","2":"type-product","3":"status-publish","4":"has-post-thumbnail","6":"product_cat-home-office","7":"product_cat-horeca-prostori","8":"product_cat-komode","9":"product_cat-ladicari","10":"product_cat-namjestaj-za-odlaganje-i-arhiviranje-ormari","11":"product_cat-ormari-i-komode","12":"product_cat-ormari-i-komode-horeca-prostori","13":"product_cat-ormari-i-komode-rezidencijalni","14":"product_cat-proizvodi","15":"product_cat-prostori","16":"product_cat-rezidencijalni","17":"product_cat-uredi","18":"berocket_brand-schonbuch","20":"first","21":"instock","22":"product-type-grouped"},"acf":[],"_links":{"self":[{"href":"https:\/\/cernelic.hr\/en\/wp-json\/wp\/v2\/product\/125974","targetHints":{"allow":["GET"]}}],"collection":[{"href":"https:\/\/cernelic.hr\/en\/wp-json\/wp\/v2\/product"}],"about":[{"href":"https:\/\/cernelic.hr\/en\/wp-json\/wp\/v2\/types\/product"}],"wp:featuredmedia":[{"embeddable":true,"href":"https:\/\/cernelic.hr\/en\/wp-json\/wp\/v2\/media\/124931"}],"wp:attachment":[{"href":"https:\/\/cernelic.hr\/en\/wp-json\/wp\/v2\/media?parent=125974"}],"wp:term":[{"taxonomy":"product_brand","embeddable":true,"href":"https:\/\/cernelic.hr\/en\/wp-json\/wp\/v2\/product_brand?post=125974"},{"taxonomy":"product_cat","embeddable":true,"href":"https:\/\/cernelic.hr\/en\/wp-json\/wp\/v2\/product_cat?post=125974"},{"taxonomy":"product_tag","embeddable":true,"href":"https:\/\/cernelic.hr\/en\/wp-json\/wp\/v2\/product_tag?post=125974"},{"taxonomy":"berocket_brand","embeddable":true,"href":"https:\/\/cernelic.hr\/en\/wp-json\/wp\/v2\/berocket_brand?post=125974"}],"curies":[{"name":"wp","href":"https:\/\/api.w.org\/{rel}","templated":true}]}}

CONGA by Schönbuch

<p>Klasični svestrani uredski namještaj. CONGA je praktična komoda s cilindričnim ladicama koja je vrlo svestrana i zahvaljujući svojim kotačićima pri ruci je gdje god je trebate. Dolazi u tri visine – sve s istim promjerom – i s nizom mogućih kombinacija ladica koje se mogu naručiti sa ili bez unutarnjih pregrada. S nizom završnih obrada mat ili visokog sjaja nudi mnogo opcija za personalizaciju. Ravne ručke za ladice dostupne su u poliranom kromu ili s lakiranom završnom obradom koja odgovara ormariću. Uredan i uvijek spreman, CONGA je savršen uredski pomoćnik.</p>

<p>Klasični svestrani uredski namještaj. CONGA je praktična komoda s cilindričnim ladicama koja je vrlo svestrana i zahvaljujući svojim kotačićima pri ruci je gdje god je trebate. Dolazi u tri visine – sve s istim promjerom – i s nizom mogućih kombinacija ladica koje se mogu naručiti sa ili bez unutarnjih pregrada. S nizom završnih obrada [&hellip;]</p>
