{"id":125985,"date":"2022-09-20T06:26:53","date_gmt":"2022-09-20T06:26:53","guid":{"rendered":"https:\/\/cernelic.hr\/proizvod\/curve-by-schonbuch\/"},"modified":"2023-12-08T11:10:15","modified_gmt":"2023-12-08T11:10:15","slug":"curve-by-schonbuch","status":"publish","type":"product","link":"https:\/\/cernelic.hr\/en\/proizvod\/curve-by-schonbuch\/","title":{"rendered":"CURVE by Sch\u00f6nbuch"},"content":{"rendered":"<p>Schonbuch zidni stalak&#8230; Upe\u010datljiv u svojoj rezervi. CURVE vje\u0161alica za kapute kombinira impresivnu funkcionalnost s pametnim podcjenjivanjem. Premazani metalni okvir pri\u010dvr\u0161\u0107en je \u017eicom za zid. Kada se ne koristi, mo\u017ee se postaviti uspravno uza zid i pri\u010dvrstiti magnetom, ostavljaju\u0107i \u017eicu da se uvu\u010de. Minimalisti\u010dko rje\u0161enje dostupno je u dvije \u0161irine. Idealna za ure\u0111enje ureda, jednako dobra i za opremanje stanova, za vje\u0161anje kaputa u hodnicima ili odje\u0107e u spava\u0107im sobama i garderobama. \u0160tedi prostor a nudi sofisticiran izgled.<\/p>\n","protected":false},"excerpt":{"rendered":"<p>Schonbuch zidni stalak&#8230; Upe\u010datljiv u svojoj rezervi. CURVE vje\u0161alica za kapute kombinira impresivnu funkcionalnost s pametnim podcjenjivanjem. Premazani metalni okvir pri\u010dvr\u0161\u0107en je \u017eicom za zid. Kada se ne koristi, mo\u017ee se postaviti uspravno uza zid i pri\u010dvrstiti magnetom, ostavljaju\u0107i \u017eicu da se uvu\u010de. Minimalisti\u010dko rje\u0161enje dostupno je u dvije \u0161irine. Idealna za ure\u0111enje ureda, jednako [&hellip;]<\/p>\n","protected":false},"featured_media":124935,"template":"","meta":{"_acf_changed":false},"product_brand":[],"product_cat":[2514,3086,3249,3170,3071,3175,3078,3248,3147,2111,3041,2105,2085,3070,2061,2068,2073,2092],"product_tag":[],"berocket_brand":[3259],"class_list":{"0":"post-125985","1":"product","2":"type-product","3":"status-publish","4":"has-post-thumbnail","6":"product_cat-accessories","7":"product_cat-accessories-uredi","8":"product_cat-accessories-dvorane","9":"product_cat-accessories-rezidencijalni","10":"product_cat-accessories-proizvodi-accessories","11":"product_cat-accessories-horeca-prostori","12":"product_cat-accessories-namjestaj-za-urede","13":"product_cat-accessories-javni","14":"product_cat-accessories-za-unutarnje-prostore-accessories-proizvodi-accessories","15":"product_cat-dvorane","16":"product_cat-horeca-prostori","17":"product_cat-javni","18":"product_cat-namjestaj-za-urede","19":"product_cat-proizvodi-accessories","20":"product_cat-proizvodi","21":"product_cat-prostori","22":"product_cat-rezidencijalni","23":"product_cat-uredi","24":"berocket_brand-schonbuch","26":"first","27":"instock","28":"product-type-grouped"},"acf":[],"_links":{"self":[{"href":"https:\/\/cernelic.hr\/en\/wp-json\/wp\/v2\/product\/125985","targetHints":{"allow":["GET"]}}],"collection":[{"href":"https:\/\/cernelic.hr\/en\/wp-json\/wp\/v2\/product"}],"about":[{"href":"https:\/\/cernelic.hr\/en\/wp-json\/wp\/v2\/types\/product"}],"wp:featuredmedia":[{"embeddable":true,"href":"https:\/\/cernelic.hr\/en\/wp-json\/wp\/v2\/media\/124935"}],"wp:attachment":[{"href":"https:\/\/cernelic.hr\/en\/wp-json\/wp\/v2\/media?parent=125985"}],"wp:term":[{"taxonomy":"product_brand","embeddable":true,"href":"https:\/\/cernelic.hr\/en\/wp-json\/wp\/v2\/product_brand?post=125985"},{"taxonomy":"product_cat","embeddable":true,"href":"https:\/\/cernelic.hr\/en\/wp-json\/wp\/v2\/product_cat?post=125985"},{"taxonomy":"product_tag","embeddable":true,"href":"https:\/\/cernelic.hr\/en\/wp-json\/wp\/v2\/product_tag?post=125985"},{"taxonomy":"berocket_brand","embeddable":true,"href":"https:\/\/cernelic.hr\/en\/wp-json\/wp\/v2\/berocket_brand?post=125985"}],"curies":[{"name":"wp","href":"https:\/\/api.w.org\/{rel}","templated":true}]}}

CURVE by Schönbuch

<p>Schonbuch zidni stalak&#8230; Upečatljiv u svojoj rezervi. CURVE vješalica za kapute kombinira impresivnu funkcionalnost s pametnim podcjenjivanjem. Premazani metalni okvir pričvršćen je žicom za zid. Kada se ne koristi, može se postaviti uspravno uza zid i pričvrstiti magnetom, ostavljajući žicu da se uvuče. Minimalističko rješenje dostupno je u dvije širine. Idealna za uređenje ureda, jednako dobra i za opremanje stanova, za vješanje kaputa u hodnicima ili odjeće u spavaćim sobama i garderobama. Štedi prostor a nudi sofisticiran izgled.</p>

<p>Schonbuch zidni stalak&#8230; Upečatljiv u svojoj rezervi. CURVE vješalica za kapute kombinira impresivnu funkcionalnost s pametnim podcjenjivanjem. Premazani metalni okvir pričvršćen je žicom za zid. Kada se ne koristi, može se postaviti uspravno uza zid i pričvrstiti magnetom, ostavljajući žicu da se uvuče. Minimalističko rješenje dostupno je u dvije širine. Idealna za uređenje ureda, jednako [&hellip;]</p>
