{"id":125998,"date":"2022-09-20T06:27:42","date_gmt":"2022-09-20T06:27:42","guid":{"rendered":"https:\/\/cernelic.hr\/proizvod\/selma-by-schonbuch\/"},"modified":"2023-12-08T11:12:03","modified_gmt":"2023-12-08T11:12:03","slug":"selma-by-schonbuch","status":"publish","type":"product","link":"https:\/\/cernelic.hr\/en\/proizvod\/selma-by-schonbuch\/","title":{"rendered":"SELMA by Sch\u00f6nbuch"},"content":{"rendered":"<p>Stalak za kapute koji ukazuje na toplu dobrodo\u0161licu. SELMA je vje\u0161alica minimalisti\u010dkog dizajna. Karakteristi\u010dna kru\u017ena, potpuno lakirana polica savr\u0161eno je mjesto za torbe i druge dodatke. Podsje\u0107aju\u0107i na puristi\u010dku reinterpretaciju velikog pladnja u isto\u010dnja\u010dkom stilu, okvir je oblikovan od \u010deli\u010dnih cijevi i dostupan je u boji ru\u017einog drveta, sivo-bijeloj ili crnoj. Lako se premje\u0161ta zahvaljuju\u0107i svojim sinteti\u010dkim kota\u010di\u0107ima, SELMA je funkcionalna opcija za pohranu u hodnicima i sobama za goste; idealna za opremanje hotela, a \u010dak i prazna izgleda dobro.<\/p>\n","protected":false},"excerpt":{"rendered":"<p>Stalak za kapute koji ukazuje na toplu dobrodo\u0161licu. SELMA je vje\u0161alica minimalisti\u010dkog dizajna. Karakteristi\u010dna kru\u017ena, potpuno lakirana polica savr\u0161eno je mjesto za torbe i druge dodatke. Podsje\u0107aju\u0107i na puristi\u010dku reinterpretaciju velikog pladnja u isto\u010dnja\u010dkom stilu, okvir je oblikovan od \u010deli\u010dnih cijevi i dostupan je u boji ru\u017einog drveta, sivo-bijeloj ili crnoj. Lako se premje\u0161ta zahvaljuju\u0107i [&hellip;]<\/p>\n","protected":false},"featured_media":124974,"template":"","meta":{"_acf_changed":false},"product_brand":[],"product_cat":[3086,3249,3170,3071,3175,3078,3248,2514,3147,2111,3041,2105,2085,3070,2061,2068,2073,2092],"product_tag":[],"berocket_brand":[3259],"class_list":{"0":"post-125998","1":"product","2":"type-product","3":"status-publish","4":"has-post-thumbnail","6":"product_cat-accessories-uredi","7":"product_cat-accessories-dvorane","8":"product_cat-accessories-rezidencijalni","9":"product_cat-accessories-proizvodi-accessories","10":"product_cat-accessories-horeca-prostori","11":"product_cat-accessories-namjestaj-za-urede","12":"product_cat-accessories-javni","13":"product_cat-accessories","14":"product_cat-accessories-za-unutarnje-prostore-accessories-proizvodi-accessories","15":"product_cat-dvorane","16":"product_cat-horeca-prostori","17":"product_cat-javni","18":"product_cat-namjestaj-za-urede","19":"product_cat-proizvodi-accessories","20":"product_cat-proizvodi","21":"product_cat-prostori","22":"product_cat-rezidencijalni","23":"product_cat-uredi","24":"berocket_brand-schonbuch","26":"first","27":"instock","28":"product-type-grouped"},"acf":[],"_links":{"self":[{"href":"https:\/\/cernelic.hr\/en\/wp-json\/wp\/v2\/product\/125998","targetHints":{"allow":["GET"]}}],"collection":[{"href":"https:\/\/cernelic.hr\/en\/wp-json\/wp\/v2\/product"}],"about":[{"href":"https:\/\/cernelic.hr\/en\/wp-json\/wp\/v2\/types\/product"}],"wp:featuredmedia":[{"embeddable":true,"href":"https:\/\/cernelic.hr\/en\/wp-json\/wp\/v2\/media\/124974"}],"wp:attachment":[{"href":"https:\/\/cernelic.hr\/en\/wp-json\/wp\/v2\/media?parent=125998"}],"wp:term":[{"taxonomy":"product_brand","embeddable":true,"href":"https:\/\/cernelic.hr\/en\/wp-json\/wp\/v2\/product_brand?post=125998"},{"taxonomy":"product_cat","embeddable":true,"href":"https:\/\/cernelic.hr\/en\/wp-json\/wp\/v2\/product_cat?post=125998"},{"taxonomy":"product_tag","embeddable":true,"href":"https:\/\/cernelic.hr\/en\/wp-json\/wp\/v2\/product_tag?post=125998"},{"taxonomy":"berocket_brand","embeddable":true,"href":"https:\/\/cernelic.hr\/en\/wp-json\/wp\/v2\/berocket_brand?post=125998"}],"curies":[{"name":"wp","href":"https:\/\/api.w.org\/{rel}","templated":true}]}}

SELMA by Schönbuch

<p>Stalak za kapute koji ukazuje na toplu dobrodošlicu. SELMA je vješalica minimalističkog dizajna. Karakteristična kružna, potpuno lakirana polica savršeno je mjesto za torbe i druge dodatke. Podsjećajući na purističku reinterpretaciju velikog pladnja u istočnjačkom stilu, okvir je oblikovan od čeličnih cijevi i dostupan je u boji ružinog drveta, sivo-bijeloj ili crnoj. Lako se premješta zahvaljujući svojim sintetičkim kotačićima, SELMA je funkcionalna opcija za pohranu u hodnicima i sobama za goste; idealna za opremanje hotela, a čak i prazna izgleda dobro.</p>

<p>Stalak za kapute koji ukazuje na toplu dobrodošlicu. SELMA je vješalica minimalističkog dizajna. Karakteristična kružna, potpuno lakirana polica savršeno je mjesto za torbe i druge dodatke. Podsjećajući na purističku reinterpretaciju velikog pladnja u istočnjačkom stilu, okvir je oblikovan od čeličnih cijevi i dostupan je u boji ružinog drveta, sivo-bijeloj ili crnoj. Lako se premješta zahvaljujući [&hellip;]</p>
