{"id":126025,"date":"2022-09-20T06:28:26","date_gmt":"2022-09-20T06:28:26","guid":{"rendered":"https:\/\/cernelic.hr\/proizvod\/charpai-daybed-bench-by-schonbuch\/"},"modified":"2023-12-08T11:09:48","modified_gmt":"2023-12-08T11:09:48","slug":"charpai-daybed-bench-by-schonbuch","status":"publish","type":"product","link":"https:\/\/cernelic.hr\/en\/proizvod\/charpai-daybed-bench-by-schonbuch\/","title":{"rendered":"CHARPAI Daybed Bench by Sch\u00f6nbuch"},"content":{"rendered":"<p>CHARPAI kreveti\u0107 je minimalisti\u010dki, vi\u0161enamjenski vrhunac interijera s jasnim, suvremenim dojmom. Inspiriran je tradicionalnim indijskim charpoyom, koji se koristi za sjedenje ili le\u017eanje. CHARPAI je izra\u0111en od punog hrasta i kompletiran prirodnim uljem ili lakom s kojim dolaze do izra\u017eaja prirodne pore drveta. S nizom boja koje mo\u017eete izabrati i tri ravna jastuka koja mo\u017eete rasporediti prema potrebi, lako je napraviti CHARPAI po svom ukusu. Jastuci mogu biti presvu\u010deni izborom izdr\u017eljivih, visokokvalitetnih tkanina i ko\u017ee. Veli\u010dine 200 x 70 cm, elegantan, puristi\u010dki krevet otvoren je poziv za duboka drijemanja, ali se tako\u0111er mo\u017ee koristiti kao klupa ili za odlaganje u hodnicima ili kao veliki pomo\u0107ni stoli\u0107 za \u010dasopise i knjige. Luksuzna, iznimno duboka klupa tako\u0111er dobro funkcionira u koorporativnim prostorijama pa je idealna za opremanje ureda ili ure\u0111enje hotela. Jedinstven dizajn za vi\u0161e namjena.<\/p>\n","protected":false},"excerpt":{"rendered":"<p>CHARPAI kreveti\u0107 je minimalisti\u010dki, vi\u0161enamjenski vrhunac interijera s jasnim, suvremenim dojmom. Inspiriran je tradicionalnim indijskim charpoyom, koji se koristi za sjedenje ili le\u017eanje. CHARPAI je izra\u0111en od punog hrasta i kompletiran prirodnim uljem ili lakom s kojim dolaze do izra\u017eaja prirodne pore drveta. S nizom boja koje mo\u017eete izabrati i tri ravna jastuka koja mo\u017eete [&hellip;]<\/p>\n","protected":false},"featured_media":124925,"template":"","meta":{"_acf_changed":false},"product_brand":[],"product_cat":[3221,3116,3041,2105,3127,3133,3138,3131,3132,2085,2061,2068,2073,3108,2092],"product_tag":[],"berocket_brand":[3259],"class_list":{"0":"post-126025","1":"product","2":"type-product","3":"status-publish","4":"has-post-thumbnail","6":"product_cat-co-working-namjestaj","7":"product_cat-fotelje-garniture-proizvodi","8":"product_cat-horeca-prostori","9":"product_cat-javni","10":"product_cat-klupe-i-separei","11":"product_cat-klupe-i-separei-horeca-prostori","12":"product_cat-namjestaj-za-cekaonice-javni","13":"product_cat-namjestaj-za-neformalne-sastanke-i-druzenje","14":"product_cat-namjestaj-za-predprostore-i-cekaone","15":"product_cat-namjestaj-za-urede","16":"product_cat-proizvodi","17":"product_cat-prostori","18":"product_cat-rezidencijalni","19":"product_cat-stolice-za-unutarnje-prostore-rezidencijalni","20":"product_cat-uredi","21":"berocket_brand-schonbuch","23":"first","24":"instock","25":"product-type-grouped"},"acf":[],"_links":{"self":[{"href":"https:\/\/cernelic.hr\/en\/wp-json\/wp\/v2\/product\/126025","targetHints":{"allow":["GET"]}}],"collection":[{"href":"https:\/\/cernelic.hr\/en\/wp-json\/wp\/v2\/product"}],"about":[{"href":"https:\/\/cernelic.hr\/en\/wp-json\/wp\/v2\/types\/product"}],"wp:featuredmedia":[{"embeddable":true,"href":"https:\/\/cernelic.hr\/en\/wp-json\/wp\/v2\/media\/124925"}],"wp:attachment":[{"href":"https:\/\/cernelic.hr\/en\/wp-json\/wp\/v2\/media?parent=126025"}],"wp:term":[{"taxonomy":"product_brand","embeddable":true,"href":"https:\/\/cernelic.hr\/en\/wp-json\/wp\/v2\/product_brand?post=126025"},{"taxonomy":"product_cat","embeddable":true,"href":"https:\/\/cernelic.hr\/en\/wp-json\/wp\/v2\/product_cat?post=126025"},{"taxonomy":"product_tag","embeddable":true,"href":"https:\/\/cernelic.hr\/en\/wp-json\/wp\/v2\/product_tag?post=126025"},{"taxonomy":"berocket_brand","embeddable":true,"href":"https:\/\/cernelic.hr\/en\/wp-json\/wp\/v2\/berocket_brand?post=126025"}],"curies":[{"name":"wp","href":"https:\/\/api.w.org\/{rel}","templated":true}]}}

CHARPAI Daybed Bench by Schönbuch

<p>CHARPAI krevetić je minimalistički, višenamjenski vrhunac interijera s jasnim, suvremenim dojmom. Inspiriran je tradicionalnim indijskim charpoyom, koji se koristi za sjedenje ili ležanje. CHARPAI je izrađen od punog hrasta i kompletiran prirodnim uljem ili lakom s kojim dolaze do izražaja prirodne pore drveta. S nizom boja koje možete izabrati i tri ravna jastuka koja možete rasporediti prema potrebi, lako je napraviti CHARPAI po svom ukusu. Jastuci mogu biti presvučeni izborom izdržljivih, visokokvalitetnih tkanina i kože. Veličine 200 x 70 cm, elegantan, puristički krevet otvoren je poziv za duboka drijemanja, ali se također može koristiti kao klupa ili za odlaganje u hodnicima ili kao veliki pomoćni stolić za časopise i knjige. Luksuzna, iznimno duboka klupa također dobro funkcionira u koorporativnim prostorijama pa je idealna za opremanje ureda ili uređenje hotela. Jedinstven dizajn za više namjena.</p>

<p>CHARPAI krevetić je minimalistički, višenamjenski vrhunac interijera s jasnim, suvremenim dojmom. Inspiriran je tradicionalnim indijskim charpoyom, koji se koristi za sjedenje ili ležanje. CHARPAI je izrađen od punog hrasta i kompletiran prirodnim uljem ili lakom s kojim dolaze do izražaja prirodne pore drveta. S nizom boja koje možete izabrati i tri ravna jastuka koja možete [&hellip;]</p>
