{"id":126066,"date":"2022-08-04T06:29:57","date_gmt":"2022-08-04T06:29:57","guid":{"rendered":"https:\/\/cernelic.hr\/proizvod\/savina-by-viccarbe\/"},"modified":"2023-12-08T11:25:46","modified_gmt":"2023-12-08T11:25:46","slug":"savina-by-viccarbe","status":"publish","type":"product","link":"https:\/\/cernelic.hr\/en\/proizvod\/savina-by-viccarbe\/","title":{"rendered":"SAVINA by Viccarbe"},"content":{"rendered":"<p>Savina se pridru\u017euje kolekciji namje\u0161taja kao modularni kolaborativni otok. Kolekcija sastavljena od fotelje, sofe i le\u017ealjke nudi kompletno rje\u0161enje za lounge sjedenje.<\/p>\n","protected":false},"excerpt":{"rendered":"<p>Savina se pridru\u017euje kolekciji namje\u0161taja kao modularni kolaborativni otok. Kolekcija sastavljena od fotelje, sofe i le\u017ealjke nudi kompletno rje\u0161enje za lounge sjedenje.<\/p>\n","protected":false},"featured_media":126602,"template":"","meta":{"_acf_changed":false},"product_brand":[],"product_cat":[2111,3116,3119,3117,3122,3123,3118,3120,3124,3121,3041,2105,2085,2061,2068,2073,3128,2092],"product_tag":[],"berocket_brand":[1158],"class_list":{"0":"post-126066","1":"product","2":"type-product","3":"status-publish","4":"has-post-thumbnail","6":"product_cat-dvorane","7":"product_cat-fotelje-garniture-proizvodi","8":"product_cat-fotelje-garniture-za-neformalne-sastanke","9":"product_cat-fotelje-i-garniture-unutarnje-prostore-fotelje-garniture-proizvodi","10":"product_cat-fotelje-i-garniture-unutarnje-prostore-rezidencijalni","11":"product_cat-fotelje-i-garniture-unutarnje-prostore-javni","12":"product_cat-fotelje-i-garniture-za-cekaone-i-predprostore","13":"product_cat-fotelje-i-garniture-za-sjedenje-uredi","14":"product_cat-fotelje-i-garniture-za-unutarnje-prostore-dvorane","15":"product_cat-fotelje-i-garniture-za-unutarnje-prostore-horeca-prostori","16":"product_cat-horeca-prostori","17":"product_cat-javni","18":"product_cat-namjestaj-za-urede","19":"product_cat-proizvodi","20":"product_cat-prostori","21":"product_cat-rezidencijalni","22":"product_cat-taburei-fotelje-garniture-proizvodi","23":"product_cat-uredi","24":"berocket_brand-viccarbe","26":"first","27":"instock","28":"product-type-grouped"},"acf":[],"_links":{"self":[{"href":"https:\/\/cernelic.hr\/en\/wp-json\/wp\/v2\/product\/126066","targetHints":{"allow":["GET"]}}],"collection":[{"href":"https:\/\/cernelic.hr\/en\/wp-json\/wp\/v2\/product"}],"about":[{"href":"https:\/\/cernelic.hr\/en\/wp-json\/wp\/v2\/types\/product"}],"wp:featuredmedia":[{"embeddable":true,"href":"https:\/\/cernelic.hr\/en\/wp-json\/wp\/v2\/media\/126602"}],"wp:attachment":[{"href":"https:\/\/cernelic.hr\/en\/wp-json\/wp\/v2\/media?parent=126066"}],"wp:term":[{"taxonomy":"product_brand","embeddable":true,"href":"https:\/\/cernelic.hr\/en\/wp-json\/wp\/v2\/product_brand?post=126066"},{"taxonomy":"product_cat","embeddable":true,"href":"https:\/\/cernelic.hr\/en\/wp-json\/wp\/v2\/product_cat?post=126066"},{"taxonomy":"product_tag","embeddable":true,"href":"https:\/\/cernelic.hr\/en\/wp-json\/wp\/v2\/product_tag?post=126066"},{"taxonomy":"berocket_brand","embeddable":true,"href":"https:\/\/cernelic.hr\/en\/wp-json\/wp\/v2\/berocket_brand?post=126066"}],"curies":[{"name":"wp","href":"https:\/\/api.w.org\/{rel}","templated":true}]}}

<p>Savina se pridružuje kolekciji namještaja kao modularni kolaborativni otok. Kolekcija sastavljena od fotelje, sofe i ležaljke nudi kompletno rješenje za lounge sjedenje.</p>
