{"id":128221,"date":"2022-10-24T06:43:52","date_gmt":"2022-10-24T06:43:52","guid":{"rendered":"https:\/\/cernelic.hr\/proizvod\/atom-by-barlow-tyrie\/"},"modified":"2023-12-08T12:01:29","modified_gmt":"2023-12-08T12:01:29","slug":"atom-by-barlow-tyrie","status":"publish","type":"product","link":"https:\/\/cernelic.hr\/en\/proizvod\/atom-by-barlow-tyrie\/","title":{"rendered":"ATOM by Barlow Tyrie"},"content":{"rendered":"<p>Atom je moderni, lagani namje\u0161taj za terasu sa\u010dinjen od tikovine. Stolica za vanjsku upotrebu ima oblik nagla\u0161en kosim naslonom sa prepoznatljivom kru\u017enom rupom. Ova prakti\u010dna zna\u010dajka omogu\u0107uje brzo pri\u010dvr\u0161\u0107ivanje jastuka. Jastuci su dostupni u izboru Sunbrella\u00ae boja.<\/p>\n","protected":false},"excerpt":{"rendered":"<p>Atom je moderni, lagani namje\u0161taj za terasu sa\u010dinjen od tikovine. Stolica za vanjsku upotrebu ima oblik nagla\u0161en kosim naslonom sa prepoznatljivom kru\u017enom rupom. Ova prakti\u010dna zna\u010dajka omogu\u0107uje brzo pri\u010dvr\u0161\u0107ivanje jastuka. Jastuci su dostupni u izboru Sunbrella\u00ae boja.<\/p>\n","protected":false},"featured_media":128092,"template":"","meta":{"_acf_changed":false},"product_brand":[],"product_cat":[2111,3116,3209,3321,3210,3322,3213,3323,3041,2105,2513,2061,2068,2073,3128],"product_tag":[],"berocket_brand":[3319],"class_list":{"0":"post-128221","1":"product","2":"type-product","3":"status-publish","4":"has-post-thumbnail","6":"product_cat-dvorane","7":"product_cat-fotelje-garniture-proizvodi","8":"product_cat-fotelje-i-garniture-za-vanjske-prostore","9":"product_cat-fotelje-i-garniture-za-vanjske-prostore-rezidencijalni","10":"product_cat-fotelje-i-garniture-za-vanjske-prostore-horeca-prostori","11":"product_cat-fotelje-i-garniture-za-vanjske-prostore-javni","12":"product_cat-fotelje-i-garniture-za-vanjske-prostore-dvorane","13":"product_cat-fotelje-i-garniture-za-vanjske-prostore-outdoor","14":"product_cat-horeca-prostori","15":"product_cat-javni","16":"product_cat-outdoor","17":"product_cat-proizvodi","18":"product_cat-prostori","19":"product_cat-rezidencijalni","20":"product_cat-taburei-fotelje-garniture-proizvodi","21":"berocket_brand-barlow-tyrie","23":"first","24":"instock","25":"product-type-grouped"},"acf":[],"_links":{"self":[{"href":"https:\/\/cernelic.hr\/en\/wp-json\/wp\/v2\/product\/128221","targetHints":{"allow":["GET"]}}],"collection":[{"href":"https:\/\/cernelic.hr\/en\/wp-json\/wp\/v2\/product"}],"about":[{"href":"https:\/\/cernelic.hr\/en\/wp-json\/wp\/v2\/types\/product"}],"wp:featuredmedia":[{"embeddable":true,"href":"https:\/\/cernelic.hr\/en\/wp-json\/wp\/v2\/media\/128092"}],"wp:attachment":[{"href":"https:\/\/cernelic.hr\/en\/wp-json\/wp\/v2\/media?parent=128221"}],"wp:term":[{"taxonomy":"product_brand","embeddable":true,"href":"https:\/\/cernelic.hr\/en\/wp-json\/wp\/v2\/product_brand?post=128221"},{"taxonomy":"product_cat","embeddable":true,"href":"https:\/\/cernelic.hr\/en\/wp-json\/wp\/v2\/product_cat?post=128221"},{"taxonomy":"product_tag","embeddable":true,"href":"https:\/\/cernelic.hr\/en\/wp-json\/wp\/v2\/product_tag?post=128221"},{"taxonomy":"berocket_brand","embeddable":true,"href":"https:\/\/cernelic.hr\/en\/wp-json\/wp\/v2\/berocket_brand?post=128221"}],"curies":[{"name":"wp","href":"https:\/\/api.w.org\/{rel}","templated":true}]}}

<p>Atom je moderni, lagani namještaj za terasu sačinjen od tikovine. Stolica za vanjsku upotrebu ima oblik naglašen kosim naslonom sa prepoznatljivom kružnom rupom. Ova praktična značajka omogućuje brzo pričvršćivanje jastuka. Jastuci su dostupni u izboru Sunbrella® boja.</p>
