{"id":128222,"date":"2022-10-24T06:43:52","date_gmt":"2022-10-24T06:43:52","guid":{"rendered":"https:\/\/cernelic.hr\/proizvod\/aura-deep-seating-by-barlow-tyrie\/"},"modified":"2023-12-08T12:01:30","modified_gmt":"2023-12-08T12:01:30","slug":"aura-deep-seating-by-barlow-tyrie","status":"publish","type":"product","link":"https:\/\/cernelic.hr\/en\/proizvod\/aura-deep-seating-by-barlow-tyrie\/","title":{"rendered":"AURA DEEP SEATING by Barlow Tyrie"},"content":{"rendered":"<p>Ova paleta modularnih dubokih sjede\u0107ih mjesta dostupna je u tri atraktivne boje. Okvir je od aluminija premazan prahom s podstavljenim naslonom presvu\u010denim u Textilene\u00ae.<br \/>\nNamje\u0161taj za terasu dostupan je u modulima s jednim, dva ili tri sjedala omogu\u0107uju\u0107i bilo koju konfiguraciju sjedala.<\/p>\n","protected":false},"excerpt":{"rendered":"<p>Ova paleta modularnih dubokih sjede\u0107ih mjesta dostupna je u tri atraktivne boje. Okvir je od aluminija premazan prahom s podstavljenim naslonom presvu\u010denim u Textilene\u00ae. Namje\u0161taj za terasu dostupan je u modulima s jednim, dva ili tri sjedala omogu\u0107uju\u0107i bilo koju konfiguraciju sjedala.<\/p>\n","protected":false},"featured_media":128093,"template":"","meta":{"_acf_changed":false},"product_brand":[],"product_cat":[2111,3116,3323,3209,3210,3321,3213,3322,3041,2105,2513,2061,2068,2073,3141,2118,3216,2143,3135,3140,3128],"product_tag":[],"berocket_brand":[3319],"class_list":{"0":"post-128222","1":"product","2":"type-product","3":"status-publish","4":"has-post-thumbnail","6":"product_cat-dvorane","7":"product_cat-fotelje-garniture-proizvodi","8":"product_cat-fotelje-i-garniture-za-vanjske-prostore-outdoor","9":"product_cat-fotelje-i-garniture-za-vanjske-prostore","10":"product_cat-fotelje-i-garniture-za-vanjske-prostore-horeca-prostori","11":"product_cat-fotelje-i-garniture-za-vanjske-prostore-rezidencijalni","12":"product_cat-fotelje-i-garniture-za-vanjske-prostore-dvorane","13":"product_cat-fotelje-i-garniture-za-vanjske-prostore-javni","14":"product_cat-horeca-prostori","15":"product_cat-javni","16":"product_cat-outdoor","17":"product_cat-proizvodi","18":"product_cat-prostori","19":"product_cat-rezidencijalni","20":"product_cat-stolovi-outdoor","21":"product_cat-stolovi","22":"product_cat-stolovi-za-vanjske-prostore-rezidencijalni","23":"product_cat-proizvodi-stolovi-stolovi-za-vanjske-prostore","24":"product_cat-stolovi-za-vanjske-prostore","25":"product_cat-stolovi-za-vanjske-prostore-javni","26":"product_cat-taburei-fotelje-garniture-proizvodi","27":"berocket_brand-barlow-tyrie","29":"first","30":"instock","31":"product-type-grouped"},"acf":[],"_links":{"self":[{"href":"https:\/\/cernelic.hr\/en\/wp-json\/wp\/v2\/product\/128222","targetHints":{"allow":["GET"]}}],"collection":[{"href":"https:\/\/cernelic.hr\/en\/wp-json\/wp\/v2\/product"}],"about":[{"href":"https:\/\/cernelic.hr\/en\/wp-json\/wp\/v2\/types\/product"}],"wp:featuredmedia":[{"embeddable":true,"href":"https:\/\/cernelic.hr\/en\/wp-json\/wp\/v2\/media\/128093"}],"wp:attachment":[{"href":"https:\/\/cernelic.hr\/en\/wp-json\/wp\/v2\/media?parent=128222"}],"wp:term":[{"taxonomy":"product_brand","embeddable":true,"href":"https:\/\/cernelic.hr\/en\/wp-json\/wp\/v2\/product_brand?post=128222"},{"taxonomy":"product_cat","embeddable":true,"href":"https:\/\/cernelic.hr\/en\/wp-json\/wp\/v2\/product_cat?post=128222"},{"taxonomy":"product_tag","embeddable":true,"href":"https:\/\/cernelic.hr\/en\/wp-json\/wp\/v2\/product_tag?post=128222"},{"taxonomy":"berocket_brand","embeddable":true,"href":"https:\/\/cernelic.hr\/en\/wp-json\/wp\/v2\/berocket_brand?post=128222"}],"curies":[{"name":"wp","href":"https:\/\/api.w.org\/{rel}","templated":true}]}}

<p>Ova paleta modularnih dubokih sjedećih mjesta dostupna je u tri atraktivne boje. Okvir je od aluminija premazan prahom s podstavljenim naslonom presvučenim u Textilene®.<br />
Namještaj za terasu dostupan je u modulima s jednim, dva ili tri sjedala omogućujući bilo koju konfiguraciju sjedala.</p>

<p>Ova paleta modularnih dubokih sjedećih mjesta dostupna je u tri atraktivne boje. Okvir je od aluminija premazan prahom s podstavljenim naslonom presvučenim u Textilene®. Namještaj za terasu dostupan je u modulima s jednim, dva ili tri sjedala omogućujući bilo koju konfiguraciju sjedala.</p>
