{"id":128258,"date":"2022-10-24T06:45:16","date_gmt":"2022-10-24T06:45:16","guid":{"rendered":"https:\/\/cernelic.hr\/proizvod\/storage-chests-by-barlow-tyrie\/"},"modified":"2023-12-08T12:03:07","modified_gmt":"2023-12-08T12:03:07","slug":"storage-chests-by-barlow-tyrie","status":"publish","type":"product","link":"https:\/\/cernelic.hr\/en\/proizvod\/storage-chests-by-barlow-tyrie\/","title":{"rendered":"STORAGE CHESTS by Barlow Tyrie"},"content":{"rendered":"<p>Ove velike, lijepo izra\u0111ene \u0161krinje za terasu otporne su na vremenske uvjete; s vrhom i stranama zabrtvljenim Sikaflex\u00ae poliuretanom, brtvilom za brodsku palubu. \u0160krinje su ventilirane i imaju mjedenu bravu za sigurnost. Dno \u0161krinje sprje\u010dava ulazak insekata, ali se lako uklanja radi \u010di\u0161\u0107enja, a otvaranje i zatvaranje poklopca \u0161krinje je olak\u0161ano plinskim podupira\u010dima.<\/p>\n","protected":false},"excerpt":{"rendered":"<p>Ove velike, lijepo izra\u0111ene \u0161krinje za terasu otporne su na vremenske uvjete; s vrhom i stranama zabrtvljenim Sikaflex\u00ae poliuretanom, brtvilom za brodsku palubu. \u0160krinje su ventilirane i imaju mjedenu bravu za sigurnost. Dno \u0161krinje sprje\u010dava ulazak insekata, ali se lako uklanja radi \u010di\u0161\u0107enja, a otvaranje i zatvaranje poklopca \u0161krinje je olak\u0161ano plinskim podupira\u010dima.<\/p>\n","protected":false},"featured_media":128129,"template":"","meta":{"_acf_changed":false},"product_brand":[],"product_cat":[3334,3248,2514,3170,3175,3247,3041,2105,3162,2171,3165,3166,2513,2061,2068,2073],"product_tag":[],"berocket_brand":[3319],"class_list":{"0":"post-128258","1":"product","2":"type-product","3":"status-publish","4":"has-post-thumbnail","6":"product_cat-accesories","7":"product_cat-accessories-javni","8":"product_cat-accessories","9":"product_cat-accessories-rezidencijalni","10":"product_cat-accessories-horeca-prostori","11":"product_cat-accessories-za-vanjske-prostore","12":"product_cat-horeca-prostori","13":"product_cat-javni","14":"product_cat-komode","15":"product_cat-ormari-i-komode","16":"product_cat-ormari-i-komode-horeca-prostori","17":"product_cat-ormari-i-komode-rezidencijalni","18":"product_cat-outdoor","19":"product_cat-proizvodi","20":"product_cat-prostori","21":"product_cat-rezidencijalni","22":"berocket_brand-barlow-tyrie","24":"first","25":"instock","26":"product-type-grouped"},"acf":[],"_links":{"self":[{"href":"https:\/\/cernelic.hr\/en\/wp-json\/wp\/v2\/product\/128258","targetHints":{"allow":["GET"]}}],"collection":[{"href":"https:\/\/cernelic.hr\/en\/wp-json\/wp\/v2\/product"}],"about":[{"href":"https:\/\/cernelic.hr\/en\/wp-json\/wp\/v2\/types\/product"}],"wp:featuredmedia":[{"embeddable":true,"href":"https:\/\/cernelic.hr\/en\/wp-json\/wp\/v2\/media\/128129"}],"wp:attachment":[{"href":"https:\/\/cernelic.hr\/en\/wp-json\/wp\/v2\/media?parent=128258"}],"wp:term":[{"taxonomy":"product_brand","embeddable":true,"href":"https:\/\/cernelic.hr\/en\/wp-json\/wp\/v2\/product_brand?post=128258"},{"taxonomy":"product_cat","embeddable":true,"href":"https:\/\/cernelic.hr\/en\/wp-json\/wp\/v2\/product_cat?post=128258"},{"taxonomy":"product_tag","embeddable":true,"href":"https:\/\/cernelic.hr\/en\/wp-json\/wp\/v2\/product_tag?post=128258"},{"taxonomy":"berocket_brand","embeddable":true,"href":"https:\/\/cernelic.hr\/en\/wp-json\/wp\/v2\/berocket_brand?post=128258"}],"curies":[{"name":"wp","href":"https:\/\/api.w.org\/{rel}","templated":true}]}}

<p>Ove velike, lijepo izrađene škrinje za terasu otporne su na vremenske uvjete; s vrhom i stranama zabrtvljenim Sikaflex® poliuretanom, brtvilom za brodsku palubu. Škrinje su ventilirane i imaju mjedenu bravu za sigurnost. Dno škrinje sprječava ulazak insekata, ali se lako uklanja radi čišćenja, a otvaranje i zatvaranje poklopca škrinje je olakšano plinskim podupiračima.</p>
