{"id":128261,"date":"2022-10-24T06:45:16","date_gmt":"2022-10-24T06:45:16","guid":{"rendered":"https:\/\/cernelic.hr\/proizvod\/woodland-screens-by-barlow-tyrie\/"},"modified":"2023-12-08T12:03:13","modified_gmt":"2023-12-08T12:03:13","slug":"woodland-screens-by-barlow-tyrie","status":"publish","type":"product","link":"https:\/\/cernelic.hr\/en\/proizvod\/woodland-screens-by-barlow-tyrie\/","title":{"rendered":"WOODLAND SCREENS by Barlow Tyrie"},"content":{"rendered":"<p>Woodland Screen dizajnirali su nagra\u0111ivani me\u0111unarodni dizajneri Andrew Jones i Nathalie de Leval. Ovi paravani za terase stvaraju ve\u0107u intimu i zatvorenost za va\u0161 prostor za sjedenje ili odmaranje. Lagani nasumi\u010dni uzorak letvica od tikovine sa zaobljenim mekim rubovima i nogama u obliku kamena inspiriran je prirodom i stvara atmosferu prirodne, za\u0161ti\u0107ene osame.<\/p>\n","protected":false},"excerpt":{"rendered":"<p>Woodland Screen dizajnirali su nagra\u0111ivani me\u0111unarodni dizajneri Andrew Jones i Nathalie de Leval. Ovi paravani za terase stvaraju ve\u0107u intimu i zatvorenost za va\u0161 prostor za sjedenje ili odmaranje. Lagani nasumi\u010dni uzorak letvica od tikovine sa zaobljenim mekim rubovima i nogama u obliku kamena inspiriran je prirodom i stvara atmosferu prirodne, za\u0161ti\u0107ene osame.<\/p>\n","protected":false},"featured_media":128132,"template":"","meta":{"_acf_changed":false},"product_brand":[],"product_cat":[2514,3247,3041,2105,3253,2513,3258,2061,2068,2073,3257,2212,3255,3256],"product_tag":[],"berocket_brand":[3319],"class_list":{"0":"post-128261","1":"product","2":"type-product","3":"status-publish","4":"has-post-thumbnail","6":"product_cat-accessories","7":"product_cat-accessories-za-vanjske-prostore","8":"product_cat-horeca-prostori","9":"product_cat-javni","10":"product_cat-mobilni-paravani","11":"product_cat-outdoor","12":"product_cat-paravani-i-separatori","13":"product_cat-proizvodi","14":"product_cat-prostori","15":"product_cat-rezidencijalni","16":"product_cat-vrata-i-pregrade-javni","17":"product_cat-vrata-i-pregrade","18":"product_cat-vrata-i-pregrade-horeca-prostori","19":"product_cat-vrata-i-pregrade-rezidencijalni","20":"berocket_brand-barlow-tyrie","22":"first","23":"instock","24":"product-type-grouped"},"acf":[],"_links":{"self":[{"href":"https:\/\/cernelic.hr\/en\/wp-json\/wp\/v2\/product\/128261","targetHints":{"allow":["GET"]}}],"collection":[{"href":"https:\/\/cernelic.hr\/en\/wp-json\/wp\/v2\/product"}],"about":[{"href":"https:\/\/cernelic.hr\/en\/wp-json\/wp\/v2\/types\/product"}],"wp:featuredmedia":[{"embeddable":true,"href":"https:\/\/cernelic.hr\/en\/wp-json\/wp\/v2\/media\/128132"}],"wp:attachment":[{"href":"https:\/\/cernelic.hr\/en\/wp-json\/wp\/v2\/media?parent=128261"}],"wp:term":[{"taxonomy":"product_brand","embeddable":true,"href":"https:\/\/cernelic.hr\/en\/wp-json\/wp\/v2\/product_brand?post=128261"},{"taxonomy":"product_cat","embeddable":true,"href":"https:\/\/cernelic.hr\/en\/wp-json\/wp\/v2\/product_cat?post=128261"},{"taxonomy":"product_tag","embeddable":true,"href":"https:\/\/cernelic.hr\/en\/wp-json\/wp\/v2\/product_tag?post=128261"},{"taxonomy":"berocket_brand","embeddable":true,"href":"https:\/\/cernelic.hr\/en\/wp-json\/wp\/v2\/berocket_brand?post=128261"}],"curies":[{"name":"wp","href":"https:\/\/api.w.org\/{rel}","templated":true}]}}

<p>Woodland Screen dizajnirali su nagrađivani međunarodni dizajneri Andrew Jones i Nathalie de Leval. Ovi paravani za terase stvaraju veću intimu i zatvorenost za vaš prostor za sjedenje ili odmaranje. Lagani nasumični uzorak letvica od tikovine sa zaobljenim mekim rubovima i nogama u obliku kamena inspiriran je prirodom i stvara atmosferu prirodne, zaštićene osame.</p>
