{"id":92147,"date":"2021-03-19T12:05:24","date_gmt":"2021-03-19T12:05:24","guid":{"rendered":"https:\/\/cernelic.hr\/katalog\/Bez%20kategorije\/aire-outdoor-by-andreu-world-2\/"},"modified":"2024-02-05T12:34:45","modified_gmt":"2024-02-05T12:34:45","slug":"aire-outdoor-by-andreu-world","status":"publish","type":"product","link":"https:\/\/cernelic.hr\/en\/proizvod\/aire-outdoor-by-andreu-world\/","title":{"rendered":"AIRE OUTDOOR by Andreu World"},"content":{"rendered":"<p>\u201eAire Outdoor\u201c namje\u0161taj za terasu sastoji se od stolica i le\u017ealjki. Kori\u0161tenje tehnologije daje ovom dizajnu lagan, suptilan i balansiran karakter, koji se prilago\u0111ava mnogim tipovima vanjskog okoli\u0161a, idealno za opremanje hotela ili opremanje ku\u0107a. Razvijen u skladu s najvi\u0161im standardima kvalitete za materijale poput ubrizganih aluminijskih elemenata u kombinaciji s ekstrudiranom aluminijskom okvirom i \u010deli\u010dnim plo\u0161nim postoljem s antioksidacijskom molekularnom obradom EPL5 i samonosivom mre\u017eastom tkaninom, osiguravaju\u0107i njegovu trajnost, udobnost i jednostavno odr\u017eavanje. Kolekcija nudi EPL5 fini\u0161e u sme\u0111oj i bijeloj boji, a sjede\u0107u ispunu u bijeloj, grafitnoj, sivoj i tamnoj sivoj, te u boji pijeska. Ove udobne stolice i le\u017ealjke dostupne su s dodatkom jastuka za svaku verziju. Le\u017ealjke, s dizajnom \u010distih linija koje prenose mirno\u0107u i lako\u0107u, izra\u0111ene su od izdr\u017eljivog aluminija i \u010deli\u010dnog okvira, i nude pomi\u010dni naslon za le\u0111a kao i mogu\u0107nost dodatnih drvenih kota\u010da.<\/p>\n","protected":false},"excerpt":{"rendered":"<p>\u201eAire Outdoor\u201c namje\u0161taj za terasu sastoji se od stolica i le\u017ealjki. Kori\u0161tenje tehnologije daje ovom dizajnu lagan, suptilan i balansiran karakter, koji se prilago\u0111ava mnogim tipovima vanjskog okoli\u0161a, idealno za opremanje hotela ili opremanje ku\u0107a. Razvijen u skladu s najvi\u0161im standardima kvalitete za materijale poput ubrizganih aluminijskih elemenata u kombinaciji s ekstrudiranom aluminijskom okvirom i [&hellip;]<\/p>\n","protected":false},"featured_media":41170,"template":"","meta":{"_acf_changed":false},"product_brand":[],"product_cat":[2062,2513,2061,2066,2068,2071,2072,2070,2079,2081,2080,2074,2076,2075,2073],"product_tag":[],"berocket_brand":[518],"class_list":{"0":"post-92147","1":"product","2":"type-product","3":"status-publish","4":"has-post-thumbnail","6":"product_cat-fotelje-i-garniture-za-sjedenje","7":"product_cat-outdoor","8":"product_cat-proizvodi","9":"product_cat-proizvodi-fotelje-garniture-fotelje-i-garniture-za-vanjske-prostore","10":"product_cat-prostori","11":"product_cat-prostori-horeca-fotelje-i-garniture-za-vanjske-prostore","12":"product_cat-prostori-horeca-lezaljke","13":"product_cat-prostori-horeca-stolice-za-vanjske-prostore","14":"product_cat-prostori-outdoor-fotelje-i-garniture-za-vanjske-prostore","15":"product_cat-prostori-outdoor-lezaljke","16":"product_cat-prostori-outdoor-stolice-za-vanjske-prostore","17":"product_cat-prostori-rezidencijalni-fotelje-i-garniture-za-vanjske-prostore","18":"product_cat-prostori-rezidencijalni-lezaljke","19":"product_cat-prostori-rezidencijalni-stolice-za-vanjske-prostore","20":"product_cat-rezidencijalni","21":"berocket_brand-andreu-world","23":"first","24":"instock","25":"product-type-grouped"},"acf":[],"_links":{"self":[{"href":"https:\/\/cernelic.hr\/en\/wp-json\/wp\/v2\/product\/92147","targetHints":{"allow":["GET"]}}],"collection":[{"href":"https:\/\/cernelic.hr\/en\/wp-json\/wp\/v2\/product"}],"about":[{"href":"https:\/\/cernelic.hr\/en\/wp-json\/wp\/v2\/types\/product"}],"wp:featuredmedia":[{"embeddable":true,"href":"https:\/\/cernelic.hr\/en\/wp-json\/wp\/v2\/media\/41170"}],"wp:attachment":[{"href":"https:\/\/cernelic.hr\/en\/wp-json\/wp\/v2\/media?parent=92147"}],"wp:term":[{"taxonomy":"product_brand","embeddable":true,"href":"https:\/\/cernelic.hr\/en\/wp-json\/wp\/v2\/product_brand?post=92147"},{"taxonomy":"product_cat","embeddable":true,"href":"https:\/\/cernelic.hr\/en\/wp-json\/wp\/v2\/product_cat?post=92147"},{"taxonomy":"product_tag","embeddable":true,"href":"https:\/\/cernelic.hr\/en\/wp-json\/wp\/v2\/product_tag?post=92147"},{"taxonomy":"berocket_brand","embeddable":true,"href":"https:\/\/cernelic.hr\/en\/wp-json\/wp\/v2\/berocket_brand?post=92147"}],"curies":[{"name":"wp","href":"https:\/\/api.w.org\/{rel}","templated":true}]}}

<p>„Aire Outdoor“ namještaj za terasu sastoji se od stolica i ležaljki. Korištenje tehnologije daje ovom dizajnu lagan, suptilan i balansiran karakter, koji se prilagođava mnogim tipovima vanjskog okoliša, idealno za opremanje hotela ili opremanje kuća. Razvijen u skladu s najvišim standardima kvalitete za materijale poput ubrizganih aluminijskih elemenata u kombinaciji s ekstrudiranom aluminijskom okvirom i čeličnim plošnim postoljem s antioksidacijskom molekularnom obradom EPL5 i samonosivom mrežastom tkaninom, osiguravajući njegovu trajnost, udobnost i jednostavno održavanje. Kolekcija nudi EPL5 finiše u smeđoj i bijeloj boji, a sjedeću ispunu u bijeloj, grafitnoj, sivoj i tamnoj sivoj, te u boji pijeska. Ove udobne stolice i ležaljke dostupne su s dodatkom jastuka za svaku verziju. Ležaljke, s dizajnom čistih linija koje prenose mirnoću i lakoću, izrađene su od izdržljivog aluminija i čeličnog okvira, i nude pomični naslon za leđa kao i mogućnost dodatnih drvenih kotača.</p>

<p>„Aire Outdoor“ namještaj za terasu sastoji se od stolica i ležaljki. Korištenje tehnologije daje ovom dizajnu lagan, suptilan i balansiran karakter, koji se prilagođava mnogim tipovima vanjskog okoliša, idealno za opremanje hotela ili opremanje kuća. Razvijen u skladu s najvišim standardima kvalitete za materijale poput ubrizganih aluminijskih elemenata u kombinaciji s ekstrudiranom aluminijskom okvirom i [&hellip;]</p>
