{"id":92151,"date":"2021-03-19T12:05:24","date_gmt":"2021-03-19T12:05:24","guid":{"rendered":"https:\/\/cernelic.hr\/katalog\/Bez%20kategorije\/arc-table-by-andreu-world-2\/"},"modified":"2023-12-08T04:12:23","modified_gmt":"2023-12-08T04:12:23","slug":"arc-table-by-andreu-world","status":"publish","type":"product","link":"https:\/\/cernelic.hr\/en\/proizvod\/arc-table-by-andreu-world\/","title":{"rendered":"ARC TABLE by Andreu World"},"content":{"rendered":"<p>\u201eArc Table\u201c uredski stol predstavlja idealnu kombinaciju izme\u0111u funkcije i estetike. Izra\u0111en od hrastovine, zra\u010di blago\u0161\u0107u i savr\u0161eno se integrira sa svakom garniturom za sjedenje, naslonja\u010dem ili komadom namje\u0161taja kojemu treba suptilan diferencijalni element. Dostupan je u razli\u010ditim nijansama drva ili je lakiran, sve kako bi se uklopio ili tvorio kontrast namje\u0161taju s kojim tvori cjelinu. Savr\u0161eni je komplement, koji daje ritam prostorima poput kancelarija ili kao individualni element u cilju stvaranja dinami\u010dnih salonskih rje\u0161enja s toplim dodirom drva.<\/p>\n","protected":false},"excerpt":{"rendered":"<p>\u201eArc Table\u201c uredski stol predstavlja idealnu kombinaciju izme\u0111u funkcije i estetike. Izra\u0111en od hrastovine, zra\u010di blago\u0161\u0107u i savr\u0161eno se integrira sa svakom garniturom za sjedenje, naslonja\u010dem ili komadom namje\u0161taja kojemu treba suptilan diferencijalni element. Dostupan je u razli\u010ditim nijansama drva ili je lakiran, sve kako bi se uklopio ili tvorio kontrast namje\u0161taju s kojim tvori [&hellip;]<\/p>\n","protected":false},"featured_media":109387,"template":"","meta":{"_acf_changed":false},"product_brand":[],"product_cat":[2119,2061,2068,2120,2121,2095,2073,2118,2092],"product_tag":[],"berocket_brand":[518],"class_list":{"0":"post-92151","1":"product","2":"type-product","3":"status-publish","4":"has-post-thumbnail","6":"product_cat-proizvodi-stolovi-niski-stolovi-za-unutarnje-prostore","7":"product_cat-proizvodi","8":"product_cat-prostori","9":"product_cat-prostori-horeca-namjestaj-za-hotelske-sobe","10":"product_cat-prostori-rezidencijalni-niski-klubski-stolici-za-unutarnje-prostore","11":"product_cat-prostori-uredi-namjestaj-za-neformalne-sastanke-i-druzenje","12":"product_cat-rezidencijalni","13":"product_cat-stolovi","14":"product_cat-uredi","15":"berocket_brand-andreu-world","17":"first","18":"instock","19":"product-type-grouped"},"acf":[],"_links":{"self":[{"href":"https:\/\/cernelic.hr\/en\/wp-json\/wp\/v2\/product\/92151","targetHints":{"allow":["GET"]}}],"collection":[{"href":"https:\/\/cernelic.hr\/en\/wp-json\/wp\/v2\/product"}],"about":[{"href":"https:\/\/cernelic.hr\/en\/wp-json\/wp\/v2\/types\/product"}],"wp:featuredmedia":[{"embeddable":true,"href":"https:\/\/cernelic.hr\/en\/wp-json\/wp\/v2\/media\/109387"}],"wp:attachment":[{"href":"https:\/\/cernelic.hr\/en\/wp-json\/wp\/v2\/media?parent=92151"}],"wp:term":[{"taxonomy":"product_brand","embeddable":true,"href":"https:\/\/cernelic.hr\/en\/wp-json\/wp\/v2\/product_brand?post=92151"},{"taxonomy":"product_cat","embeddable":true,"href":"https:\/\/cernelic.hr\/en\/wp-json\/wp\/v2\/product_cat?post=92151"},{"taxonomy":"product_tag","embeddable":true,"href":"https:\/\/cernelic.hr\/en\/wp-json\/wp\/v2\/product_tag?post=92151"},{"taxonomy":"berocket_brand","embeddable":true,"href":"https:\/\/cernelic.hr\/en\/wp-json\/wp\/v2\/berocket_brand?post=92151"}],"curies":[{"name":"wp","href":"https:\/\/api.w.org\/{rel}","templated":true}]}}

<p>„Arc Table“ uredski stol predstavlja idealnu kombinaciju između funkcije i estetike. Izrađen od hrastovine, zrači blagošću i savršeno se integrira sa svakom garniturom za sjedenje, naslonjačem ili komadom namještaja kojemu treba suptilan diferencijalni element. Dostupan je u različitim nijansama drva ili je lakiran, sve kako bi se uklopio ili tvorio kontrast namještaju s kojim tvori cjelinu. Savršeni je komplement, koji daje ritam prostorima poput kancelarija ili kao individualni element u cilju stvaranja dinamičnih salonskih rješenja s toplim dodirom drva.</p>

<p>„Arc Table“ uredski stol predstavlja idealnu kombinaciju između funkcije i estetike. Izrađen od hrastovine, zrači blagošću i savršeno se integrira sa svakom garniturom za sjedenje, naslonjačem ili komadom namještaja kojemu treba suptilan diferencijalni element. Dostupan je u različitim nijansama drva ili je lakiran, sve kako bi se uklopio ili tvorio kontrast namještaju s kojim tvori [&hellip;]</p>
