{"id":92159,"date":"2021-03-19T12:05:24","date_gmt":"2021-03-19T12:05:24","guid":{"rendered":"https:\/\/cernelic.hr\/katalog\/Bez%20kategorije\/closed-table-by-andreu-world-2\/"},"modified":"2023-12-07T15:50:48","modified_gmt":"2023-12-07T15:50:48","slug":"closed-table-by-andreu-world","status":"publish","type":"product","link":"https:\/\/cernelic.hr\/en\/proizvod\/closed-table-by-andreu-world\/","title":{"rendered":"CLOSED TABLE by Andreu World"},"content":{"rendered":"<p>\u201eClosed\u201c je obitelj stolova balansiranih proporcija, skulpturalnih oblika i tehni\u010dkih detalja koji ih \u010dine iznimnim dizajnom za ure\u0111enje javnih objekata. Dizajn i funkcionalnost spajaju se pomo\u0107u sustava integriranih veza \u010dime se posti\u017eu vrlo prilagodljivi komadi za svaki prostor. Uz \u0161iroki raspon mogu\u0107ih visina, \u0161irina i duljina, obitelj tako\u0111er nudi i klupu s jastucima. Svaki je stol sastavljen od 100% FSC certificiranog drva, pri \u010demu je kori\u0161teno veliko iskustvo pri obradi drva.<\/p>\n","protected":false},"excerpt":{"rendered":"<p>\u201eClosed\u201c je obitelj stolova balansiranih proporcija, skulpturalnih oblika i tehni\u010dkih detalja koji ih \u010dine iznimnim dizajnom za ure\u0111enje javnih objekata. Dizajn i funkcionalnost spajaju se pomo\u0107u sustava integriranih veza \u010dime se posti\u017eu vrlo prilagodljivi komadi za svaki prostor. Uz \u0161iroki raspon mogu\u0107ih visina, \u0161irina i duljina, obitelj tako\u0111er nudi i klupu s jastucima. Svaki je [&hellip;]<\/p>\n","protected":false},"featured_media":41190,"template":"","meta":{"_acf_changed":false},"product_brand":[],"product_cat":[2514,2105,2119,2061,2131,2068,2138,2140,2139,2137,2128,2095,2096,2073,2118,2132,2133,2135,2092,2136],"product_tag":[],"berocket_brand":[518],"class_list":{"0":"post-92159","1":"product","2":"type-product","3":"status-publish","4":"has-post-thumbnail","6":"product_cat-accessories","7":"product_cat-javni","8":"product_cat-proizvodi-stolovi-niski-stolovi-za-unutarnje-prostore","9":"product_cat-proizvodi","10":"product_cat-proizvodi-accessories-elektrifikacija-i-cable-management","11":"product_cat-prostori","12":"product_cat-prostori-horeca-stolovi-za-unutarnje-prostore","13":"product_cat-prostori-javni-stolovi-za-unutarnje-prostore","14":"product_cat-prostori-rezidencijalni-stolovi-za-unutarnje-prostore","15":"product_cat-prostori-uredi-home-office","16":"product_cat-prostori-uredi-namjestaj-za-kuhinje-i-kantine","17":"product_cat-prostori-uredi-namjestaj-za-neformalne-sastanke-i-druzenje","18":"product_cat-prostori-uredi-namjestaj-za-predprostore-i-cekaone","19":"product_cat-rezidencijalni","20":"product_cat-stolovi","21":"product_cat-proizvodi-stolovi-stolovi-za-kucni-ured","22":"product_cat-proizvodi-stolovi-stolovi-za-sastanke-i-konferencije","23":"product_cat-proizvodi-stolovi-stolovi-za-unutarnje-prostore","24":"product_cat-uredi","25":"product_cat-proizvodi-stolovi-visoki-barski-stolovi-za-unutarnje-prostore","26":"berocket_brand-andreu-world","28":"first","29":"instock","30":"product-type-grouped"},"acf":[],"_links":{"self":[{"href":"https:\/\/cernelic.hr\/en\/wp-json\/wp\/v2\/product\/92159","targetHints":{"allow":["GET"]}}],"collection":[{"href":"https:\/\/cernelic.hr\/en\/wp-json\/wp\/v2\/product"}],"about":[{"href":"https:\/\/cernelic.hr\/en\/wp-json\/wp\/v2\/types\/product"}],"wp:featuredmedia":[{"embeddable":true,"href":"https:\/\/cernelic.hr\/en\/wp-json\/wp\/v2\/media\/41190"}],"wp:attachment":[{"href":"https:\/\/cernelic.hr\/en\/wp-json\/wp\/v2\/media?parent=92159"}],"wp:term":[{"taxonomy":"product_brand","embeddable":true,"href":"https:\/\/cernelic.hr\/en\/wp-json\/wp\/v2\/product_brand?post=92159"},{"taxonomy":"product_cat","embeddable":true,"href":"https:\/\/cernelic.hr\/en\/wp-json\/wp\/v2\/product_cat?post=92159"},{"taxonomy":"product_tag","embeddable":true,"href":"https:\/\/cernelic.hr\/en\/wp-json\/wp\/v2\/product_tag?post=92159"},{"taxonomy":"berocket_brand","embeddable":true,"href":"https:\/\/cernelic.hr\/en\/wp-json\/wp\/v2\/berocket_brand?post=92159"}],"curies":[{"name":"wp","href":"https:\/\/api.w.org\/{rel}","templated":true}]}}

<p>„Closed“ je obitelj stolova balansiranih proporcija, skulpturalnih oblika i tehničkih detalja koji ih čine iznimnim dizajnom za uređenje javnih objekata. Dizajn i funkcionalnost spajaju se pomoću sustava integriranih veza čime se postižu vrlo prilagodljivi komadi za svaki prostor. Uz široki raspon mogućih visina, širina i duljina, obitelj također nudi i klupu s jastucima. Svaki je stol sastavljen od 100% FSC certificiranog drva, pri čemu je korišteno veliko iskustvo pri obradi drva.</p>

<p>„Closed“ je obitelj stolova balansiranih proporcija, skulpturalnih oblika i tehničkih detalja koji ih čine iznimnim dizajnom za uređenje javnih objekata. Dizajn i funkcionalnost spajaju se pomoću sustava integriranih veza čime se postižu vrlo prilagodljivi komadi za svaki prostor. Uz široki raspon mogućih visina, širina i duljina, obitelj također nudi i klupu s jastucima. Svaki je [&hellip;]</p>
