{"id":92160,"date":"2021-03-19T12:05:24","date_gmt":"2021-03-19T12:05:24","guid":{"rendered":"https:\/\/cernelic.hr\/katalog\/Bez%20kategorije\/costa-by-andreu-world-2\/"},"modified":"2023-12-08T04:12:18","modified_gmt":"2023-12-08T04:12:18","slug":"costa-by-andreu-world","status":"publish","type":"product","link":"https:\/\/cernelic.hr\/en\/proizvod\/costa-by-andreu-world\/","title":{"rendered":"COSTA by Andreu World"},"content":{"rendered":"<p>\u201eCosta\u201c je rezultat svjesne potrage: klasi\u010dna, lagana, slo\u017eiva i vrlo udobna kolekcija stolica. Izra\u0111ena je od cijevne metalne strukture s \u010detverono\u017enom bazom i dvostruko vezanom trakom na sjedalu i naslonu za le\u0111a, koja nudi udobnost i asocira na klasi\u010dni dizajn. Prezentirana je kao neprekinuta linija, bez rubova, na sna\u017ean i prirodan na\u010din. Njena najkarakteristi\u010dnija odlika, dvostruko vezana traka, izra\u0111ena je od osvje\u017eavaju\u0107e i izdr\u017eljive tkanine, dostupne u \u010detiri boje: bijela, boja pijeska, grafit, sme\u0111a i plava; u skladu s dvije nijanse EPL5 tretiranog okvira, bijelom i zemljano sme\u0111om.<\/p>\n","protected":false},"excerpt":{"rendered":"<p>\u201eCosta\u201c je rezultat svjesne potrage: klasi\u010dna, lagana, slo\u017eiva i vrlo udobna kolekcija stolica. Izra\u0111ena je od cijevne metalne strukture s \u010detverono\u017enom bazom i dvostruko vezanom trakom na sjedalu i naslonu za le\u0111a, koja nudi udobnost i asocira na klasi\u010dni dizajn. Prezentirana je kao neprekinuta linija, bez rubova, na sna\u017ean i prirodan na\u010din. Njena najkarakteristi\u010dnija odlika, [&hellip;]<\/p>\n","protected":false},"featured_media":109383,"template":"","meta":{"_acf_changed":false},"product_brand":[],"product_cat":[2111,2062,2105,2513,2061,2066,2068,2112,2071,2070,2141,2125,2079,2080,2074,2075,2073,2087,2124],"product_tag":[],"berocket_brand":[518],"class_list":{"0":"post-92160","1":"product","2":"type-product","3":"status-publish","4":"has-post-thumbnail","6":"product_cat-dvorane","7":"product_cat-fotelje-i-garniture-za-sjedenje","8":"product_cat-javni","9":"product_cat-outdoor","10":"product_cat-proizvodi","11":"product_cat-proizvodi-fotelje-garniture-fotelje-i-garniture-za-vanjske-prostore","12":"product_cat-prostori","13":"product_cat-prostori-dvorane-fotelje-i-garniture-za-vanjske-prostore","14":"product_cat-prostori-horeca-fotelje-i-garniture-za-vanjske-prostore","15":"product_cat-prostori-horeca-stolice-za-vanjske-prostore","16":"product_cat-prostori-javni-fotelje-i-garniture-za-vanjske-prostore","17":"product_cat-prostori-javni-stolice-za-vanjske-prostore","18":"product_cat-prostori-outdoor-fotelje-i-garniture-za-vanjske-prostore","19":"product_cat-prostori-outdoor-stolice-za-vanjske-prostore","20":"product_cat-prostori-rezidencijalni-fotelje-i-garniture-za-vanjske-prostore","21":"product_cat-prostori-rezidencijalni-stolice-za-vanjske-prostore","22":"product_cat-rezidencijalni","23":"product_cat-stolice","24":"product_cat-proizvodi-stolice-stolice-za-vanjske-prostore","25":"berocket_brand-andreu-world","27":"first","28":"instock","29":"product-type-grouped"},"acf":[],"_links":{"self":[{"href":"https:\/\/cernelic.hr\/en\/wp-json\/wp\/v2\/product\/92160","targetHints":{"allow":["GET"]}}],"collection":[{"href":"https:\/\/cernelic.hr\/en\/wp-json\/wp\/v2\/product"}],"about":[{"href":"https:\/\/cernelic.hr\/en\/wp-json\/wp\/v2\/types\/product"}],"wp:featuredmedia":[{"embeddable":true,"href":"https:\/\/cernelic.hr\/en\/wp-json\/wp\/v2\/media\/109383"}],"wp:attachment":[{"href":"https:\/\/cernelic.hr\/en\/wp-json\/wp\/v2\/media?parent=92160"}],"wp:term":[{"taxonomy":"product_brand","embeddable":true,"href":"https:\/\/cernelic.hr\/en\/wp-json\/wp\/v2\/product_brand?post=92160"},{"taxonomy":"product_cat","embeddable":true,"href":"https:\/\/cernelic.hr\/en\/wp-json\/wp\/v2\/product_cat?post=92160"},{"taxonomy":"product_tag","embeddable":true,"href":"https:\/\/cernelic.hr\/en\/wp-json\/wp\/v2\/product_tag?post=92160"},{"taxonomy":"berocket_brand","embeddable":true,"href":"https:\/\/cernelic.hr\/en\/wp-json\/wp\/v2\/berocket_brand?post=92160"}],"curies":[{"name":"wp","href":"https:\/\/api.w.org\/{rel}","templated":true}]}}

<p>„Costa“ je rezultat svjesne potrage: klasična, lagana, složiva i vrlo udobna kolekcija stolica. Izrađena je od cijevne metalne strukture s četveronožnom bazom i dvostruko vezanom trakom na sjedalu i naslonu za leđa, koja nudi udobnost i asocira na klasični dizajn. Prezentirana je kao neprekinuta linija, bez rubova, na snažan i prirodan način. Njena najkarakterističnija odlika, dvostruko vezana traka, izrađena je od osvježavajuće i izdržljive tkanine, dostupne u četiri boje: bijela, boja pijeska, grafit, smeđa i plava; u skladu s dvije nijanse EPL5 tretiranog okvira, bijelom i zemljano smeđom.</p>

<p>„Costa“ je rezultat svjesne potrage: klasična, lagana, složiva i vrlo udobna kolekcija stolica. Izrađena je od cijevne metalne strukture s četveronožnom bazom i dvostruko vezanom trakom na sjedalu i naslonu za leđa, koja nudi udobnost i asocira na klasični dizajn. Prezentirana je kao neprekinuta linija, bez rubova, na snažan i prirodan način. Njena najkarakterističnija odlika, [&hellip;]</p>
