{"id":92163,"date":"2021-03-19T12:05:24","date_gmt":"2021-03-19T12:05:24","guid":{"rendered":"https:\/\/cernelic.hr\/katalog\/Bez%20kategorije\/dado-by-andreu-world-2\/"},"modified":"2023-12-08T03:47:10","modified_gmt":"2023-12-08T03:47:10","slug":"dado-by-andreu-world","status":"publish","type":"product","link":"https:\/\/cernelic.hr\/en\/proizvod\/dado-by-andreu-world\/","title":{"rendered":"DADO by Andreu World"},"content":{"rendered":"<p>\u201eDado\u201c garniture za sjedenje proizlaze iz preciznog skupa proporcija, volumena i boja. Geometrija \u201eDade\u201c je \u017eivopisna i sna\u017ena i sadr\u017ei seriju suptilnih detalja koji \u0107e obogatiti svaki dizajn interijera. Njena presvlaka tvori kombinaciju od glavne tkanine, obruba i niza malih traka koje definiraju oblik sjedala, posebno \u0161ava koji, uskla\u0111en ili u kontrastu, uokviruje unutarnje presvlake koje odlikuju njezin dizajn. \u201eDado\u201c omogu\u0107uje vi\u0161e kombinacija dodavanjem raznih elemenata: kutova, centralnih modula, le\u017eaja i oslonaca za noge raznih veli\u010dina i dubina, koji poma\u017eu pri uklapanju kod opremanja uredskih prostora, opremanja javnih objekata ili ure\u0111enja stanova.<\/p>\n","protected":false},"excerpt":{"rendered":"<p>\u201eDado\u201c garniture za sjedenje proizlaze iz preciznog skupa proporcija, volumena i boja. Geometrija \u201eDade\u201c je \u017eivopisna i sna\u017ena i sadr\u017ei seriju suptilnih detalja koji \u0107e obogatiti svaki dizajn interijera. Njena presvlaka tvori kombinaciju od glavne tkanine, obruba i niza malih traka koje definiraju oblik sjedala, posebno \u0161ava koji, uskla\u0111en ili u kontrastu, uokviruje unutarnje presvlake [&hellip;]<\/p>\n","protected":false},"featured_media":107740,"template":"","meta":{"_acf_changed":false},"product_brand":[],"product_cat":[2111,2062,2105,2085,2061,2083,2082,2122,2086,2068,2117,2101,2108,2103,2094,2073,2092],"product_tag":[],"berocket_brand":[518],"class_list":{"0":"post-92163","1":"product","2":"type-product","3":"status-publish","4":"has-post-thumbnail","6":"product_cat-dvorane","7":"product_cat-fotelje-i-garniture-za-sjedenje","8":"product_cat-javni","9":"product_cat-namjestaj-za-urede","10":"product_cat-proizvodi","11":"product_cat-proizvodi-fotelje-garniture-fotelje-i-garniture-za-cekaone-i-predprostore","12":"product_cat-proizvodi-fotelje-garniture-fotelje-i-garniture-unutarnje-prostore","13":"product_cat-proizvodi-fotelje-garniture-taburei","14":"product_cat-proizvodi-namjestaj-za-urede-fotelje-garniture-za-neformalne-sastanke","15":"product_cat-prostori","16":"product_cat-prostori-dvorane-fotelje-i-garniture-za-unutarnje-prostore","17":"product_cat-prostori-horeca-fotelje-i-garniture-za-unutarnje-prostore","18":"product_cat-prostori-javni-fotelje-i-garniture-za-unutarnje-prostore","19":"product_cat-prostori-rezidencijalni-fotelje-i-garniture-za-unutarnje-prostore","20":"product_cat-prostori-uredi-fotelje-i-garniture-za-sjedenje","21":"product_cat-rezidencijalni","22":"product_cat-uredi","23":"berocket_brand-andreu-world","25":"first","26":"instock","27":"product-type-grouped"},"acf":[],"_links":{"self":[{"href":"https:\/\/cernelic.hr\/en\/wp-json\/wp\/v2\/product\/92163","targetHints":{"allow":["GET"]}}],"collection":[{"href":"https:\/\/cernelic.hr\/en\/wp-json\/wp\/v2\/product"}],"about":[{"href":"https:\/\/cernelic.hr\/en\/wp-json\/wp\/v2\/types\/product"}],"wp:featuredmedia":[{"embeddable":true,"href":"https:\/\/cernelic.hr\/en\/wp-json\/wp\/v2\/media\/107740"}],"wp:attachment":[{"href":"https:\/\/cernelic.hr\/en\/wp-json\/wp\/v2\/media?parent=92163"}],"wp:term":[{"taxonomy":"product_brand","embeddable":true,"href":"https:\/\/cernelic.hr\/en\/wp-json\/wp\/v2\/product_brand?post=92163"},{"taxonomy":"product_cat","embeddable":true,"href":"https:\/\/cernelic.hr\/en\/wp-json\/wp\/v2\/product_cat?post=92163"},{"taxonomy":"product_tag","embeddable":true,"href":"https:\/\/cernelic.hr\/en\/wp-json\/wp\/v2\/product_tag?post=92163"},{"taxonomy":"berocket_brand","embeddable":true,"href":"https:\/\/cernelic.hr\/en\/wp-json\/wp\/v2\/berocket_brand?post=92163"}],"curies":[{"name":"wp","href":"https:\/\/api.w.org\/{rel}","templated":true}]}}

<p>„Dado“ garniture za sjedenje proizlaze iz preciznog skupa proporcija, volumena i boja. Geometrija „Dade“ je živopisna i snažna i sadrži seriju suptilnih detalja koji će obogatiti svaki dizajn interijera. Njena presvlaka tvori kombinaciju od glavne tkanine, obruba i niza malih traka koje definiraju oblik sjedala, posebno šava koji, usklađen ili u kontrastu, uokviruje unutarnje presvlake koje odlikuju njezin dizajn. „Dado“ omogućuje više kombinacija dodavanjem raznih elemenata: kutova, centralnih modula, ležaja i oslonaca za noge raznih veličina i dubina, koji pomažu pri uklapanju kod opremanja uredskih prostora, opremanja javnih objekata ili uređenja stanova.</p>

<p>„Dado“ garniture za sjedenje proizlaze iz preciznog skupa proporcija, volumena i boja. Geometrija „Dade“ je živopisna i snažna i sadrži seriju suptilnih detalja koji će obogatiti svaki dizajn interijera. Njena presvlaka tvori kombinaciju od glavne tkanine, obruba i niza malih traka koje definiraju oblik sjedala, posebno šava koji, usklađen ili u kontrastu, uokviruje unutarnje presvlake [&hellip;]</p>
