{"id":92203,"date":"2021-03-19T12:11:47","date_gmt":"2021-03-19T12:11:47","guid":{"rendered":"https:\/\/cernelic.hr\/katalog\/Bez%20kategorije\/reverse-lounge-by-andreu-world-2\/"},"modified":"2023-12-07T15:52:53","modified_gmt":"2023-12-07T15:52:53","slug":"reverse-lounge-by-andreu-world","status":"publish","type":"product","link":"https:\/\/cernelic.hr\/en\/proizvod\/reverse-lounge-by-andreu-world\/","title":{"rendered":"REVERSE LOUNGE by Andreu World"},"content":{"rendered":"<p><span data-sheets-value=\"{&quot;1&quot;:2,&quot;2&quot;:&quot;\u201eReverse Conference Lounge\u201c je uredski stol koji je optimalan za sastanke sa 100% recikla\u017enim postoljem od polietilena, dostupan sa sjajnom ili mat zavr\u0161nom obradom u raznim bojama. \u201eReverse Conference Lounge\u201c podr\u017eava okrugle, kvadratne ili ovalne vrhove koji su dostupni u razli\u010ditim materijalima i zavr\u0161nim obradama pa je \u010dest odabir ve\u0107 kod samog projektiranja ureda. Njegova nova ni\u017ea lounge verzija savr\u0161eno je oblikovana za kori\u0161tenje u zajedni\u010dkim prostorima, postavljaju\u0107i se kao idealni stol za kancelarije, grupni rad i neobavezna okupljanja. Uredski namje\u0161taj po mjeri koji je idealan za poslovna okru\u017eenja zbog svojih mogu\u0107nosti povezanosti i ure\u0111enja rasporeda \u017eica, tako omogu\u0107avaju\u0107i inteligentno kori\u0161tenje tehnologije tokom sastanaka.&quot;}\" data-sheets-userformat=\"{&quot;2&quot;:14721,&quot;3&quot;:{&quot;1&quot;:0,&quot;3&quot;:1},&quot;10&quot;:0,&quot;11&quot;:4,&quot;14&quot;:{&quot;1&quot;:3,&quot;3&quot;:1},&quot;15&quot;:&quot;Calibri&quot;,&quot;16&quot;:11}\">\u201eReverse Conference Lounge\u201c je uredski stol koji je optimalan za sastanke sa 100% recikla\u017enim postoljem od polietilena, dostupan sa sjajnom ili mat zavr\u0161nom obradom u raznim bojama. \u201eReverse Conference Lounge\u201c podr\u017eava okrugle, kvadratne ili ovalne vrhove koji su dostupni u razli\u010ditim materijalima i zavr\u0161nim obradama pa je \u010dest odabir ve\u0107 kod samog projektiranja ureda. Njegova nova ni\u017ea lounge verzija savr\u0161eno je oblikovana za kori\u0161tenje u zajedni\u010dkim prostorima, postavljaju\u0107i se kao idealni stol za kancelarije, grupni rad i neobavezna okupljanja. Uredski namje\u0161taj po mjeri koji je idealan za poslovna okru\u017eenja zbog svojih mogu\u0107nosti povezanosti i ure\u0111enja rasporeda \u017eica, tako omogu\u0107avaju\u0107i inteligentno kori\u0161tenje tehnologije tokom sastanaka.<\/span><\/p>\n","protected":false},"excerpt":{"rendered":"<p>\u201eReverse Conference Lounge\u201c je uredski stol koji je optimalan za sastanke sa 100% recikla\u017enim postoljem od polietilena, dostupan sa sjajnom ili mat zavr\u0161nom obradom u raznim bojama. \u201eReverse Conference Lounge\u201c podr\u017eava okrugle, kvadratne ili ovalne vrhove koji su dostupni u razli\u010ditim materijalima i zavr\u0161nim obradama pa je \u010dest odabir ve\u0107 kod samog projektiranja ureda. Njegova [&hellip;]<\/p>\n","protected":false},"featured_media":41262,"template":"","meta":{"_acf_changed":false},"product_brand":[],"product_cat":[2514,2105,2061,2131,2068,2138,2140,2139,2137,2148,2073,2118,2132,2133,2135,2163,2092],"product_tag":[],"berocket_brand":[518],"class_list":{"0":"post-92203","1":"product","2":"type-product","3":"status-publish","4":"has-post-thumbnail","6":"product_cat-accessories","7":"product_cat-javni","8":"product_cat-proizvodi","9":"product_cat-proizvodi-accessories-elektrifikacija-i-cable-management","10":"product_cat-prostori","11":"product_cat-prostori-horeca-stolovi-za-unutarnje-prostore","12":"product_cat-prostori-javni-stolovi-za-unutarnje-prostore","13":"product_cat-prostori-rezidencijalni-stolovi-za-unutarnje-prostore","14":"product_cat-prostori-uredi-home-office","15":"product_cat-prostori-uredi-namjestaj-za-sastanke-i-konferencije","16":"product_cat-rezidencijalni","17":"product_cat-stolovi","18":"product_cat-proizvodi-stolovi-stolovi-za-kucni-ured","19":"product_cat-proizvodi-stolovi-stolovi-za-sastanke-i-konferencije","20":"product_cat-proizvodi-stolovi-stolovi-za-unutarnje-prostore","21":"product_cat-proizvodi-stolovi-stolovi-za-urede","22":"product_cat-uredi","23":"berocket_brand-andreu-world","25":"first","26":"instock","27":"product-type-grouped"},"acf":[],"_links":{"self":[{"href":"https:\/\/cernelic.hr\/en\/wp-json\/wp\/v2\/product\/92203","targetHints":{"allow":["GET"]}}],"collection":[{"href":"https:\/\/cernelic.hr\/en\/wp-json\/wp\/v2\/product"}],"about":[{"href":"https:\/\/cernelic.hr\/en\/wp-json\/wp\/v2\/types\/product"}],"wp:featuredmedia":[{"embeddable":true,"href":"https:\/\/cernelic.hr\/en\/wp-json\/wp\/v2\/media\/41262"}],"wp:attachment":[{"href":"https:\/\/cernelic.hr\/en\/wp-json\/wp\/v2\/media?parent=92203"}],"wp:term":[{"taxonomy":"product_brand","embeddable":true,"href":"https:\/\/cernelic.hr\/en\/wp-json\/wp\/v2\/product_brand?post=92203"},{"taxonomy":"product_cat","embeddable":true,"href":"https:\/\/cernelic.hr\/en\/wp-json\/wp\/v2\/product_cat?post=92203"},{"taxonomy":"product_tag","embeddable":true,"href":"https:\/\/cernelic.hr\/en\/wp-json\/wp\/v2\/product_tag?post=92203"},{"taxonomy":"berocket_brand","embeddable":true,"href":"https:\/\/cernelic.hr\/en\/wp-json\/wp\/v2\/berocket_brand?post=92203"}],"curies":[{"name":"wp","href":"https:\/\/api.w.org\/{rel}","templated":true}]}}

<p><span data-sheets-value="{&quot;1&quot;:2,&quot;2&quot;:&quot;„Reverse Conference Lounge“ je uredski stol koji je optimalan za sastanke sa 100% reciklažnim postoljem od polietilena, dostupan sa sjajnom ili mat završnom obradom u raznim bojama. „Reverse Conference Lounge“ podržava okrugle, kvadratne ili ovalne vrhove koji su dostupni u različitim materijalima i završnim obradama pa je čest odabir već kod samog projektiranja ureda. Njegova nova niža lounge verzija savršeno je oblikovana za korištenje u zajedničkim prostorima, postavljajući se kao idealni stol za kancelarije, grupni rad i neobavezna okupljanja. Uredski namještaj po mjeri koji je idealan za poslovna okruženja zbog svojih mogućnosti povezanosti i uređenja rasporeda žica, tako omogućavajući inteligentno korištenje tehnologije tokom sastanaka.&quot;}" data-sheets-userformat="{&quot;2&quot;:14721,&quot;3&quot;:{&quot;1&quot;:0,&quot;3&quot;:1},&quot;10&quot;:0,&quot;11&quot;:4,&quot;14&quot;:{&quot;1&quot;:3,&quot;3&quot;:1},&quot;15&quot;:&quot;Calibri&quot;,&quot;16&quot;:11}">„Reverse Conference Lounge“ je uredski stol koji je optimalan za sastanke sa 100% reciklažnim postoljem od polietilena, dostupan sa sjajnom ili mat završnom obradom u raznim bojama. „Reverse Conference Lounge“ podržava okrugle, kvadratne ili ovalne vrhove koji su dostupni u različitim materijalima i završnim obradama pa je čest odabir već kod samog projektiranja ureda. Njegova nova niža lounge verzija savršeno je oblikovana za korištenje u zajedničkim prostorima, postavljajući se kao idealni stol za kancelarije, grupni rad i neobavezna okupljanja. Uredski namještaj po mjeri koji je idealan za poslovna okruženja zbog svojih mogućnosti povezanosti i uređenja rasporeda žica, tako omogućavajući inteligentno korištenje tehnologije tokom sastanaka.</span></p>

<p>„Reverse Conference Lounge“ je uredski stol koji je optimalan za sastanke sa 100% reciklažnim postoljem od polietilena, dostupan sa sjajnom ili mat završnom obradom u raznim bojama. „Reverse Conference Lounge“ podržava okrugle, kvadratne ili ovalne vrhove koji su dostupni u različitim materijalima i završnim obradama pa je čest odabir već kod samog projektiranja ureda. Njegova [&hellip;]</p>
