{"id":92204,"date":"2021-03-19T12:11:47","date_gmt":"2021-03-19T12:11:47","guid":{"rendered":"https:\/\/cernelic.hr\/katalog\/Bez%20kategorije\/reverse-occasional-by-andreu-world-2\/"},"modified":"2023-12-07T15:52:56","modified_gmt":"2023-12-07T15:52:56","slug":"reverse-occasional-by-andreu-world","status":"publish","type":"product","link":"https:\/\/cernelic.hr\/en\/proizvod\/reverse-occasional-by-andreu-world\/","title":{"rendered":"REVERSE OCCASIONAL by Andreu World"},"content":{"rendered":"<p>Stol s polietilenskim sredi\u0161njim postoljem dostupan u vi\u0161e boja i dvije razli\u010dite visine. Dostupan u poliranom aluminiju, mat bijeloj ili crnoj i s povr\u0161inom od hrastove \u0161perplo\u010de u razli\u010ditim oblicima i veli\u010dinama. Tako\u0111er je dostupna lakirana, kerami\u010dka i HPL verzija, kao i verzije od bijelog Cerrara i crnog Marquina mramora.<\/p>\n","protected":false},"excerpt":{"rendered":"<p>Stol s polietilenskim sredi\u0161njim postoljem dostupan u vi\u0161e boja i dvije razli\u010dite visine. Dostupan u poliranom aluminiju, mat bijeloj ili crnoj i s povr\u0161inom od hrastove \u0161perplo\u010de u razli\u010ditim oblicima i veli\u010dinama. Tako\u0111er je dostupna lakirana, kerami\u010dka i HPL verzija, kao i verzije od bijelog Cerrara i crnog Marquina mramora.<\/p>\n","protected":false},"featured_media":41264,"template":"","meta":{"_acf_changed":false},"product_brand":[],"product_cat":[2514,2105,2119,2061,2131,2068,2138,2140,2121,2073,2118,2135],"product_tag":[],"berocket_brand":[518],"class_list":{"0":"post-92204","1":"product","2":"type-product","3":"status-publish","4":"has-post-thumbnail","6":"product_cat-accessories","7":"product_cat-javni","8":"product_cat-proizvodi-stolovi-niski-stolovi-za-unutarnje-prostore","9":"product_cat-proizvodi","10":"product_cat-proizvodi-accessories-elektrifikacija-i-cable-management","11":"product_cat-prostori","12":"product_cat-prostori-horeca-stolovi-za-unutarnje-prostore","13":"product_cat-prostori-javni-stolovi-za-unutarnje-prostore","14":"product_cat-prostori-rezidencijalni-niski-klubski-stolici-za-unutarnje-prostore","15":"product_cat-rezidencijalni","16":"product_cat-stolovi","17":"product_cat-proizvodi-stolovi-stolovi-za-unutarnje-prostore","18":"berocket_brand-andreu-world","20":"first","21":"instock","22":"product-type-grouped"},"acf":[],"_links":{"self":[{"href":"https:\/\/cernelic.hr\/en\/wp-json\/wp\/v2\/product\/92204","targetHints":{"allow":["GET"]}}],"collection":[{"href":"https:\/\/cernelic.hr\/en\/wp-json\/wp\/v2\/product"}],"about":[{"href":"https:\/\/cernelic.hr\/en\/wp-json\/wp\/v2\/types\/product"}],"wp:featuredmedia":[{"embeddable":true,"href":"https:\/\/cernelic.hr\/en\/wp-json\/wp\/v2\/media\/41264"}],"wp:attachment":[{"href":"https:\/\/cernelic.hr\/en\/wp-json\/wp\/v2\/media?parent=92204"}],"wp:term":[{"taxonomy":"product_brand","embeddable":true,"href":"https:\/\/cernelic.hr\/en\/wp-json\/wp\/v2\/product_brand?post=92204"},{"taxonomy":"product_cat","embeddable":true,"href":"https:\/\/cernelic.hr\/en\/wp-json\/wp\/v2\/product_cat?post=92204"},{"taxonomy":"product_tag","embeddable":true,"href":"https:\/\/cernelic.hr\/en\/wp-json\/wp\/v2\/product_tag?post=92204"},{"taxonomy":"berocket_brand","embeddable":true,"href":"https:\/\/cernelic.hr\/en\/wp-json\/wp\/v2\/berocket_brand?post=92204"}],"curies":[{"name":"wp","href":"https:\/\/api.w.org\/{rel}","templated":true}]}}

<p>Stol s polietilenskim središnjim postoljem dostupan u više boja i dvije različite visine. Dostupan u poliranom aluminiju, mat bijeloj ili crnoj i s površinom od hrastove šperploče u različitim oblicima i veličinama. Također je dostupna lakirana, keramička i HPL verzija, kao i verzije od bijelog Cerrara i crnog Marquina mramora.</p>
