{"id":92230,"date":"2021-03-19T12:18:22","date_gmt":"2021-03-19T12:18:22","guid":{"rendered":"https:\/\/cernelic.hr\/katalog\/Bez%20kategorije\/valeria-by-andreu-world-2\/"},"modified":"2023-12-07T15:53:50","modified_gmt":"2023-12-07T15:53:50","slug":"valeria-by-andreu-world","status":"publish","type":"product","link":"https:\/\/cernelic.hr\/en\/proizvod\/valeria-by-andreu-world\/","title":{"rendered":"VALERIA by Andreu World"},"content":{"rendered":"<p>\u201eValeria\u201c kolekcija stolica, stolica s naslonima za ruke i stolaca poznata je zbog svoje izdr\u017eljivosti i \u010dvrstine koju donosi okvir od \u010diste hrastovine. Pa\u017eljivo pletene trake suptilan su spoj tradicionalnog i modernog. Dizajn je tako\u0111er dostupan i u \u201eComfort\u201c verziji koja je potpuno tapecirana i u verziji \u201estackable\u201c stolica. \u201eValeria\u201c je \u010dest primjerak kori\u0161ten kod opremanja uredskih prostora ili opemanje stana koji tra\u017ee toplu, umiruju\u0107u pojavu.<\/p>\n","protected":false},"excerpt":{"rendered":"<p>\u201eValeria\u201c kolekcija stolica, stolica s naslonima za ruke i stolaca poznata je zbog svoje izdr\u017eljivosti i \u010dvrstine koju donosi okvir od \u010diste hrastovine. Pa\u017eljivo pletene trake suptilan su spoj tradicionalnog i modernog. Dizajn je tako\u0111er dostupan i u \u201eComfort\u201c verziji koja je potpuno tapecirana i u verziji \u201estackable\u201c stolica. \u201eValeria\u201c je \u010dest primjerak kori\u0161ten kod [&hellip;]<\/p>\n","protected":false},"featured_media":41296,"template":"","meta":{"_acf_changed":false},"product_brand":[],"product_cat":[2114,2099,2105,2061,2068,2098,2115,2102,2100,2126,2106,2109,2116,2104,2073,2087,2088,2089,2091],"product_tag":[],"berocket_brand":[518],"class_list":{"0":"post-92230","1":"product","2":"type-product","3":"status-publish","4":"has-post-thumbnail","6":"product_cat-proizvodi-stolice-barske-stolice-za-unutarnje-prostore","7":"product_cat-horeca-prostori-horeca","8":"product_cat-javni","9":"product_cat-proizvodi","10":"product_cat-prostori","11":"product_cat-prostori-horeca","12":"product_cat-prostori-horeca-barske-stolice-za-unutarnje-prostore","13":"product_cat-prostori-horeca-stolice-za-kongresne-dvorane","14":"product_cat-prostori-horeca-stolice-za-unutarnje-prostore","15":"product_cat-prostori-javni-barske-stolice-za-unutarnje-prostore","16":"product_cat-prostori-javni-kongresne-stolice","17":"product_cat-prostori-javni-stolice-za-unutarnje-prostore","18":"product_cat-prostori-rezidencijalni-barske-stolice-za-unutarnje-prostore","19":"product_cat-prostori-rezidencijalni-stolice-za-unutarnje-prostore","20":"product_cat-rezidencijalni","21":"product_cat-stolice","22":"product_cat-proizvodi-stolice-stolice-za-cekaonice","23":"product_cat-proizvodi-stolice-stolice-za-kongresne-dvorane","24":"product_cat-proizvodi-stolice-stolice-za-unutarnje-prostore","25":"berocket_brand-andreu-world","27":"first","28":"instock","29":"product-type-grouped"},"acf":[],"_links":{"self":[{"href":"https:\/\/cernelic.hr\/en\/wp-json\/wp\/v2\/product\/92230","targetHints":{"allow":["GET"]}}],"collection":[{"href":"https:\/\/cernelic.hr\/en\/wp-json\/wp\/v2\/product"}],"about":[{"href":"https:\/\/cernelic.hr\/en\/wp-json\/wp\/v2\/types\/product"}],"wp:featuredmedia":[{"embeddable":true,"href":"https:\/\/cernelic.hr\/en\/wp-json\/wp\/v2\/media\/41296"}],"wp:attachment":[{"href":"https:\/\/cernelic.hr\/en\/wp-json\/wp\/v2\/media?parent=92230"}],"wp:term":[{"taxonomy":"product_brand","embeddable":true,"href":"https:\/\/cernelic.hr\/en\/wp-json\/wp\/v2\/product_brand?post=92230"},{"taxonomy":"product_cat","embeddable":true,"href":"https:\/\/cernelic.hr\/en\/wp-json\/wp\/v2\/product_cat?post=92230"},{"taxonomy":"product_tag","embeddable":true,"href":"https:\/\/cernelic.hr\/en\/wp-json\/wp\/v2\/product_tag?post=92230"},{"taxonomy":"berocket_brand","embeddable":true,"href":"https:\/\/cernelic.hr\/en\/wp-json\/wp\/v2\/berocket_brand?post=92230"}],"curies":[{"name":"wp","href":"https:\/\/api.w.org\/{rel}","templated":true}]}}

<p>„Valeria“ kolekcija stolica, stolica s naslonima za ruke i stolaca poznata je zbog svoje izdržljivosti i čvrstine koju donosi okvir od čiste hrastovine. Pažljivo pletene trake suptilan su spoj tradicionalnog i modernog. Dizajn je također dostupan i u „Comfort“ verziji koja je potpuno tapecirana i u verziji „stackable“ stolica. „Valeria“ je čest primjerak korišten kod opremanja uredskih prostora ili opemanje stana koji traže toplu, umirujuću pojavu.</p>

<p>„Valeria“ kolekcija stolica, stolica s naslonima za ruke i stolaca poznata je zbog svoje izdržljivosti i čvrstine koju donosi okvir od čiste hrastovine. Pažljivo pletene trake suptilan su spoj tradicionalnog i modernog. Dizajn je također dostupan i u „Comfort“ verziji koja je potpuno tapecirana i u verziji „stackable“ stolica. „Valeria“ je čest primjerak korišten kod [&hellip;]</p>
