{"id":92231,"date":"2021-03-19T12:18:22","date_gmt":"2021-03-19T12:18:22","guid":{"rendered":"https:\/\/cernelic.hr\/katalog\/Bez%20kategorije\/wind-by-andreu-world-2\/"},"modified":"2023-12-07T15:53:53","modified_gmt":"2023-12-07T15:53:53","slug":"wind-by-andreu-world","status":"publish","type":"product","link":"https:\/\/cernelic.hr\/en\/proizvod\/wind-by-andreu-world\/","title":{"rendered":"WIND by Andreu World"},"content":{"rendered":"<p>\u201eWind\u201c je kolekcija stolova s fiksiranim aluminijskim okirom i aluminijskim nogama uparenim s kerami\u010dkim stolnim plo\u010dama u zemljano sme\u0111oj, pje\u0161\u010dano sivoj i kameno sivoj boji, te visokotla\u010dnom laminiranom plo\u010dom. Obje opcije stolne povr\u0161ine su prilago\u0111ene svim vrstama vanjskih prostora.<\/p>\n","protected":false},"excerpt":{"rendered":"<p>\u201eWind\u201c je kolekcija stolova s fiksiranim aluminijskim okirom i aluminijskim nogama uparenim s kerami\u010dkim stolnim plo\u010dama u zemljano sme\u0111oj, pje\u0161\u010dano sivoj i kameno sivoj boji, te visokotla\u010dnom laminiranom plo\u010dom. Obje opcije stolne povr\u0161ine su prilago\u0111ene svim vrstama vanjskih prostora.<\/p>\n","protected":false},"featured_media":41298,"template":"","meta":{"_acf_changed":false},"product_brand":[],"product_cat":[2105,2061,2068,2138,2144,2140,2147,2139,2145,2073,2118,2135,2143],"product_tag":[],"berocket_brand":[518],"class_list":{"0":"post-92231","1":"product","2":"type-product","3":"status-publish","4":"has-post-thumbnail","6":"product_cat-javni","7":"product_cat-proizvodi","8":"product_cat-prostori","9":"product_cat-prostori-horeca-stolovi-za-unutarnje-prostore","10":"product_cat-prostori-horeca-stolovi-za-vanjske-prostore","11":"product_cat-prostori-javni-stolovi-za-unutarnje-prostore","12":"product_cat-prostori-javni-stolovi-za-vanjske-prostore","13":"product_cat-prostori-rezidencijalni-stolovi-za-unutarnje-prostore","14":"product_cat-prostori-rezidencijalni-stolovi-za-vanjske-prostore","15":"product_cat-rezidencijalni","16":"product_cat-stolovi","17":"product_cat-proizvodi-stolovi-stolovi-za-unutarnje-prostore","18":"product_cat-proizvodi-stolovi-stolovi-za-vanjske-prostore","19":"berocket_brand-andreu-world","21":"first","22":"instock","23":"product-type-grouped"},"acf":[],"_links":{"self":[{"href":"https:\/\/cernelic.hr\/en\/wp-json\/wp\/v2\/product\/92231","targetHints":{"allow":["GET"]}}],"collection":[{"href":"https:\/\/cernelic.hr\/en\/wp-json\/wp\/v2\/product"}],"about":[{"href":"https:\/\/cernelic.hr\/en\/wp-json\/wp\/v2\/types\/product"}],"wp:featuredmedia":[{"embeddable":true,"href":"https:\/\/cernelic.hr\/en\/wp-json\/wp\/v2\/media\/41298"}],"wp:attachment":[{"href":"https:\/\/cernelic.hr\/en\/wp-json\/wp\/v2\/media?parent=92231"}],"wp:term":[{"taxonomy":"product_brand","embeddable":true,"href":"https:\/\/cernelic.hr\/en\/wp-json\/wp\/v2\/product_brand?post=92231"},{"taxonomy":"product_cat","embeddable":true,"href":"https:\/\/cernelic.hr\/en\/wp-json\/wp\/v2\/product_cat?post=92231"},{"taxonomy":"product_tag","embeddable":true,"href":"https:\/\/cernelic.hr\/en\/wp-json\/wp\/v2\/product_tag?post=92231"},{"taxonomy":"berocket_brand","embeddable":true,"href":"https:\/\/cernelic.hr\/en\/wp-json\/wp\/v2\/berocket_brand?post=92231"}],"curies":[{"name":"wp","href":"https:\/\/api.w.org\/{rel}","templated":true}]}}

<p>„Wind“ je kolekcija stolova s fiksiranim aluminijskim okirom i aluminijskim nogama uparenim s keramičkim stolnim pločama u zemljano smeđoj, pješčano sivoj i kameno sivoj boji, te visokotlačnom laminiranom pločom. Obje opcije stolne površine su prilagođene svim vrstama vanjskih prostora.</p>
