{"id":92235,"date":"2021-03-19T12:18:22","date_gmt":"2021-03-19T12:18:22","guid":{"rendered":"https:\/\/cernelic.hr\/katalog\/Bez%20kategorije\/amazonas-by-cernelic-2\/"},"modified":"2023-12-08T02:12:54","modified_gmt":"2023-12-08T02:12:54","slug":"zone-by-bt","status":"publish","type":"product","link":"https:\/\/cernelic.hr\/en\/proizvod\/zone-by-bt\/","title":{"rendered":"ZONE by B&amp;T"},"content":{"rendered":"<p>&#8220;Amazonas&#8221; je na sjeci\u0161tu elegancije i jednostavnosti; rije\u010d je o stolici s integriranim tijelom. Jasna, minimalno dizajnirana uredska stolica.<br \/>\nMnoge razli\u010dite opcije baze omogu\u0107avaju vam da prilagodite stolicu po Va\u0161em ukusu. Noge mogu biti obojane u stati\u010dke boje; iste boje kao i presvlaka od tkanine dok mehanizam kori\u0161ten na ovoj uredskoj stolici osigurava vertikalnu pokretljivost kao i mogu\u010dnost naginjanja. Jedinstvenost tijela dopu\u0161ta da se sjedalo i naslon za le\u0111a mi\u010du paralelno. Obzirom da je rije\u010d o pravom komadu namje\u0161taja po mjeri mo\u017ee biti naru\u010dena u regularnoj veli\u010dini ili s visokim naslonom, kao sa ili bez naslona za ruke.<\/p>\n","protected":false},"excerpt":{"rendered":"<p>&#8220;Amazonas&#8221; je na sjeci\u0161tu elegancije i jednostavnosti; rije\u010d je o stolici s integriranim tijelom. Jasna, minimalno dizajnirana uredska stolica. Mnoge razli\u010dite opcije baze omogu\u0107avaju vam da prilagodite stolicu po Va\u0161em ukusu. Noge mogu biti obojane u stati\u010dke boje; iste boje kao i presvlaka od tkanine dok mehanizam kori\u0161ten na ovoj uredskoj stolici osigurava vertikalnu pokretljivost [&hellip;]<\/p>\n","protected":false},"featured_media":91489,"template":"","meta":{"_acf_changed":false},"product_brand":[],"product_cat":[2099,2105,2090,2085,2061,2098,2068,2100,2109,2104,2153,2093,2152,2166,2073,2087,2113,2091,2092],"product_tag":[],"berocket_brand":[1324],"class_list":{"0":"post-92235","1":"product","2":"type-product","3":"status-publish","4":"has-post-thumbnail","6":"product_cat-horeca-prostori-horeca","7":"product_cat-javni","8":"product_cat-proizvodi-stolice-stolice-za-sastanke","9":"product_cat-namjestaj-za-urede","10":"product_cat-proizvodi","11":"product_cat-prostori-horeca","12":"product_cat-prostori","13":"product_cat-prostori-horeca-stolice-za-unutarnje-prostore","14":"product_cat-prostori-javni-stolice-za-unutarnje-prostore","15":"product_cat-prostori-rezidencijalni-stolice-za-unutarnje-prostore","16":"product_cat-prostori-uredi-radne-stolice","17":"product_cat-prostori-uredi-stolice-za-sastanke","18":"product_cat-proizvodi-stolice-radne-stolice","19":"product_cat-proizvodi-namjestaj-za-urede-radne-stolice","20":"product_cat-rezidencijalni","21":"product_cat-stolice","22":"product_cat-proizvodi-namjestaj-za-urede-stolice-za-sastanke","23":"product_cat-proizvodi-stolice-stolice-za-unutarnje-prostore","24":"product_cat-uredi","25":"berocket_brand-bt","27":"first","28":"instock","29":"product-type-grouped"},"acf":[],"_links":{"self":[{"href":"https:\/\/cernelic.hr\/en\/wp-json\/wp\/v2\/product\/92235","targetHints":{"allow":["GET"]}}],"collection":[{"href":"https:\/\/cernelic.hr\/en\/wp-json\/wp\/v2\/product"}],"about":[{"href":"https:\/\/cernelic.hr\/en\/wp-json\/wp\/v2\/types\/product"}],"wp:featuredmedia":[{"embeddable":true,"href":"https:\/\/cernelic.hr\/en\/wp-json\/wp\/v2\/media\/91489"}],"wp:attachment":[{"href":"https:\/\/cernelic.hr\/en\/wp-json\/wp\/v2\/media?parent=92235"}],"wp:term":[{"taxonomy":"product_brand","embeddable":true,"href":"https:\/\/cernelic.hr\/en\/wp-json\/wp\/v2\/product_brand?post=92235"},{"taxonomy":"product_cat","embeddable":true,"href":"https:\/\/cernelic.hr\/en\/wp-json\/wp\/v2\/product_cat?post=92235"},{"taxonomy":"product_tag","embeddable":true,"href":"https:\/\/cernelic.hr\/en\/wp-json\/wp\/v2\/product_tag?post=92235"},{"taxonomy":"berocket_brand","embeddable":true,"href":"https:\/\/cernelic.hr\/en\/wp-json\/wp\/v2\/berocket_brand?post=92235"}],"curies":[{"name":"wp","href":"https:\/\/api.w.org\/{rel}","templated":true}]}}

<p>&#8220;Amazonas&#8221; je na sjecištu elegancije i jednostavnosti; riječ je o stolici s integriranim tijelom. Jasna, minimalno dizajnirana uredska stolica.<br />
Mnoge različite opcije baze omogućavaju vam da prilagodite stolicu po Vašem ukusu. Noge mogu biti obojane u statičke boje; iste boje kao i presvlaka od tkanine dok mehanizam korišten na ovoj uredskoj stolici osigurava vertikalnu pokretljivost kao i mogučnost naginjanja. Jedinstvenost tijela dopušta da se sjedalo i naslon za leđa miču paralelno. Obzirom da je riječ o pravom komadu namještaja po mjeri može biti naručena u regularnoj veličini ili s visokim naslonom, kao sa ili bez naslona za ruke.</p>

<p>&#8220;Amazonas&#8221; je na sjecištu elegancije i jednostavnosti; riječ je o stolici s integriranim tijelom. Jasna, minimalno dizajnirana uredska stolica. Mnoge različite opcije baze omogućavaju vam da prilagodite stolicu po Vašem ukusu. Noge mogu biti obojane u statičke boje; iste boje kao i presvlaka od tkanine dok mehanizam korišten na ovoj uredskoj stolici osigurava vertikalnu pokretljivost [&hellip;]</p>
