{"id":92243,"date":"2021-03-19T12:18:22","date_gmt":"2021-03-19T12:18:22","guid":{"rendered":"https:\/\/cernelic.hr\/katalog\/Bez%20kategorije\/box-by-cernelic-2\/"},"modified":"2023-12-08T02:13:45","modified_gmt":"2023-12-08T02:13:45","slug":"boxer-by-bt","status":"publish","type":"product","link":"https:\/\/cernelic.hr\/en\/proizvod\/boxer-by-bt\/","title":{"rendered":"BOXER by B&amp;T"},"content":{"rendered":"<p>&#8220;Box&#8221; je okretna radna stolica! Njeno kockasto sjedalo rotira se na jedva izlo\u017eenom okruglom postolju s plo\u010dama. Svojim jednostavnim geometrijskim oblikom stvara masivni efekt kod opremanja hotela ili ve\u0107ih radnih prostora.<br \/>\nMo\u017ee se na\u0107i u \u010dekaonicama, u trgova\u010dkim centrima, u bolnicama, u sveu\u010dili\u0161nim kampusima, knji\u017enicama i blagovaonicama, jednom rje\u010dju &#8211; svuda, obzirom da je prilago\u0111en radnim navikama nove generacije. Pouf se proizvodi od PU injekcijske pjene na metalnoj konstrukciji. Osnovna plo\u010da mo\u017ee se naru\u010diti u kromu i u svim stati\u010dnim bojama.<\/p>\n","protected":false},"excerpt":{"rendered":"<p>&#8220;Box&#8221; je okretna radna stolica! Njeno kockasto sjedalo rotira se na jedva izlo\u017eenom okruglom postolju s plo\u010dama. Svojim jednostavnim geometrijskim oblikom stvara masivni efekt kod opremanja hotela ili ve\u0107ih radnih prostora. Mo\u017ee se na\u0107i u \u010dekaonicama, u trgova\u010dkim centrima, u bolnicama, u sveu\u010dili\u0161nim kampusima, knji\u017enicama i blagovaonicama, jednom rje\u010dju &#8211; svuda, obzirom da je prilago\u0111en [&hellip;]<\/p>\n","protected":false},"featured_media":91497,"template":"","meta":{"_acf_changed":false},"product_brand":[],"product_cat":[2111,2062,2105,2061,2122,2068,2117,2101,2108,2103,2073],"product_tag":[],"berocket_brand":[1324],"class_list":{"0":"post-92243","1":"product","2":"type-product","3":"status-publish","4":"has-post-thumbnail","6":"product_cat-dvorane","7":"product_cat-fotelje-i-garniture-za-sjedenje","8":"product_cat-javni","9":"product_cat-proizvodi","10":"product_cat-proizvodi-fotelje-garniture-taburei","11":"product_cat-prostori","12":"product_cat-prostori-dvorane-fotelje-i-garniture-za-unutarnje-prostore","13":"product_cat-prostori-horeca-fotelje-i-garniture-za-unutarnje-prostore","14":"product_cat-prostori-javni-fotelje-i-garniture-za-unutarnje-prostore","15":"product_cat-prostori-rezidencijalni-fotelje-i-garniture-za-unutarnje-prostore","16":"product_cat-rezidencijalni","17":"berocket_brand-bt","19":"first","20":"instock","21":"product-type-grouped"},"acf":[],"_links":{"self":[{"href":"https:\/\/cernelic.hr\/en\/wp-json\/wp\/v2\/product\/92243","targetHints":{"allow":["GET"]}}],"collection":[{"href":"https:\/\/cernelic.hr\/en\/wp-json\/wp\/v2\/product"}],"about":[{"href":"https:\/\/cernelic.hr\/en\/wp-json\/wp\/v2\/types\/product"}],"wp:featuredmedia":[{"embeddable":true,"href":"https:\/\/cernelic.hr\/en\/wp-json\/wp\/v2\/media\/91497"}],"wp:attachment":[{"href":"https:\/\/cernelic.hr\/en\/wp-json\/wp\/v2\/media?parent=92243"}],"wp:term":[{"taxonomy":"product_brand","embeddable":true,"href":"https:\/\/cernelic.hr\/en\/wp-json\/wp\/v2\/product_brand?post=92243"},{"taxonomy":"product_cat","embeddable":true,"href":"https:\/\/cernelic.hr\/en\/wp-json\/wp\/v2\/product_cat?post=92243"},{"taxonomy":"product_tag","embeddable":true,"href":"https:\/\/cernelic.hr\/en\/wp-json\/wp\/v2\/product_tag?post=92243"},{"taxonomy":"berocket_brand","embeddable":true,"href":"https:\/\/cernelic.hr\/en\/wp-json\/wp\/v2\/berocket_brand?post=92243"}],"curies":[{"name":"wp","href":"https:\/\/api.w.org\/{rel}","templated":true}]}}

<p>&#8220;Box&#8221; je okretna radna stolica! Njeno kockasto sjedalo rotira se na jedva izloženom okruglom postolju s pločama. Svojim jednostavnim geometrijskim oblikom stvara masivni efekt kod opremanja hotela ili većih radnih prostora.<br />
Može se naći u čekaonicama, u trgovačkim centrima, u bolnicama, u sveučilišnim kampusima, knjižnicama i blagovaonicama, jednom rječju &#8211; svuda, obzirom da je prilagođen radnim navikama nove generacije. Pouf se proizvodi od PU injekcijske pjene na metalnoj konstrukciji. Osnovna ploča može se naručiti u kromu i u svim statičnim bojama.</p>

<p>&#8220;Box&#8221; je okretna radna stolica! Njeno kockasto sjedalo rotira se na jedva izloženom okruglom postolju s pločama. Svojim jednostavnim geometrijskim oblikom stvara masivni efekt kod opremanja hotela ili većih radnih prostora. Može se naći u čekaonicama, u trgovačkim centrima, u bolnicama, u sveučilišnim kampusima, knjižnicama i blagovaonicama, jednom rječju &#8211; svuda, obzirom da je prilagođen [&hellip;]</p>
