{"id":92244,"date":"2021-03-19T12:18:22","date_gmt":"2021-03-19T12:18:22","guid":{"rendered":"https:\/\/cernelic.hr\/katalog\/Bez%20kategorije\/brave-by-cernelic-2\/"},"modified":"2023-12-08T02:13:46","modified_gmt":"2023-12-08T02:13:46","slug":"bold-by-bt","status":"publish","type":"product","link":"https:\/\/cernelic.hr\/en\/proizvod\/bold-by-bt\/","title":{"rendered":"BOLD by B&amp;T"},"content":{"rendered":"<p>&#8220;Brave&#8221; naslonja\u010d ima zaobljen oblik od 360 stupnjeva. Uz prisutnost ergonomskog naslona za le\u0111a, Brave fotelja odra\u017eava svoju udobnost i meko\u0107u sa svim svojim vizualnim aspektima. \u201eBrave\u201c naslonja\u010d, koji ima monolitni okvir koji spaja donji oslonac i naslon, ispod ima kota\u010de koji joj omogu\u0107uju okretanje i lako kretanje u prostoru. Prodavanje \u201eBravea\u201c nije samo prodaja fotelja &#8211; to je lounge sjedenje nadohvat ruke.<br \/>\nStoli\u0107 postavljen s desne ili lijeve strane fotelje prema preferencijama korisnika pretvara ga u ugodan kutak za kavu ili osobni radni prostor. Savr\u0161en je izbor za fleksibilna i dinami\u010dna radna podru\u010dja.<\/p>\n","protected":false},"excerpt":{"rendered":"<p>&#8220;Brave&#8221; naslonja\u010d ima zaobljen oblik od 360 stupnjeva. Uz prisutnost ergonomskog naslona za le\u0111a, Brave fotelja odra\u017eava svoju udobnost i meko\u0107u sa svim svojim vizualnim aspektima. \u201eBrave\u201c naslonja\u010d, koji ima monolitni okvir koji spaja donji oslonac i naslon, ispod ima kota\u010de koji joj omogu\u0107uju okretanje i lako kretanje u prostoru. Prodavanje \u201eBravea\u201c nije samo prodaja [&hellip;]<\/p>\n","protected":false},"featured_media":91498,"template":"","meta":{"_acf_changed":false},"product_brand":[],"product_cat":[2111,2062,2105,2061,2082,2068,2117,2101,2108,2103,2094,2073,2092],"product_tag":[],"berocket_brand":[1324],"class_list":{"0":"post-92244","1":"product","2":"type-product","3":"status-publish","4":"has-post-thumbnail","6":"product_cat-dvorane","7":"product_cat-fotelje-i-garniture-za-sjedenje","8":"product_cat-javni","9":"product_cat-proizvodi","10":"product_cat-proizvodi-fotelje-garniture-fotelje-i-garniture-unutarnje-prostore","11":"product_cat-prostori","12":"product_cat-prostori-dvorane-fotelje-i-garniture-za-unutarnje-prostore","13":"product_cat-prostori-horeca-fotelje-i-garniture-za-unutarnje-prostore","14":"product_cat-prostori-javni-fotelje-i-garniture-za-unutarnje-prostore","15":"product_cat-prostori-rezidencijalni-fotelje-i-garniture-za-unutarnje-prostore","16":"product_cat-prostori-uredi-fotelje-i-garniture-za-sjedenje","17":"product_cat-rezidencijalni","18":"product_cat-uredi","19":"berocket_brand-bt","21":"first","22":"instock","23":"product-type-grouped"},"acf":[],"_links":{"self":[{"href":"https:\/\/cernelic.hr\/en\/wp-json\/wp\/v2\/product\/92244","targetHints":{"allow":["GET"]}}],"collection":[{"href":"https:\/\/cernelic.hr\/en\/wp-json\/wp\/v2\/product"}],"about":[{"href":"https:\/\/cernelic.hr\/en\/wp-json\/wp\/v2\/types\/product"}],"wp:featuredmedia":[{"embeddable":true,"href":"https:\/\/cernelic.hr\/en\/wp-json\/wp\/v2\/media\/91498"}],"wp:attachment":[{"href":"https:\/\/cernelic.hr\/en\/wp-json\/wp\/v2\/media?parent=92244"}],"wp:term":[{"taxonomy":"product_brand","embeddable":true,"href":"https:\/\/cernelic.hr\/en\/wp-json\/wp\/v2\/product_brand?post=92244"},{"taxonomy":"product_cat","embeddable":true,"href":"https:\/\/cernelic.hr\/en\/wp-json\/wp\/v2\/product_cat?post=92244"},{"taxonomy":"product_tag","embeddable":true,"href":"https:\/\/cernelic.hr\/en\/wp-json\/wp\/v2\/product_tag?post=92244"},{"taxonomy":"berocket_brand","embeddable":true,"href":"https:\/\/cernelic.hr\/en\/wp-json\/wp\/v2\/berocket_brand?post=92244"}],"curies":[{"name":"wp","href":"https:\/\/api.w.org\/{rel}","templated":true}]}}

<p>&#8220;Brave&#8221; naslonjač ima zaobljen oblik od 360 stupnjeva. Uz prisutnost ergonomskog naslona za leđa, Brave fotelja odražava svoju udobnost i mekoću sa svim svojim vizualnim aspektima. „Brave“ naslonjač, koji ima monolitni okvir koji spaja donji oslonac i naslon, ispod ima kotače koji joj omogućuju okretanje i lako kretanje u prostoru. Prodavanje „Bravea“ nije samo prodaja fotelja &#8211; to je lounge sjedenje nadohvat ruke.<br />
Stolić postavljen s desne ili lijeve strane fotelje prema preferencijama korisnika pretvara ga u ugodan kutak za kavu ili osobni radni prostor. Savršen je izbor za fleksibilna i dinamična radna područja.</p>

<p>&#8220;Brave&#8221; naslonjač ima zaobljen oblik od 360 stupnjeva. Uz prisutnost ergonomskog naslona za leđa, Brave fotelja odražava svoju udobnost i mekoću sa svim svojim vizualnim aspektima. „Brave“ naslonjač, koji ima monolitni okvir koji spaja donji oslonac i naslon, ispod ima kotače koji joj omogućuju okretanje i lako kretanje u prostoru. Prodavanje „Bravea“ nije samo prodaja [&hellip;]</p>
