{"id":92284,"date":"2021-03-19T12:24:49","date_gmt":"2021-03-19T12:24:49","guid":{"rendered":"https:\/\/cernelic.hr\/katalog\/Bez%20kategorije\/marbella-by-cernelic-2\/"},"modified":"2023-12-07T15:54:23","modified_gmt":"2023-12-07T15:54:23","slug":"mabel-by-bt","status":"publish","type":"product","link":"https:\/\/cernelic.hr\/en\/proizvod\/mabel-by-bt\/","title":{"rendered":"MABEL by B&#038;T"},"content":{"rendered":"<p>&#8220;Marbella&#8221; je razvijena da odgovara modernom i elegantnom dizajnu interijera. Bilo da se koristi u direktorskim kancelarijama ili u prvoklasnim salonima uvijek dolazi u velikom nizu konfiguracija. Nasloni za ruke oblo\u017eeni drvetom mogu slu\u017eiti kao stoli\u0107 za kavu ili kao separator izme\u0111u dva naslonja\u010da u nizu.<br \/>\nTanke noge, koje su najzna\u010dajniji detalji elegantnog izgleda dizajna, mogu se premazati prahom prema izboru kupca. Svaka od zna\u010dajki; metalni premaz, tkanina i boja, kombiniraju se kako bi se osigurao skladan integritet. Bez njih ovo ne bi bio uredski namje\u0161taj koji se istovremeno mo\u017ee koristiti i kod projektiranja javnih objekata.<\/p>\n","protected":false},"excerpt":{"rendered":"<p>&#8220;Marbella&#8221; je razvijena da odgovara modernom i elegantnom dizajnu interijera. Bilo da se koristi u direktorskim kancelarijama ili u prvoklasnim salonima uvijek dolazi u velikom nizu konfiguracija. Nasloni za ruke oblo\u017eeni drvetom mogu slu\u017eiti kao stoli\u0107 za kavu ili kao separator izme\u0111u dva naslonja\u010da u nizu. Tanke noge, koje su najzna\u010dajniji detalji elegantnog izgleda dizajna, [&hellip;]<\/p>\n","protected":false},"featured_media":41328,"template":"","meta":{"_acf_changed":false},"product_brand":[],"product_cat":[2111,2062,2105,2085,2061,2083,2082,2086,2068,2117,2101,2108,2103,2094,2073,2092],"product_tag":[],"berocket_brand":[1324],"class_list":{"0":"post-92284","1":"product","2":"type-product","3":"status-publish","4":"has-post-thumbnail","6":"product_cat-dvorane","7":"product_cat-fotelje-i-garniture-za-sjedenje","8":"product_cat-javni","9":"product_cat-namjestaj-za-urede","10":"product_cat-proizvodi","11":"product_cat-proizvodi-fotelje-garniture-fotelje-i-garniture-za-cekaone-i-predprostore","12":"product_cat-proizvodi-fotelje-garniture-fotelje-i-garniture-unutarnje-prostore","13":"product_cat-proizvodi-namjestaj-za-urede-fotelje-garniture-za-neformalne-sastanke","14":"product_cat-prostori","15":"product_cat-prostori-dvorane-fotelje-i-garniture-za-unutarnje-prostore","16":"product_cat-prostori-horeca-fotelje-i-garniture-za-unutarnje-prostore","17":"product_cat-prostori-javni-fotelje-i-garniture-za-unutarnje-prostore","18":"product_cat-prostori-rezidencijalni-fotelje-i-garniture-za-unutarnje-prostore","19":"product_cat-prostori-uredi-fotelje-i-garniture-za-sjedenje","20":"product_cat-rezidencijalni","21":"product_cat-uredi","22":"berocket_brand-bt","24":"first","25":"instock","26":"product-type-grouped"},"acf":[],"_links":{"self":[{"href":"https:\/\/cernelic.hr\/en\/wp-json\/wp\/v2\/product\/92284","targetHints":{"allow":["GET"]}}],"collection":[{"href":"https:\/\/cernelic.hr\/en\/wp-json\/wp\/v2\/product"}],"about":[{"href":"https:\/\/cernelic.hr\/en\/wp-json\/wp\/v2\/types\/product"}],"wp:featuredmedia":[{"embeddable":true,"href":"https:\/\/cernelic.hr\/en\/wp-json\/wp\/v2\/media\/41328"}],"wp:attachment":[{"href":"https:\/\/cernelic.hr\/en\/wp-json\/wp\/v2\/media?parent=92284"}],"wp:term":[{"taxonomy":"product_brand","embeddable":true,"href":"https:\/\/cernelic.hr\/en\/wp-json\/wp\/v2\/product_brand?post=92284"},{"taxonomy":"product_cat","embeddable":true,"href":"https:\/\/cernelic.hr\/en\/wp-json\/wp\/v2\/product_cat?post=92284"},{"taxonomy":"product_tag","embeddable":true,"href":"https:\/\/cernelic.hr\/en\/wp-json\/wp\/v2\/product_tag?post=92284"},{"taxonomy":"berocket_brand","embeddable":true,"href":"https:\/\/cernelic.hr\/en\/wp-json\/wp\/v2\/berocket_brand?post=92284"}],"curies":[{"name":"wp","href":"https:\/\/api.w.org\/{rel}","templated":true}]}}

<p>&#8220;Marbella&#8221; je razvijena da odgovara modernom i elegantnom dizajnu interijera. Bilo da se koristi u direktorskim kancelarijama ili u prvoklasnim salonima uvijek dolazi u velikom nizu konfiguracija. Nasloni za ruke obloženi drvetom mogu služiti kao stolić za kavu ili kao separator između dva naslonjača u nizu.<br />
Tanke noge, koje su najznačajniji detalji elegantnog izgleda dizajna, mogu se premazati prahom prema izboru kupca. Svaka od značajki; metalni premaz, tkanina i boja, kombiniraju se kako bi se osigurao skladan integritet. Bez njih ovo ne bi bio uredski namještaj koji se istovremeno može koristiti i kod projektiranja javnih objekata.</p>

<p>&#8220;Marbella&#8221; je razvijena da odgovara modernom i elegantnom dizajnu interijera. Bilo da se koristi u direktorskim kancelarijama ili u prvoklasnim salonima uvijek dolazi u velikom nizu konfiguracija. Nasloni za ruke obloženi drvetom mogu služiti kao stolić za kavu ili kao separator između dva naslonjača u nizu. Tanke noge, koje su najznačajniji detalji elegantnog izgleda dizajna, [&hellip;]</p>
