{"id":92307,"date":"2021-03-19T12:31:12","date_gmt":"2021-03-19T12:31:12","guid":{"rendered":"https:\/\/cernelic.hr\/katalog\/Bez%20kategorije\/resnik-by-cernelic-2\/"},"modified":"2023-12-08T02:15:51","modified_gmt":"2023-12-08T02:15:51","slug":"rest-by-bt","status":"publish","type":"product","link":"https:\/\/cernelic.hr\/en\/proizvod\/rest-by-bt\/","title":{"rendered":"REST by B&amp;T"},"content":{"rendered":"<p>\u201eResnik\u201c je jednostavna, minimalna, a istovremeno i otmjena stolica. Vrlo \u010dvrsto i elegantno sjedalo od polipropilena svakako je dugotrajno dok elasti\u010dnost plastike pru\u017ea udobnost. Fantasti\u010dno rje\u0161enje za seminare i konferencije \u2013 svaka dvorana za konferencije s ovakvim stolicama samo mo\u017ee osna\u017eiti svoju funkcionalnost. Mo\u017eete ih prona\u0107i u u\u010dionicama i studentskim kampusima, a slu\u017ee kao i stolice za predavaone. \u201eResnik\u201c mo\u017ee se naru\u010diti i tapeciran. Tapecirana verzija izra\u0111ena je s podstavom na plasti\u010dnom okviru i presvlakom od tkanine ili vinila.<\/p>\n","protected":false},"excerpt":{"rendered":"<p>\u201eResnik\u201c je jednostavna, minimalna, a istovremeno i otmjena stolica. Vrlo \u010dvrsto i elegantno sjedalo od polipropilena svakako je dugotrajno dok elasti\u010dnost plastike pru\u017ea udobnost. Fantasti\u010dno rje\u0161enje za seminare i konferencije \u2013 svaka dvorana za konferencije s ovakvim stolicama samo mo\u017ee osna\u017eiti svoju funkcionalnost. Mo\u017eete ih prona\u0107i u u\u010dionicama i studentskim kampusima, a slu\u017ee kao i [&hellip;]<\/p>\n","protected":false},"featured_media":91563,"template":"","meta":{"_acf_changed":false},"product_brand":[],"product_cat":[2111,2062,2099,2105,2090,2085,2061,2127,2098,2068,2164,2102,2100,2106,2109,2104,2093,2073,2087,2088,2089,2113,2091,2092],"product_tag":[],"berocket_brand":[1324],"class_list":{"0":"post-92307","1":"product","2":"type-product","3":"status-publish","4":"has-post-thumbnail","6":"product_cat-dvorane","7":"product_cat-fotelje-i-garniture-za-sjedenje","8":"product_cat-horeca-prostori-horeca","9":"product_cat-javni","10":"product_cat-proizvodi-stolice-stolice-za-sastanke","11":"product_cat-namjestaj-za-urede","12":"product_cat-proizvodi","13":"product_cat-proizvodi-fotelje-garniture-klupe-i-separei","14":"product_cat-prostori-horeca","15":"product_cat-prostori","16":"product_cat-prostori-dvorane-visenamjenske-i-pomicne-sjedalice-za-dvorane","17":"product_cat-prostori-horeca-stolice-za-kongresne-dvorane","18":"product_cat-prostori-horeca-stolice-za-unutarnje-prostore","19":"product_cat-prostori-javni-kongresne-stolice","20":"product_cat-prostori-javni-stolice-za-unutarnje-prostore","21":"product_cat-prostori-rezidencijalni-stolice-za-unutarnje-prostore","22":"product_cat-prostori-uredi-stolice-za-sastanke","23":"product_cat-rezidencijalni","24":"product_cat-stolice","25":"product_cat-proizvodi-stolice-stolice-za-cekaonice","26":"product_cat-proizvodi-stolice-stolice-za-kongresne-dvorane","27":"product_cat-proizvodi-namjestaj-za-urede-stolice-za-sastanke","28":"product_cat-proizvodi-stolice-stolice-za-unutarnje-prostore","29":"product_cat-uredi","30":"berocket_brand-bt","32":"first","33":"instock","34":"product-type-grouped"},"acf":[],"_links":{"self":[{"href":"https:\/\/cernelic.hr\/en\/wp-json\/wp\/v2\/product\/92307","targetHints":{"allow":["GET"]}}],"collection":[{"href":"https:\/\/cernelic.hr\/en\/wp-json\/wp\/v2\/product"}],"about":[{"href":"https:\/\/cernelic.hr\/en\/wp-json\/wp\/v2\/types\/product"}],"wp:featuredmedia":[{"embeddable":true,"href":"https:\/\/cernelic.hr\/en\/wp-json\/wp\/v2\/media\/91563"}],"wp:attachment":[{"href":"https:\/\/cernelic.hr\/en\/wp-json\/wp\/v2\/media?parent=92307"}],"wp:term":[{"taxonomy":"product_brand","embeddable":true,"href":"https:\/\/cernelic.hr\/en\/wp-json\/wp\/v2\/product_brand?post=92307"},{"taxonomy":"product_cat","embeddable":true,"href":"https:\/\/cernelic.hr\/en\/wp-json\/wp\/v2\/product_cat?post=92307"},{"taxonomy":"product_tag","embeddable":true,"href":"https:\/\/cernelic.hr\/en\/wp-json\/wp\/v2\/product_tag?post=92307"},{"taxonomy":"berocket_brand","embeddable":true,"href":"https:\/\/cernelic.hr\/en\/wp-json\/wp\/v2\/berocket_brand?post=92307"}],"curies":[{"name":"wp","href":"https:\/\/api.w.org\/{rel}","templated":true}]}}

<p>„Resnik“ je jednostavna, minimalna, a istovremeno i otmjena stolica. Vrlo čvrsto i elegantno sjedalo od polipropilena svakako je dugotrajno dok elastičnost plastike pruža udobnost. Fantastično rješenje za seminare i konferencije – svaka dvorana za konferencije s ovakvim stolicama samo može osnažiti svoju funkcionalnost. Možete ih pronaći u učionicama i studentskim kampusima, a služe kao i stolice za predavaone. „Resnik“ može se naručiti i tapeciran. Tapecirana verzija izrađena je s podstavom na plastičnom okviru i presvlakom od tkanine ili vinila.</p>

<p>„Resnik“ je jednostavna, minimalna, a istovremeno i otmjena stolica. Vrlo čvrsto i elegantno sjedalo od polipropilena svakako je dugotrajno dok elastičnost plastike pruža udobnost. Fantastično rješenje za seminare i konferencije – svaka dvorana za konferencije s ovakvim stolicama samo može osnažiti svoju funkcionalnost. Možete ih pronaći u učionicama i studentskim kampusima, a služe kao i [&hellip;]</p>
