{"id":92317,"date":"2021-03-19T12:31:12","date_gmt":"2021-03-19T12:31:12","guid":{"rendered":"https:\/\/cernelic.hr\/katalog\/Bez%20kategorije\/spot-by-cernelic-2\/"},"modified":"2023-12-08T02:16:33","modified_gmt":"2023-12-08T02:16:33","slug":"dot-by-bt","status":"publish","type":"product","link":"https:\/\/cernelic.hr\/en\/proizvod\/dot-by-bt\/","title":{"rendered":"DOT by B&amp;T"},"content":{"rendered":"<p>Slijede\u0107i fluidnu liniju, stra\u017enja strana okvira zavr\u0161ava ovalnim rezom. Integracija jastuka na naslon ne samo da pru\u017ea udobnu potporu za le\u0111a, ve\u0107 otkriva i ikoni\u010dni izgled osiguran ovakvim detaljem. Opremanje uredskih prostora i kancelarija &#8220;Spot&#8221; stolicama obogatiti \u0107e prostor svojim urednim geometrijskim dizajnom.<\/p>\n","protected":false},"excerpt":{"rendered":"<p>Slijede\u0107i fluidnu liniju, stra\u017enja strana okvira zavr\u0161ava ovalnim rezom. Integracija jastuka na naslon ne samo da pru\u017ea udobnu potporu za le\u0111a, ve\u0107 otkriva i ikoni\u010dni izgled osiguran ovakvim detaljem. Opremanje uredskih prostora i kancelarija &#8220;Spot&#8221; stolicama obogatiti \u0107e prostor svojim urednim geometrijskim dizajnom.<\/p>\n","protected":false},"featured_media":91574,"template":"","meta":{"_acf_changed":false},"product_brand":[],"product_cat":[2111,2099,2105,2061,2098,2068,2164,2102,2100,2106,2109,2104,2073,2087,2088,2089,2091],"product_tag":[],"berocket_brand":[1324],"class_list":{"0":"post-92317","1":"product","2":"type-product","3":"status-publish","4":"has-post-thumbnail","6":"product_cat-dvorane","7":"product_cat-horeca-prostori-horeca","8":"product_cat-javni","9":"product_cat-proizvodi","10":"product_cat-prostori-horeca","11":"product_cat-prostori","12":"product_cat-prostori-dvorane-visenamjenske-i-pomicne-sjedalice-za-dvorane","13":"product_cat-prostori-horeca-stolice-za-kongresne-dvorane","14":"product_cat-prostori-horeca-stolice-za-unutarnje-prostore","15":"product_cat-prostori-javni-kongresne-stolice","16":"product_cat-prostori-javni-stolice-za-unutarnje-prostore","17":"product_cat-prostori-rezidencijalni-stolice-za-unutarnje-prostore","18":"product_cat-rezidencijalni","19":"product_cat-stolice","20":"product_cat-proizvodi-stolice-stolice-za-cekaonice","21":"product_cat-proizvodi-stolice-stolice-za-kongresne-dvorane","22":"product_cat-proizvodi-stolice-stolice-za-unutarnje-prostore","23":"berocket_brand-bt","25":"first","26":"instock","27":"product-type-grouped"},"acf":[],"_links":{"self":[{"href":"https:\/\/cernelic.hr\/en\/wp-json\/wp\/v2\/product\/92317","targetHints":{"allow":["GET"]}}],"collection":[{"href":"https:\/\/cernelic.hr\/en\/wp-json\/wp\/v2\/product"}],"about":[{"href":"https:\/\/cernelic.hr\/en\/wp-json\/wp\/v2\/types\/product"}],"wp:featuredmedia":[{"embeddable":true,"href":"https:\/\/cernelic.hr\/en\/wp-json\/wp\/v2\/media\/91574"}],"wp:attachment":[{"href":"https:\/\/cernelic.hr\/en\/wp-json\/wp\/v2\/media?parent=92317"}],"wp:term":[{"taxonomy":"product_brand","embeddable":true,"href":"https:\/\/cernelic.hr\/en\/wp-json\/wp\/v2\/product_brand?post=92317"},{"taxonomy":"product_cat","embeddable":true,"href":"https:\/\/cernelic.hr\/en\/wp-json\/wp\/v2\/product_cat?post=92317"},{"taxonomy":"product_tag","embeddable":true,"href":"https:\/\/cernelic.hr\/en\/wp-json\/wp\/v2\/product_tag?post=92317"},{"taxonomy":"berocket_brand","embeddable":true,"href":"https:\/\/cernelic.hr\/en\/wp-json\/wp\/v2\/berocket_brand?post=92317"}],"curies":[{"name":"wp","href":"https:\/\/api.w.org\/{rel}","templated":true}]}}

<p>Slijedeći fluidnu liniju, stražnja strana okvira završava ovalnim rezom. Integracija jastuka na naslon ne samo da pruža udobnu potporu za leđa, već otkriva i ikonični izgled osiguran ovakvim detaljem. Opremanje uredskih prostora i kancelarija &#8220;Spot&#8221; stolicama obogatiti će prostor svojim urednim geometrijskim dizajnom.</p>
