{"id":92403,"date":"2021-03-19T12:44:10","date_gmt":"2021-03-19T12:44:10","guid":{"rendered":"https:\/\/cernelic.hr\/katalog\/Bez%20kategorije\/tauris-by-cernelic-2\/"},"modified":"2023-12-08T02:32:45","modified_gmt":"2023-12-08T02:32:45","slug":"tauris-by-cernelic","status":"publish","type":"product","link":"https:\/\/cernelic.hr\/en\/proizvod\/tauris-by-cernelic\/","title":{"rendered":"TAURIS by \u010cerneli\u0107"},"content":{"rendered":"<p>Tradicionalno i suvremeno u dizajnu koji se najbolje opisuje kao bezvremenski. Horizontalne linije, tradicionalna glatkost: zna\u010dajke jednostavnog dizajna. Kompletan asortiman namje\u0161taja koji s jednostavno\u0161\u0107u ure\u0111uje unutarnje i vanjske prostore. Injektiran polipropilenom oja\u010danim staklenim vlaknima. Slo\u017eiv, s UV za\u0161titom. Opremanje po mjeri nadohvat ruke.<\/p>\n","protected":false},"excerpt":{"rendered":"<p>Tradicionalno i suvremeno u dizajnu koji se najbolje opisuje kao bezvremenski. Horizontalne linije, tradicionalna glatkost: zna\u010dajke jednostavnog dizajna. Kompletan asortiman namje\u0161taja koji s jednostavno\u0161\u0107u ure\u0111uje unutarnje i vanjske prostore. Injektiran polipropilenom oja\u010danim staklenim vlaknima. Slo\u017eiv, s UV za\u0161titom. Opremanje po mjeri nadohvat ruke.<\/p>\n","protected":false},"featured_media":92055,"template":"","meta":{"_acf_changed":false},"product_brand":[],"product_cat":[2099,2105,2513,2061,2068,2098,2100,2070,2109,2125,2080,2104,2075,2073,2087,2091,2124],"product_tag":[],"berocket_brand":[521],"class_list":{"0":"post-92403","1":"product","2":"type-product","3":"status-publish","4":"has-post-thumbnail","6":"product_cat-horeca-prostori-horeca","7":"product_cat-javni","8":"product_cat-outdoor","9":"product_cat-proizvodi","10":"product_cat-prostori","11":"product_cat-prostori-horeca","12":"product_cat-prostori-horeca-stolice-za-unutarnje-prostore","13":"product_cat-prostori-horeca-stolice-za-vanjske-prostore","14":"product_cat-prostori-javni-stolice-za-unutarnje-prostore","15":"product_cat-prostori-javni-stolice-za-vanjske-prostore","16":"product_cat-prostori-outdoor-stolice-za-vanjske-prostore","17":"product_cat-prostori-rezidencijalni-stolice-za-unutarnje-prostore","18":"product_cat-prostori-rezidencijalni-stolice-za-vanjske-prostore","19":"product_cat-rezidencijalni","20":"product_cat-stolice","21":"product_cat-proizvodi-stolice-stolice-za-unutarnje-prostore","22":"product_cat-proizvodi-stolice-stolice-za-vanjske-prostore","23":"berocket_brand-cernelic","25":"first","26":"instock","27":"product-type-grouped"},"acf":[],"_links":{"self":[{"href":"https:\/\/cernelic.hr\/en\/wp-json\/wp\/v2\/product\/92403","targetHints":{"allow":["GET"]}}],"collection":[{"href":"https:\/\/cernelic.hr\/en\/wp-json\/wp\/v2\/product"}],"about":[{"href":"https:\/\/cernelic.hr\/en\/wp-json\/wp\/v2\/types\/product"}],"wp:featuredmedia":[{"embeddable":true,"href":"https:\/\/cernelic.hr\/en\/wp-json\/wp\/v2\/media\/92055"}],"wp:attachment":[{"href":"https:\/\/cernelic.hr\/en\/wp-json\/wp\/v2\/media?parent=92403"}],"wp:term":[{"taxonomy":"product_brand","embeddable":true,"href":"https:\/\/cernelic.hr\/en\/wp-json\/wp\/v2\/product_brand?post=92403"},{"taxonomy":"product_cat","embeddable":true,"href":"https:\/\/cernelic.hr\/en\/wp-json\/wp\/v2\/product_cat?post=92403"},{"taxonomy":"product_tag","embeddable":true,"href":"https:\/\/cernelic.hr\/en\/wp-json\/wp\/v2\/product_tag?post=92403"},{"taxonomy":"berocket_brand","embeddable":true,"href":"https:\/\/cernelic.hr\/en\/wp-json\/wp\/v2\/berocket_brand?post=92403"}],"curies":[{"name":"wp","href":"https:\/\/api.w.org\/{rel}","templated":true}]}}

TAURIS by Černelić

<p>Tradicionalno i suvremeno u dizajnu koji se najbolje opisuje kao bezvremenski. Horizontalne linije, tradicionalna glatkost: značajke jednostavnog dizajna. Kompletan asortiman namještaja koji s jednostavnošću uređuje unutarnje i vanjske prostore. Injektiran polipropilenom ojačanim staklenim vlaknima. Složiv, s UV zaštitom. Opremanje po mjeri nadohvat ruke.</p>
