{"id":92407,"date":"2021-03-19T12:47:19","date_gmt":"2021-03-19T12:47:19","guid":{"rendered":"https:\/\/cernelic.hr\/katalog\/Bez%20kategorije\/vera-by-cernelic-2\/"},"modified":"2023-12-08T02:32:55","modified_gmt":"2023-12-08T02:32:55","slug":"vera-by-cernelic","status":"publish","type":"product","link":"https:\/\/cernelic.hr\/en\/proizvod\/vera-by-cernelic\/","title":{"rendered":"VERA by \u010cerneli\u0107"},"content":{"rendered":"<p>Jednodijelne slo\u017eive stolice od polipropilena oja\u010danog staklenim vlaknima. Izuzetno udobne stolice zahvaljuju\u0107i tapeciranom sjedalu presvu\u010denom tkaninom. Tapecirano sjedalo dostupno je u raznim tkaninama i opcijama. Sa svojim jednostavnim, \u010distim linijama pogodnim za dnevni boravak\/blagovaonicu u stambenim i ugovornim mjestima. Anti UV stabilizirana. Pogodna za unutarnja i vanjska okru\u017eenja.<\/p>\n","protected":false},"excerpt":{"rendered":"<p>Jednodijelne slo\u017eive stolice od polipropilena oja\u010danog staklenim vlaknima. Izuzetno udobne stolice zahvaljuju\u0107i tapeciranom sjedalu presvu\u010denom tkaninom. Tapecirano sjedalo dostupno je u raznim tkaninama i opcijama. Sa svojim jednostavnim, \u010distim linijama pogodnim za dnevni boravak\/blagovaonicu u stambenim i ugovornim mjestima. Anti UV stabilizirana. Pogodna za unutarnja i vanjska okru\u017eenja.<\/p>\n","protected":false},"featured_media":92060,"template":"","meta":{"_acf_changed":false},"product_brand":[],"product_cat":[2099,2105,2513,2061,2068,2098,2100,2070,2109,2125,2080,2104,2075,2073,2087,2091,2124],"product_tag":[],"berocket_brand":[521],"class_list":{"0":"post-92407","1":"product","2":"type-product","3":"status-publish","4":"has-post-thumbnail","6":"product_cat-horeca-prostori-horeca","7":"product_cat-javni","8":"product_cat-outdoor","9":"product_cat-proizvodi","10":"product_cat-prostori","11":"product_cat-prostori-horeca","12":"product_cat-prostori-horeca-stolice-za-unutarnje-prostore","13":"product_cat-prostori-horeca-stolice-za-vanjske-prostore","14":"product_cat-prostori-javni-stolice-za-unutarnje-prostore","15":"product_cat-prostori-javni-stolice-za-vanjske-prostore","16":"product_cat-prostori-outdoor-stolice-za-vanjske-prostore","17":"product_cat-prostori-rezidencijalni-stolice-za-unutarnje-prostore","18":"product_cat-prostori-rezidencijalni-stolice-za-vanjske-prostore","19":"product_cat-rezidencijalni","20":"product_cat-stolice","21":"product_cat-proizvodi-stolice-stolice-za-unutarnje-prostore","22":"product_cat-proizvodi-stolice-stolice-za-vanjske-prostore","23":"berocket_brand-cernelic","25":"first","26":"instock","27":"product-type-grouped"},"acf":[],"_links":{"self":[{"href":"https:\/\/cernelic.hr\/en\/wp-json\/wp\/v2\/product\/92407","targetHints":{"allow":["GET"]}}],"collection":[{"href":"https:\/\/cernelic.hr\/en\/wp-json\/wp\/v2\/product"}],"about":[{"href":"https:\/\/cernelic.hr\/en\/wp-json\/wp\/v2\/types\/product"}],"wp:featuredmedia":[{"embeddable":true,"href":"https:\/\/cernelic.hr\/en\/wp-json\/wp\/v2\/media\/92060"}],"wp:attachment":[{"href":"https:\/\/cernelic.hr\/en\/wp-json\/wp\/v2\/media?parent=92407"}],"wp:term":[{"taxonomy":"product_brand","embeddable":true,"href":"https:\/\/cernelic.hr\/en\/wp-json\/wp\/v2\/product_brand?post=92407"},{"taxonomy":"product_cat","embeddable":true,"href":"https:\/\/cernelic.hr\/en\/wp-json\/wp\/v2\/product_cat?post=92407"},{"taxonomy":"product_tag","embeddable":true,"href":"https:\/\/cernelic.hr\/en\/wp-json\/wp\/v2\/product_tag?post=92407"},{"taxonomy":"berocket_brand","embeddable":true,"href":"https:\/\/cernelic.hr\/en\/wp-json\/wp\/v2\/berocket_brand?post=92407"}],"curies":[{"name":"wp","href":"https:\/\/api.w.org\/{rel}","templated":true}]}}

VERA by Černelić

<p>Jednodijelne složive stolice od polipropilena ojačanog staklenim vlaknima. Izuzetno udobne stolice zahvaljujući tapeciranom sjedalu presvučenom tkaninom. Tapecirano sjedalo dostupno je u raznim tkaninama i opcijama. Sa svojim jednostavnim, čistim linijama pogodnim za dnevni boravak/blagovaonicu u stambenim i ugovornim mjestima. Anti UV stabilizirana. Pogodna za unutarnja i vanjska okruženja.</p>
