{"id":92408,"date":"2021-03-19T12:47:19","date_gmt":"2021-03-19T12:47:19","guid":{"rendered":"https:\/\/cernelic.hr\/katalog\/Bez%20kategorije\/vogue-by-cernelic-2\/"},"modified":"2023-12-08T02:32:57","modified_gmt":"2023-12-08T02:32:57","slug":"vogue-by-cernelic","status":"publish","type":"product","link":"https:\/\/cernelic.hr\/en\/proizvod\/vogue-by-cernelic\/","title":{"rendered":"VOGUE by \u010cerneli\u0107"},"content":{"rendered":"<p>Slo\u017eive stolice s bazom od polipropilena oja\u010danog staklenim vlaknima i naslonom od polikarbonata. Ova tradicionalna stolica pretvara se u stolicu suvremenog izgleda, a kombinacija dvaju materijala i njene moderne boje \u010dine ju lako prilagodljivom svakom dinami\u010dnom dizajnerskom okru\u017eenju. Anti UV stabilizirana. Pogodna za unutarnju i vanjsku upotrebu. \u201eVogue\u201c stolica tako\u0111er je dostupna s bogatim izborom modela jastuka. Oni oboga\u0107uju stolicu i daju joj poseban karakter za unutarnju upotrebu, ali ne zaboravite, ovaj model mo\u017ee poslu\u017eiti i kao stolice za terasu.<\/p>\n","protected":false},"excerpt":{"rendered":"<p>Slo\u017eive stolice s bazom od polipropilena oja\u010danog staklenim vlaknima i naslonom od polikarbonata. Ova tradicionalna stolica pretvara se u stolicu suvremenog izgleda, a kombinacija dvaju materijala i njene moderne boje \u010dine ju lako prilagodljivom svakom dinami\u010dnom dizajnerskom okru\u017eenju. Anti UV stabilizirana. Pogodna za unutarnju i vanjsku upotrebu. \u201eVogue\u201c stolica tako\u0111er je dostupna s bogatim izborom [&hellip;]<\/p>\n","protected":false},"featured_media":92061,"template":"","meta":{"_acf_changed":false},"product_brand":[],"product_cat":[2099,2105,2513,2061,2098,2068,2100,2070,2109,2125,2080,2104,2075,2073,2087,2091,2124],"product_tag":[],"berocket_brand":[521],"class_list":{"0":"post-92408","1":"product","2":"type-product","3":"status-publish","4":"has-post-thumbnail","6":"product_cat-horeca-prostori-horeca","7":"product_cat-javni","8":"product_cat-outdoor","9":"product_cat-proizvodi","10":"product_cat-prostori-horeca","11":"product_cat-prostori","12":"product_cat-prostori-horeca-stolice-za-unutarnje-prostore","13":"product_cat-prostori-horeca-stolice-za-vanjske-prostore","14":"product_cat-prostori-javni-stolice-za-unutarnje-prostore","15":"product_cat-prostori-javni-stolice-za-vanjske-prostore","16":"product_cat-prostori-outdoor-stolice-za-vanjske-prostore","17":"product_cat-prostori-rezidencijalni-stolice-za-unutarnje-prostore","18":"product_cat-prostori-rezidencijalni-stolice-za-vanjske-prostore","19":"product_cat-rezidencijalni","20":"product_cat-stolice","21":"product_cat-proizvodi-stolice-stolice-za-unutarnje-prostore","22":"product_cat-proizvodi-stolice-stolice-za-vanjske-prostore","23":"berocket_brand-cernelic","25":"first","26":"instock","27":"product-type-grouped"},"acf":[],"_links":{"self":[{"href":"https:\/\/cernelic.hr\/en\/wp-json\/wp\/v2\/product\/92408","targetHints":{"allow":["GET"]}}],"collection":[{"href":"https:\/\/cernelic.hr\/en\/wp-json\/wp\/v2\/product"}],"about":[{"href":"https:\/\/cernelic.hr\/en\/wp-json\/wp\/v2\/types\/product"}],"wp:featuredmedia":[{"embeddable":true,"href":"https:\/\/cernelic.hr\/en\/wp-json\/wp\/v2\/media\/92061"}],"wp:attachment":[{"href":"https:\/\/cernelic.hr\/en\/wp-json\/wp\/v2\/media?parent=92408"}],"wp:term":[{"taxonomy":"product_brand","embeddable":true,"href":"https:\/\/cernelic.hr\/en\/wp-json\/wp\/v2\/product_brand?post=92408"},{"taxonomy":"product_cat","embeddable":true,"href":"https:\/\/cernelic.hr\/en\/wp-json\/wp\/v2\/product_cat?post=92408"},{"taxonomy":"product_tag","embeddable":true,"href":"https:\/\/cernelic.hr\/en\/wp-json\/wp\/v2\/product_tag?post=92408"},{"taxonomy":"berocket_brand","embeddable":true,"href":"https:\/\/cernelic.hr\/en\/wp-json\/wp\/v2\/berocket_brand?post=92408"}],"curies":[{"name":"wp","href":"https:\/\/api.w.org\/{rel}","templated":true}]}}

VOGUE by Černelić

<p>Složive stolice s bazom od polipropilena ojačanog staklenim vlaknima i naslonom od polikarbonata. Ova tradicionalna stolica pretvara se u stolicu suvremenog izgleda, a kombinacija dvaju materijala i njene moderne boje čine ju lako prilagodljivom svakom dinamičnom dizajnerskom okruženju. Anti UV stabilizirana. Pogodna za unutarnju i vanjsku upotrebu. „Vogue“ stolica također je dostupna s bogatim izborom modela jastuka. Oni obogaćuju stolicu i daju joj poseban karakter za unutarnju upotrebu, ali ne zaboravite, ovaj model može poslužiti i kao stolice za terasu.</p>

<p>Složive stolice s bazom od polipropilena ojačanog staklenim vlaknima i naslonom od polikarbonata. Ova tradicionalna stolica pretvara se u stolicu suvremenog izgleda, a kombinacija dvaju materijala i njene moderne boje čine ju lako prilagodljivom svakom dinamičnom dizajnerskom okruženju. Anti UV stabilizirana. Pogodna za unutarnju i vanjsku upotrebu. „Vogue“ stolica također je dostupna s bogatim izborom [&hellip;]</p>
