{"id":92495,"date":"2021-03-19T12:59:56","date_gmt":"2021-03-19T12:59:56","guid":{"rendered":"https:\/\/cernelic.hr\/katalog\/Bez%20kategorije\/balad-by-fermob-2\/"},"modified":"2023-12-08T02:25:26","modified_gmt":"2023-12-08T02:25:26","slug":"balad-by-fermob","status":"publish","type":"product","link":"https:\/\/cernelic.hr\/en\/proizvod\/balad-by-fermob\/","title":{"rendered":"BALAD by Fermob"},"content":{"rendered":"<p>Fermob se nastavlja fokusirati na druge aspekte vrta osim namje\u0161taja, ovaj put s potpuno novim asortimanom vanjske rasvjete poznatim kao \u201eBalad\u201c. Vanjska rasvjeta u potpunosti u skladu s duhom koji obilje\u017eava brend \u2013 prakti\u010dan, mobilan, inspiriran dizajnom i \u0161aren. \u201eBalad\u201c je dizajniran s dvostrukom ambicijom na umu: stvoriti pouzdan proizvod koji bi bio elegantan i atraktivan u dizajnu.<br \/>\n\u201eBalad\u201c lampe mogu se na\u0107i kod ku\u0107e na stolu, u vrtu, na terasi ili \u010dak na pla\u017ei. Dolaze s tri metalna stalka tako da lako mo\u017eete prona\u0107i pravo mjesto i neprimjetno se uklapaju u svaki ambijent. Fermob je kona\u010dno smislio rje\u0161enje za vanjsku rasvjetu za one duge ljetne ve\u010deri, \u0161to zna\u010di da mo\u017eete biti doma\u0107ini dugo u no\u0107.<\/p>\n","protected":false},"excerpt":{"rendered":"<p>Fermob se nastavlja fokusirati na druge aspekte vrta osim namje\u0161taja, ovaj put s potpuno novim asortimanom vanjske rasvjete poznatim kao \u201eBalad\u201c. Vanjska rasvjeta u potpunosti u skladu s duhom koji obilje\u017eava brend \u2013 prakti\u010dan, mobilan, inspiriran dizajnom i \u0161aren. \u201eBalad\u201c je dizajniran s dvostrukom ambicijom na umu: stvoriti pouzdan proizvod koji bi bio elegantan i [&hellip;]<\/p>\n","protected":false},"featured_media":91816,"template":"","meta":{"_acf_changed":false},"product_brand":[],"product_cat":[2105,2513,2061,2201,2202,2068,2203,2205,2206,2204,2200,2073],"product_tag":[],"berocket_brand":[524],"class_list":{"0":"post-92495","1":"product","2":"type-product","3":"status-publish","4":"has-post-thumbnail","6":"product_cat-javni","7":"product_cat-outdoor","8":"product_cat-proizvodi","9":"product_cat-proizvodi-rasvjeta-dekorativna-rasvjeta-za-unutarnje-prostore","10":"product_cat-proizvodi-rasvjeta-dekorativna-rasvjeta-za-vanjske-prostore","11":"product_cat-prostori","12":"product_cat-prostori-horeca-rasvjeta","13":"product_cat-prostori-javni-rasvjeta","14":"product_cat-prostori-outdoor-rasvjeta-za-vanjske-prostore","15":"product_cat-prostori-rezidencijalni-rasvjeta","16":"product_cat-rasvjeta","17":"product_cat-rezidencijalni","18":"berocket_brand-fermob","20":"first","21":"instock","22":"product-type-grouped"},"acf":[],"_links":{"self":[{"href":"https:\/\/cernelic.hr\/en\/wp-json\/wp\/v2\/product\/92495","targetHints":{"allow":["GET"]}}],"collection":[{"href":"https:\/\/cernelic.hr\/en\/wp-json\/wp\/v2\/product"}],"about":[{"href":"https:\/\/cernelic.hr\/en\/wp-json\/wp\/v2\/types\/product"}],"wp:featuredmedia":[{"embeddable":true,"href":"https:\/\/cernelic.hr\/en\/wp-json\/wp\/v2\/media\/91816"}],"wp:attachment":[{"href":"https:\/\/cernelic.hr\/en\/wp-json\/wp\/v2\/media?parent=92495"}],"wp:term":[{"taxonomy":"product_brand","embeddable":true,"href":"https:\/\/cernelic.hr\/en\/wp-json\/wp\/v2\/product_brand?post=92495"},{"taxonomy":"product_cat","embeddable":true,"href":"https:\/\/cernelic.hr\/en\/wp-json\/wp\/v2\/product_cat?post=92495"},{"taxonomy":"product_tag","embeddable":true,"href":"https:\/\/cernelic.hr\/en\/wp-json\/wp\/v2\/product_tag?post=92495"},{"taxonomy":"berocket_brand","embeddable":true,"href":"https:\/\/cernelic.hr\/en\/wp-json\/wp\/v2\/berocket_brand?post=92495"}],"curies":[{"name":"wp","href":"https:\/\/api.w.org\/{rel}","templated":true}]}}

<p>Fermob se nastavlja fokusirati na druge aspekte vrta osim namještaja, ovaj put s potpuno novim asortimanom vanjske rasvjete poznatim kao „Balad“. Vanjska rasvjeta u potpunosti u skladu s duhom koji obilježava brend – praktičan, mobilan, inspiriran dizajnom i šaren. „Balad“ je dizajniran s dvostrukom ambicijom na umu: stvoriti pouzdan proizvod koji bi bio elegantan i atraktivan u dizajnu.<br />
„Balad“ lampe mogu se naći kod kuće na stolu, u vrtu, na terasi ili čak na plaži. Dolaze s tri metalna stalka tako da lako možete pronaći pravo mjesto i neprimjetno se uklapaju u svaki ambijent. Fermob je konačno smislio rješenje za vanjsku rasvjetu za one duge ljetne večeri, što znači da možete biti domaćini dugo u noć.</p>

<p>Fermob se nastavlja fokusirati na druge aspekte vrta osim namještaja, ovaj put s potpuno novim asortimanom vanjske rasvjete poznatim kao „Balad“. Vanjska rasvjeta u potpunosti u skladu s duhom koji obilježava brend – praktičan, mobilan, inspiriran dizajnom i šaren. „Balad“ je dizajniran s dvostrukom ambicijom na umu: stvoriti pouzdan proizvod koji bi bio elegantan i [&hellip;]</p>
