{"id":92505,"date":"2021-03-19T13:03:14","date_gmt":"2021-03-19T13:03:14","guid":{"rendered":"https:\/\/cernelic.hr\/katalog\/Bez%20kategorije\/charivari-by-fermob-2\/"},"modified":"2023-12-08T02:26:57","modified_gmt":"2023-12-08T02:26:57","slug":"charivari-by-fermob","status":"publish","type":"product","link":"https:\/\/cernelic.hr\/en\/proizvod\/charivari-by-fermob\/","title":{"rendered":"CHARIVARI by Fermob"},"content":{"rendered":"<p>Originalni prototip Juliette Liberman za klupu \u201eCharivari\u201csadr\u017eavao je drveno sjedalo, koriste\u0107i isti postupak savijanja parom koji tradicionalno koriste brodograditelji za izradu rebara \u010damaca. Rezultat je graciozna, velikodu\u0161na klupa zapanjuju\u0107e laganog izgleda. Namje\u0161taj za terasu sa zakrivljenim aluminijskim letvicama koje izgledaju kao tkanina prevu\u010dena preko \u010deli\u010dnog okvira, fleksibilna i valovita, kao da je u stalnom pokretu.<\/p>\n","protected":false},"excerpt":{"rendered":"<p>Originalni prototip Juliette Liberman za klupu \u201eCharivari\u201csadr\u017eavao je drveno sjedalo, koriste\u0107i isti postupak savijanja parom koji tradicionalno koriste brodograditelji za izradu rebara \u010damaca. Rezultat je graciozna, velikodu\u0161na klupa zapanjuju\u0107e laganog izgleda. Namje\u0161taj za terasu sa zakrivljenim aluminijskim letvicama koje izgledaju kao tkanina prevu\u010dena preko \u010deli\u010dnog okvira, fleksibilna i valovita, kao da je u stalnom pokretu.<\/p>\n","protected":false},"featured_media":91826,"template":"","meta":{"_acf_changed":false},"product_brand":[],"product_cat":[2062,2105,2513,2061,2066,2127,2068,2071,2129,2141,2079,2211,2074,2073],"product_tag":[],"berocket_brand":[524],"class_list":{"0":"post-92505","1":"product","2":"type-product","3":"status-publish","4":"has-post-thumbnail","6":"product_cat-fotelje-i-garniture-za-sjedenje","7":"product_cat-javni","8":"product_cat-outdoor","9":"product_cat-proizvodi","10":"product_cat-proizvodi-fotelje-garniture-fotelje-i-garniture-za-vanjske-prostore","11":"product_cat-proizvodi-fotelje-garniture-klupe-i-separei","12":"product_cat-prostori","13":"product_cat-prostori-horeca-fotelje-i-garniture-za-vanjske-prostore","14":"product_cat-prostori-horeca-klupe-i-separei","15":"product_cat-prostori-javni-fotelje-i-garniture-za-vanjske-prostore","16":"product_cat-prostori-outdoor-fotelje-i-garniture-za-vanjske-prostore","17":"product_cat-prostori-outdoor-urbana-oprema","18":"product_cat-prostori-rezidencijalni-fotelje-i-garniture-za-vanjske-prostore","19":"product_cat-rezidencijalni","20":"berocket_brand-fermob","22":"first","23":"instock","24":"product-type-grouped"},"acf":[],"_links":{"self":[{"href":"https:\/\/cernelic.hr\/en\/wp-json\/wp\/v2\/product\/92505","targetHints":{"allow":["GET"]}}],"collection":[{"href":"https:\/\/cernelic.hr\/en\/wp-json\/wp\/v2\/product"}],"about":[{"href":"https:\/\/cernelic.hr\/en\/wp-json\/wp\/v2\/types\/product"}],"wp:featuredmedia":[{"embeddable":true,"href":"https:\/\/cernelic.hr\/en\/wp-json\/wp\/v2\/media\/91826"}],"wp:attachment":[{"href":"https:\/\/cernelic.hr\/en\/wp-json\/wp\/v2\/media?parent=92505"}],"wp:term":[{"taxonomy":"product_brand","embeddable":true,"href":"https:\/\/cernelic.hr\/en\/wp-json\/wp\/v2\/product_brand?post=92505"},{"taxonomy":"product_cat","embeddable":true,"href":"https:\/\/cernelic.hr\/en\/wp-json\/wp\/v2\/product_cat?post=92505"},{"taxonomy":"product_tag","embeddable":true,"href":"https:\/\/cernelic.hr\/en\/wp-json\/wp\/v2\/product_tag?post=92505"},{"taxonomy":"berocket_brand","embeddable":true,"href":"https:\/\/cernelic.hr\/en\/wp-json\/wp\/v2\/berocket_brand?post=92505"}],"curies":[{"name":"wp","href":"https:\/\/api.w.org\/{rel}","templated":true}]}}

<p>Originalni prototip Juliette Liberman za klupu „Charivari“sadržavao je drveno sjedalo, koristeći isti postupak savijanja parom koji tradicionalno koriste brodograditelji za izradu rebara čamaca. Rezultat je graciozna, velikodušna klupa zapanjujuće laganog izgleda. Namještaj za terasu sa zakrivljenim aluminijskim letvicama koje izgledaju kao tkanina prevučena preko čeličnog okvira, fleksibilna i valovita, kao da je u stalnom pokretu.</p>
