{"id":92544,"date":"2021-03-19T13:09:46","date_gmt":"2021-03-19T13:09:46","guid":{"rendered":"https:\/\/cernelic.hr\/katalog\/Bez%20kategorije\/petale-by-fermob-2\/"},"modified":"2023-12-08T02:28:53","modified_gmt":"2023-12-08T02:28:53","slug":"petale-by-fermob","status":"publish","type":"product","link":"https:\/\/cernelic.hr\/en\/proizvod\/petale-by-fermob\/","title":{"rendered":"PETALE by Fermob"},"content":{"rendered":"<p>Philippe Mathieu prilikom dizajniranja za Fermob brinuo je o kombiniranju dizajna i pristupa\u010dnosti. No, s \u201eP\u00e9taleom\u201c postigao je originalnost koja le\u017ei u njegovim zaobljenim linijama i nevjerojatnoj funkcionalnosti: sklopivim stolnim povr\u0161inama, no\u017eicama s utorima i dva modularna formata kako bi se pove\u0107ao broj gostiju koje mo\u017ee primiti i kako bi se prilagodio raznim terasama i prostornim konfiguracijama.<\/p>\n","protected":false},"excerpt":{"rendered":"<p>Philippe Mathieu prilikom dizajniranja za Fermob brinuo je o kombiniranju dizajna i pristupa\u010dnosti. No, s \u201eP\u00e9taleom\u201c postigao je originalnost koja le\u017ei u njegovim zaobljenim linijama i nevjerojatnoj funkcionalnosti: sklopivim stolnim povr\u0161inama, no\u017eicama s utorima i dva modularna formata kako bi se pove\u0107ao broj gostiju koje mo\u017ee primiti i kako bi se prilagodio raznim terasama i [&hellip;]<\/p>\n","protected":false},"featured_media":91863,"template":"","meta":{"_acf_changed":false},"product_brand":[],"product_cat":[2105,2513,2061,2068,2144,2147,2186,2145,2073,2118,2143],"product_tag":[],"berocket_brand":[524],"class_list":{"0":"post-92544","1":"product","2":"type-product","3":"status-publish","4":"has-post-thumbnail","6":"product_cat-javni","7":"product_cat-outdoor","8":"product_cat-proizvodi","9":"product_cat-prostori","10":"product_cat-prostori-horeca-stolovi-za-vanjske-prostore","11":"product_cat-prostori-javni-stolovi-za-vanjske-prostore","12":"product_cat-prostori-outdoor-stolovi","13":"product_cat-prostori-rezidencijalni-stolovi-za-vanjske-prostore","14":"product_cat-rezidencijalni","15":"product_cat-stolovi","16":"product_cat-proizvodi-stolovi-stolovi-za-vanjske-prostore","17":"berocket_brand-fermob","19":"first","20":"instock","21":"product-type-grouped"},"acf":[],"_links":{"self":[{"href":"https:\/\/cernelic.hr\/en\/wp-json\/wp\/v2\/product\/92544","targetHints":{"allow":["GET"]}}],"collection":[{"href":"https:\/\/cernelic.hr\/en\/wp-json\/wp\/v2\/product"}],"about":[{"href":"https:\/\/cernelic.hr\/en\/wp-json\/wp\/v2\/types\/product"}],"wp:featuredmedia":[{"embeddable":true,"href":"https:\/\/cernelic.hr\/en\/wp-json\/wp\/v2\/media\/91863"}],"wp:attachment":[{"href":"https:\/\/cernelic.hr\/en\/wp-json\/wp\/v2\/media?parent=92544"}],"wp:term":[{"taxonomy":"product_brand","embeddable":true,"href":"https:\/\/cernelic.hr\/en\/wp-json\/wp\/v2\/product_brand?post=92544"},{"taxonomy":"product_cat","embeddable":true,"href":"https:\/\/cernelic.hr\/en\/wp-json\/wp\/v2\/product_cat?post=92544"},{"taxonomy":"product_tag","embeddable":true,"href":"https:\/\/cernelic.hr\/en\/wp-json\/wp\/v2\/product_tag?post=92544"},{"taxonomy":"berocket_brand","embeddable":true,"href":"https:\/\/cernelic.hr\/en\/wp-json\/wp\/v2\/berocket_brand?post=92544"}],"curies":[{"name":"wp","href":"https:\/\/api.w.org\/{rel}","templated":true}]}}

<p>Philippe Mathieu prilikom dizajniranja za Fermob brinuo je o kombiniranju dizajna i pristupačnosti. No, s „Pétaleom“ postigao je originalnost koja leži u njegovim zaobljenim linijama i nevjerojatnoj funkcionalnosti: sklopivim stolnim površinama, nožicama s utorima i dva modularna formata kako bi se povećao broj gostiju koje može primiti i kako bi se prilagodio raznim terasama i prostornim konfiguracijama.</p>

<p>Philippe Mathieu prilikom dizajniranja za Fermob brinuo je o kombiniranju dizajna i pristupačnosti. No, s „Pétaleom“ postigao je originalnost koja leži u njegovim zaobljenim linijama i nevjerojatnoj funkcionalnosti: sklopivim stolnim površinama, nožicama s utorima i dva modularna formata kako bi se povećao broj gostiju koje može primiti i kako bi se prilagodio raznim terasama i [&hellip;]</p>
