{"id":92555,"date":"2021-03-19T13:09:46","date_gmt":"2021-03-19T13:09:46","guid":{"rendered":"https:\/\/cernelic.hr\/katalog\/Bez%20kategorije\/sixties-by-fermob\/"},"modified":"2023-12-08T02:29:15","modified_gmt":"2023-12-08T02:29:15","slug":"sixties-by-fermob","status":"publish","type":"product","link":"https:\/\/cernelic.hr\/en\/proizvod\/sixties-by-fermob\/","title":{"rendered":"SIXTIES by Fermob"},"content":{"rendered":"<p>Kompaktna i zaobljena \u201eSixties\u201c kolekcija savr\u0161eno utjelovljuje Fermob stav: odlu\u010dna, mlada i opu\u0161tena. Uz privla\u010dne linije, \u0161areni aluminijski okvir, sjedalo premazano smolom senzualno na dodir i prozra\u010dne uzorke, \u201eSixties\u201c polivalentne stolice obe\u0107avaju nje\u017ene trenutke vani&#8230; i unutra.<\/p>\n","protected":false},"excerpt":{"rendered":"<p>Kompaktna i zaobljena \u201eSixties\u201c kolekcija savr\u0161eno utjelovljuje Fermob stav: odlu\u010dna, mlada i opu\u0161tena. Uz privla\u010dne linije, \u0161areni aluminijski okvir, sjedalo premazano smolom senzualno na dodir i prozra\u010dne uzorke, \u201eSixties\u201c polivalentne stolice obe\u0107avaju nje\u017ene trenutke vani&#8230; i unutra.<\/p>\n","protected":false},"featured_media":91874,"template":"","meta":{"_acf_changed":false},"product_brand":[],"product_cat":[2111,2062,2105,2142,2513,2061,2066,2127,2068,2112,2071,2129,2070,2144,2141,2125,2147,2079,2080,2186,2074,2146,2075,2145,2073,2087,2124,2118,2143],"product_tag":[],"berocket_brand":[524],"class_list":{"0":"post-92555","1":"product","2":"type-product","3":"status-publish","4":"has-post-thumbnail","6":"product_cat-dvorane","7":"product_cat-fotelje-i-garniture-za-sjedenje","8":"product_cat-javni","9":"product_cat-proizvodi-stolovi-niski-stolovi-vanjske-prostore","10":"product_cat-outdoor","11":"product_cat-proizvodi","12":"product_cat-proizvodi-fotelje-garniture-fotelje-i-garniture-za-vanjske-prostore","13":"product_cat-proizvodi-fotelje-garniture-klupe-i-separei","14":"product_cat-prostori","15":"product_cat-prostori-dvorane-fotelje-i-garniture-za-vanjske-prostore","16":"product_cat-prostori-horeca-fotelje-i-garniture-za-vanjske-prostore","17":"product_cat-prostori-horeca-klupe-i-separei","18":"product_cat-prostori-horeca-stolice-za-vanjske-prostore","19":"product_cat-prostori-horeca-stolovi-za-vanjske-prostore","20":"product_cat-prostori-javni-fotelje-i-garniture-za-vanjske-prostore","21":"product_cat-prostori-javni-stolice-za-vanjske-prostore","22":"product_cat-prostori-javni-stolovi-za-vanjske-prostore","23":"product_cat-prostori-outdoor-fotelje-i-garniture-za-vanjske-prostore","24":"product_cat-prostori-outdoor-stolice-za-vanjske-prostore","25":"product_cat-prostori-outdoor-stolovi","26":"product_cat-prostori-rezidencijalni-fotelje-i-garniture-za-vanjske-prostore","27":"product_cat-prostori-rezidencijalni-niski-klubski-stolici-za-vanjske-prostore","28":"product_cat-prostori-rezidencijalni-stolice-za-vanjske-prostore","29":"product_cat-prostori-rezidencijalni-stolovi-za-vanjske-prostore","30":"product_cat-rezidencijalni","31":"product_cat-stolice","32":"product_cat-proizvodi-stolice-stolice-za-vanjske-prostore","33":"product_cat-stolovi","34":"product_cat-proizvodi-stolovi-stolovi-za-vanjske-prostore","35":"berocket_brand-fermob","37":"first","38":"instock","39":"product-type-grouped"},"acf":[],"_links":{"self":[{"href":"https:\/\/cernelic.hr\/en\/wp-json\/wp\/v2\/product\/92555","targetHints":{"allow":["GET"]}}],"collection":[{"href":"https:\/\/cernelic.hr\/en\/wp-json\/wp\/v2\/product"}],"about":[{"href":"https:\/\/cernelic.hr\/en\/wp-json\/wp\/v2\/types\/product"}],"wp:featuredmedia":[{"embeddable":true,"href":"https:\/\/cernelic.hr\/en\/wp-json\/wp\/v2\/media\/91874"}],"wp:attachment":[{"href":"https:\/\/cernelic.hr\/en\/wp-json\/wp\/v2\/media?parent=92555"}],"wp:term":[{"taxonomy":"product_brand","embeddable":true,"href":"https:\/\/cernelic.hr\/en\/wp-json\/wp\/v2\/product_brand?post=92555"},{"taxonomy":"product_cat","embeddable":true,"href":"https:\/\/cernelic.hr\/en\/wp-json\/wp\/v2\/product_cat?post=92555"},{"taxonomy":"product_tag","embeddable":true,"href":"https:\/\/cernelic.hr\/en\/wp-json\/wp\/v2\/product_tag?post=92555"},{"taxonomy":"berocket_brand","embeddable":true,"href":"https:\/\/cernelic.hr\/en\/wp-json\/wp\/v2\/berocket_brand?post=92555"}],"curies":[{"name":"wp","href":"https:\/\/api.w.org\/{rel}","templated":true}]}}

<p>Kompaktna i zaobljena „Sixties“ kolekcija savršeno utjelovljuje Fermob stav: odlučna, mlada i opuštena. Uz privlačne linije, šareni aluminijski okvir, sjedalo premazano smolom senzualno na dodir i prozračne uzorke, „Sixties“ polivalentne stolice obećavaju nježne trenutke vani&#8230; i unutra.</p>
