{"id":92571,"date":"2021-03-19T13:12:53","date_gmt":"2021-03-19T13:12:53","guid":{"rendered":"https:\/\/cernelic.hr\/katalog\/Bez%20kategorije\/clack-by-gandiablasco-2\/"},"modified":"2023-12-08T02:30:17","modified_gmt":"2023-12-08T02:30:17","slug":"clack-by-gandiablasco","status":"publish","type":"product","link":"https:\/\/cernelic.hr\/en\/proizvod\/clack-by-gandiablasco\/","title":{"rendered":"CLACK by Gandia Blasco"},"content":{"rendered":"<p>\u201eClack!\u201c je pobolj\u0161ana verzija tradicionalne sklopive stolice za pla\u017eu od drveta i platna. Aluminij je lak\u0161i je i otporniji na vremenske uvjete, ali ima i vi\u0161e stila. Zato se podjednako dobro uklapa u neformalno okru\u017eenje na pla\u017ei kao i u elegantnu vanjsku blagovaonicu.<br \/>\n\u201eClack!\u201c je \u0161panjolski klasik za pla\u017eu, pa \u0107e Vam pomo\u0107i da postignete ambijent u duhu Mediterana ukoliko takav stil zami\u0161ljate prilikom opremanja svog restorana ili kafi\u0107a.<\/p>\n","protected":false},"excerpt":{"rendered":"<p>\u201eClack!\u201c je pobolj\u0161ana verzija tradicionalne sklopive stolice za pla\u017eu od drveta i platna. Aluminij je lak\u0161i je i otporniji na vremenske uvjete, ali ima i vi\u0161e stila. Zato se podjednako dobro uklapa u neformalno okru\u017eenje na pla\u017ei kao i u elegantnu vanjsku blagovaonicu. \u201eClack!\u201c je \u0161panjolski klasik za pla\u017eu, pa \u0107e Vam pomo\u0107i da postignete [&hellip;]<\/p>\n","protected":false},"featured_media":91918,"template":"","meta":{"_acf_changed":false},"product_brand":[],"product_cat":[2105,2513,2061,2068,2070,2125,2080,2075,2073,2087,2124],"product_tag":[],"berocket_brand":[1112],"class_list":{"0":"post-92571","1":"product","2":"type-product","3":"status-publish","4":"has-post-thumbnail","6":"product_cat-javni","7":"product_cat-outdoor","8":"product_cat-proizvodi","9":"product_cat-prostori","10":"product_cat-prostori-horeca-stolice-za-vanjske-prostore","11":"product_cat-prostori-javni-stolice-za-vanjske-prostore","12":"product_cat-prostori-outdoor-stolice-za-vanjske-prostore","13":"product_cat-prostori-rezidencijalni-stolice-za-vanjske-prostore","14":"product_cat-rezidencijalni","15":"product_cat-stolice","16":"product_cat-proizvodi-stolice-stolice-za-vanjske-prostore","17":"berocket_brand-diabla-by-gandia-blasco","19":"first","20":"instock","21":"product-type-grouped"},"acf":[],"_links":{"self":[{"href":"https:\/\/cernelic.hr\/en\/wp-json\/wp\/v2\/product\/92571","targetHints":{"allow":["GET"]}}],"collection":[{"href":"https:\/\/cernelic.hr\/en\/wp-json\/wp\/v2\/product"}],"about":[{"href":"https:\/\/cernelic.hr\/en\/wp-json\/wp\/v2\/types\/product"}],"wp:featuredmedia":[{"embeddable":true,"href":"https:\/\/cernelic.hr\/en\/wp-json\/wp\/v2\/media\/91918"}],"wp:attachment":[{"href":"https:\/\/cernelic.hr\/en\/wp-json\/wp\/v2\/media?parent=92571"}],"wp:term":[{"taxonomy":"product_brand","embeddable":true,"href":"https:\/\/cernelic.hr\/en\/wp-json\/wp\/v2\/product_brand?post=92571"},{"taxonomy":"product_cat","embeddable":true,"href":"https:\/\/cernelic.hr\/en\/wp-json\/wp\/v2\/product_cat?post=92571"},{"taxonomy":"product_tag","embeddable":true,"href":"https:\/\/cernelic.hr\/en\/wp-json\/wp\/v2\/product_tag?post=92571"},{"taxonomy":"berocket_brand","embeddable":true,"href":"https:\/\/cernelic.hr\/en\/wp-json\/wp\/v2\/berocket_brand?post=92571"}],"curies":[{"name":"wp","href":"https:\/\/api.w.org\/{rel}","templated":true}]}}

<p>„Clack!“ je poboljšana verzija tradicionalne sklopive stolice za plažu od drveta i platna. Aluminij je lakši je i otporniji na vremenske uvjete, ali ima i više stila. Zato se podjednako dobro uklapa u neformalno okruženje na plaži kao i u elegantnu vanjsku blagovaonicu.<br />
„Clack!“ je španjolski klasik za plažu, pa će Vam pomoći da postignete ambijent u duhu Mediterana ukoliko takav stil zamišljate prilikom opremanja svog restorana ili kafića.</p>

<p>„Clack!“ je poboljšana verzija tradicionalne sklopive stolice za plažu od drveta i platna. Aluminij je lakši je i otporniji na vremenske uvjete, ali ima i više stila. Zato se podjednako dobro uklapa u neformalno okruženje na plaži kao i u elegantnu vanjsku blagovaonicu. „Clack!“ je španjolski klasik za plažu, pa će Vam pomoći da postignete [&hellip;]</p>
