{"id":92572,"date":"2021-03-19T13:12:53","date_gmt":"2021-03-19T13:12:53","guid":{"rendered":"https:\/\/cernelic.hr\/katalog\/Bez%20kategorije\/clip-by-gandiablasco-2\/"},"modified":"2023-12-08T02:30:19","modified_gmt":"2023-12-08T02:30:19","slug":"clip-by-gandiablasco","status":"publish","type":"product","link":"https:\/\/cernelic.hr\/en\/proizvod\/clip-by-gandiablasco\/","title":{"rendered":"CLIP by Gandia Blasco"},"content":{"rendered":"<p>Ako ste osoba koja s vremena na vrijeme voli premje\u0161tati namje\u0161taj, kolekcija \u201eClip\u201c savr\u0161ena je za Vas. Ideje za ure\u0111enje mo\u017eete ispuniti u trenu, kao da u glavi imate arhitektonski ured konstantno na raspolaganju za Va\u0161e projektiranje stana.<br \/>\nIako s njim mo\u017eete slo\u017eiti sjajne modularne kompozicije, mo\u017eete koristiti i samo jednu stolicu za stvaranje opu\u0161tenog kutka.<\/p>\n","protected":false},"excerpt":{"rendered":"<p>Ako ste osoba koja s vremena na vrijeme voli premje\u0161tati namje\u0161taj, kolekcija \u201eClip\u201c savr\u0161ena je za Vas. Ideje za ure\u0111enje mo\u017eete ispuniti u trenu, kao da u glavi imate arhitektonski ured konstantno na raspolaganju za Va\u0161e projektiranje stana. Iako s njim mo\u017eete slo\u017eiti sjajne modularne kompozicije, mo\u017eete koristiti i samo jednu stolicu za stvaranje opu\u0161tenog [&hellip;]<\/p>\n","protected":false},"featured_media":91919,"template":"","meta":{"_acf_changed":false},"product_brand":[],"product_cat":[2062,2105,2142,2513,2061,2066,2122,2068,2071,2141,2079,2186,2074,2146,2073,2118],"product_tag":[],"berocket_brand":[1112],"class_list":{"0":"post-92572","1":"product","2":"type-product","3":"status-publish","4":"has-post-thumbnail","6":"product_cat-fotelje-i-garniture-za-sjedenje","7":"product_cat-javni","8":"product_cat-proizvodi-stolovi-niski-stolovi-vanjske-prostore","9":"product_cat-outdoor","10":"product_cat-proizvodi","11":"product_cat-proizvodi-fotelje-garniture-fotelje-i-garniture-za-vanjske-prostore","12":"product_cat-proizvodi-fotelje-garniture-taburei","13":"product_cat-prostori","14":"product_cat-prostori-horeca-fotelje-i-garniture-za-vanjske-prostore","15":"product_cat-prostori-javni-fotelje-i-garniture-za-vanjske-prostore","16":"product_cat-prostori-outdoor-fotelje-i-garniture-za-vanjske-prostore","17":"product_cat-prostori-outdoor-stolovi","18":"product_cat-prostori-rezidencijalni-fotelje-i-garniture-za-vanjske-prostore","19":"product_cat-prostori-rezidencijalni-niski-klubski-stolici-za-vanjske-prostore","20":"product_cat-rezidencijalni","21":"product_cat-stolovi","22":"berocket_brand-diabla-by-gandia-blasco","24":"first","25":"instock","26":"product-type-grouped"},"acf":[],"_links":{"self":[{"href":"https:\/\/cernelic.hr\/en\/wp-json\/wp\/v2\/product\/92572","targetHints":{"allow":["GET"]}}],"collection":[{"href":"https:\/\/cernelic.hr\/en\/wp-json\/wp\/v2\/product"}],"about":[{"href":"https:\/\/cernelic.hr\/en\/wp-json\/wp\/v2\/types\/product"}],"wp:featuredmedia":[{"embeddable":true,"href":"https:\/\/cernelic.hr\/en\/wp-json\/wp\/v2\/media\/91919"}],"wp:attachment":[{"href":"https:\/\/cernelic.hr\/en\/wp-json\/wp\/v2\/media?parent=92572"}],"wp:term":[{"taxonomy":"product_brand","embeddable":true,"href":"https:\/\/cernelic.hr\/en\/wp-json\/wp\/v2\/product_brand?post=92572"},{"taxonomy":"product_cat","embeddable":true,"href":"https:\/\/cernelic.hr\/en\/wp-json\/wp\/v2\/product_cat?post=92572"},{"taxonomy":"product_tag","embeddable":true,"href":"https:\/\/cernelic.hr\/en\/wp-json\/wp\/v2\/product_tag?post=92572"},{"taxonomy":"berocket_brand","embeddable":true,"href":"https:\/\/cernelic.hr\/en\/wp-json\/wp\/v2\/berocket_brand?post=92572"}],"curies":[{"name":"wp","href":"https:\/\/api.w.org\/{rel}","templated":true}]}}

<p>Ako ste osoba koja s vremena na vrijeme voli premještati namještaj, kolekcija „Clip“ savršena je za Vas. Ideje za uređenje možete ispuniti u trenu, kao da u glavi imate arhitektonski ured konstantno na raspolaganju za Vaše projektiranje stana.<br />
Iako s njim možete složiti sjajne modularne kompozicije, možete koristiti i samo jednu stolicu za stvaranje opuštenog kutka.</p>

<p>Ako ste osoba koja s vremena na vrijeme voli premještati namještaj, kolekcija „Clip“ savršena je za Vas. Ideje za uređenje možete ispuniti u trenu, kao da u glavi imate arhitektonski ured konstantno na raspolaganju za Vaše projektiranje stana. Iako s njim možete složiti sjajne modularne kompozicije, možete koristiti i samo jednu stolicu za stvaranje opuštenog [&hellip;]</p>
