{"id":92632,"date":"2021-03-19T13:22:35","date_gmt":"2021-03-19T13:22:35","guid":{"rendered":"https:\/\/cernelic.hr\/katalog\/Bez%20kategorije\/funda-by-viccarbe-2\/"},"modified":"2023-12-08T02:33:23","modified_gmt":"2023-12-08T02:33:23","slug":"funda-by-viccarbe","status":"publish","type":"product","link":"https:\/\/cernelic.hr\/en\/proizvod\/funda-by-viccarbe\/","title":{"rendered":"FUNDA by Viccarbe"},"content":{"rendered":"<p>\u201eFunda\u201c predstavlja ravnote\u017eu izme\u0111u preciznosti i pristupa usmjerenog na \u010dovjeka. Dizajnerova stalna potraga za industrijskom inovacijom i vizualnom privla\u010dno\u0161\u0107u postigla je u ovoj kolekciji zakrivljen i prijateljski oblik, a u kombinaciji s presvlakom poznatom po svojim borama lako se prilago\u0111ava razli\u010ditim idejama za ure\u0111enje prostora.<br \/>\nNa taj na\u010din radna stolica uspijeva do\u010darati maksimalan izraz udobnosti i \u010dini ju prilago\u0111enom svim vrstama okru\u017eenja: restauracijskim projektima, domovima, me\u0111uprostorima, prostorima za sastanke, itd.<\/p>\n","protected":false},"excerpt":{"rendered":"<p>\u201eFunda\u201c predstavlja ravnote\u017eu izme\u0111u preciznosti i pristupa usmjerenog na \u010dovjeka. Dizajnerova stalna potraga za industrijskom inovacijom i vizualnom privla\u010dno\u0161\u0107u postigla je u ovoj kolekciji zakrivljen i prijateljski oblik, a u kombinaciji s presvlakom poznatom po svojim borama lako se prilago\u0111ava razli\u010ditim idejama za ure\u0111enje prostora. Na taj na\u010din radna stolica uspijeva do\u010darati maksimalan izraz udobnosti [&hellip;]<\/p>\n","protected":false},"featured_media":92076,"template":"","meta":{"_acf_changed":false},"product_brand":[],"product_cat":[2114,2111,2062,2099,2105,2061,2082,2068,2098,2117,2115,2101,2100,2126,2108,2109,2116,2103,2104,2073,2087,2088,2091],"product_tag":[],"berocket_brand":[1158],"class_list":{"0":"post-92632","1":"product","2":"type-product","3":"status-publish","4":"has-post-thumbnail","6":"product_cat-proizvodi-stolice-barske-stolice-za-unutarnje-prostore","7":"product_cat-dvorane","8":"product_cat-fotelje-i-garniture-za-sjedenje","9":"product_cat-horeca-prostori-horeca","10":"product_cat-javni","11":"product_cat-proizvodi","12":"product_cat-proizvodi-fotelje-garniture-fotelje-i-garniture-unutarnje-prostore","13":"product_cat-prostori","14":"product_cat-prostori-horeca","15":"product_cat-prostori-dvorane-fotelje-i-garniture-za-unutarnje-prostore","16":"product_cat-prostori-horeca-barske-stolice-za-unutarnje-prostore","17":"product_cat-prostori-horeca-fotelje-i-garniture-za-unutarnje-prostore","18":"product_cat-prostori-horeca-stolice-za-unutarnje-prostore","19":"product_cat-prostori-javni-barske-stolice-za-unutarnje-prostore","20":"product_cat-prostori-javni-fotelje-i-garniture-za-unutarnje-prostore","21":"product_cat-prostori-javni-stolice-za-unutarnje-prostore","22":"product_cat-prostori-rezidencijalni-barske-stolice-za-unutarnje-prostore","23":"product_cat-prostori-rezidencijalni-fotelje-i-garniture-za-unutarnje-prostore","24":"product_cat-prostori-rezidencijalni-stolice-za-unutarnje-prostore","25":"product_cat-rezidencijalni","26":"product_cat-stolice","27":"product_cat-proizvodi-stolice-stolice-za-cekaonice","28":"product_cat-proizvodi-stolice-stolice-za-unutarnje-prostore","29":"berocket_brand-viccarbe","31":"first","32":"instock","33":"product-type-grouped"},"acf":[],"_links":{"self":[{"href":"https:\/\/cernelic.hr\/en\/wp-json\/wp\/v2\/product\/92632","targetHints":{"allow":["GET"]}}],"collection":[{"href":"https:\/\/cernelic.hr\/en\/wp-json\/wp\/v2\/product"}],"about":[{"href":"https:\/\/cernelic.hr\/en\/wp-json\/wp\/v2\/types\/product"}],"wp:featuredmedia":[{"embeddable":true,"href":"https:\/\/cernelic.hr\/en\/wp-json\/wp\/v2\/media\/92076"}],"wp:attachment":[{"href":"https:\/\/cernelic.hr\/en\/wp-json\/wp\/v2\/media?parent=92632"}],"wp:term":[{"taxonomy":"product_brand","embeddable":true,"href":"https:\/\/cernelic.hr\/en\/wp-json\/wp\/v2\/product_brand?post=92632"},{"taxonomy":"product_cat","embeddable":true,"href":"https:\/\/cernelic.hr\/en\/wp-json\/wp\/v2\/product_cat?post=92632"},{"taxonomy":"product_tag","embeddable":true,"href":"https:\/\/cernelic.hr\/en\/wp-json\/wp\/v2\/product_tag?post=92632"},{"taxonomy":"berocket_brand","embeddable":true,"href":"https:\/\/cernelic.hr\/en\/wp-json\/wp\/v2\/berocket_brand?post=92632"}],"curies":[{"name":"wp","href":"https:\/\/api.w.org\/{rel}","templated":true}]}}

<p>„Funda“ predstavlja ravnotežu između preciznosti i pristupa usmjerenog na čovjeka. Dizajnerova stalna potraga za industrijskom inovacijom i vizualnom privlačnošću postigla je u ovoj kolekciji zakrivljen i prijateljski oblik, a u kombinaciji s presvlakom poznatom po svojim borama lako se prilagođava različitim idejama za uređenje prostora.<br />
Na taj način radna stolica uspijeva dočarati maksimalan izraz udobnosti i čini ju prilagođenom svim vrstama okruženja: restauracijskim projektima, domovima, međuprostorima, prostorima za sastanke, itd.</p>

<p>„Funda“ predstavlja ravnotežu između preciznosti i pristupa usmjerenog na čovjeka. Dizajnerova stalna potraga za industrijskom inovacijom i vizualnom privlačnošću postigla je u ovoj kolekciji zakrivljen i prijateljski oblik, a u kombinaciji s presvlakom poznatom po svojim borama lako se prilagođava različitim idejama za uređenje prostora. Na taj način radna stolica uspijeva dočarati maksimalan izraz udobnosti [&hellip;]</p>
