{"id":92640,"date":"2021-03-19T13:22:35","date_gmt":"2021-03-19T13:22:35","guid":{"rendered":"https:\/\/cernelic.hr\/katalog\/Bez%20kategorije\/maarten-plastic-by-viccarbe-2\/"},"modified":"2023-12-08T02:33:40","modified_gmt":"2023-12-08T02:33:40","slug":"maarten-plastic-by-viccarbe","status":"publish","type":"product","link":"https:\/\/cernelic.hr\/en\/proizvod\/maarten-plastic-by-viccarbe\/","title":{"rendered":"MAARTEN PLASTIC by Viccarbe"},"content":{"rendered":"<p>\u201eMaarten Plastic\u201c simbolizira Viccarbe koncept temeljen na polipropilenu: posebno izdr\u017eljivom materijalu koji je prilagodljiv pokretima korisnika. Nova verzija stolice sa\u010duvala je u svom sjedi\u0161tu romboidni oblik karakteristi\u010dan za obitelj Maarten, prisutan u kolekciji jo\u0161 od 2012. godine. Novoj kolekciji dodaje se opse\u017enija ponuda baza te mogu\u0107nost slaganja \u0161to je velika dodana vrijednost za kolektivne prostore i ure\u0111enje ureda.<\/p>\n","protected":false},"excerpt":{"rendered":"<p>\u201eMaarten Plastic\u201c simbolizira Viccarbe koncept temeljen na polipropilenu: posebno izdr\u017eljivom materijalu koji je prilagodljiv pokretima korisnika. Nova verzija stolice sa\u010duvala je u svom sjedi\u0161tu romboidni oblik karakteristi\u010dan za obitelj Maarten, prisutan u kolekciji jo\u0161 od 2012. godine. Novoj kolekciji dodaje se opse\u017enija ponuda baza te mogu\u0107nost slaganja \u0161to je velika dodana vrijednost za kolektivne prostore [&hellip;]<\/p>\n","protected":false},"featured_media":92083,"template":"","meta":{"_acf_changed":false},"product_brand":[],"product_cat":[2114,2111,2099,2105,2061,2068,2098,2164,2115,2102,2100,2126,2106,2109,2116,2104,2152,2073,2087,2088,2091],"product_tag":[],"berocket_brand":[1158],"class_list":{"0":"post-92640","1":"product","2":"type-product","3":"status-publish","4":"has-post-thumbnail","6":"product_cat-proizvodi-stolice-barske-stolice-za-unutarnje-prostore","7":"product_cat-dvorane","8":"product_cat-horeca-prostori-horeca","9":"product_cat-javni","10":"product_cat-proizvodi","11":"product_cat-prostori","12":"product_cat-prostori-horeca","13":"product_cat-prostori-dvorane-visenamjenske-i-pomicne-sjedalice-za-dvorane","14":"product_cat-prostori-horeca-barske-stolice-za-unutarnje-prostore","15":"product_cat-prostori-horeca-stolice-za-kongresne-dvorane","16":"product_cat-prostori-horeca-stolice-za-unutarnje-prostore","17":"product_cat-prostori-javni-barske-stolice-za-unutarnje-prostore","18":"product_cat-prostori-javni-kongresne-stolice","19":"product_cat-prostori-javni-stolice-za-unutarnje-prostore","20":"product_cat-prostori-rezidencijalni-barske-stolice-za-unutarnje-prostore","21":"product_cat-prostori-rezidencijalni-stolice-za-unutarnje-prostore","22":"product_cat-proizvodi-stolice-radne-stolice","23":"product_cat-rezidencijalni","24":"product_cat-stolice","25":"product_cat-proizvodi-stolice-stolice-za-cekaonice","26":"product_cat-proizvodi-stolice-stolice-za-unutarnje-prostore","27":"berocket_brand-viccarbe","29":"first","30":"instock","31":"product-type-grouped"},"acf":[],"_links":{"self":[{"href":"https:\/\/cernelic.hr\/en\/wp-json\/wp\/v2\/product\/92640","targetHints":{"allow":["GET"]}}],"collection":[{"href":"https:\/\/cernelic.hr\/en\/wp-json\/wp\/v2\/product"}],"about":[{"href":"https:\/\/cernelic.hr\/en\/wp-json\/wp\/v2\/types\/product"}],"wp:featuredmedia":[{"embeddable":true,"href":"https:\/\/cernelic.hr\/en\/wp-json\/wp\/v2\/media\/92083"}],"wp:attachment":[{"href":"https:\/\/cernelic.hr\/en\/wp-json\/wp\/v2\/media?parent=92640"}],"wp:term":[{"taxonomy":"product_brand","embeddable":true,"href":"https:\/\/cernelic.hr\/en\/wp-json\/wp\/v2\/product_brand?post=92640"},{"taxonomy":"product_cat","embeddable":true,"href":"https:\/\/cernelic.hr\/en\/wp-json\/wp\/v2\/product_cat?post=92640"},{"taxonomy":"product_tag","embeddable":true,"href":"https:\/\/cernelic.hr\/en\/wp-json\/wp\/v2\/product_tag?post=92640"},{"taxonomy":"berocket_brand","embeddable":true,"href":"https:\/\/cernelic.hr\/en\/wp-json\/wp\/v2\/berocket_brand?post=92640"}],"curies":[{"name":"wp","href":"https:\/\/api.w.org\/{rel}","templated":true}]}}

<p>„Maarten Plastic“ simbolizira Viccarbe koncept temeljen na polipropilenu: posebno izdržljivom materijalu koji je prilagodljiv pokretima korisnika. Nova verzija stolice sačuvala je u svom sjedištu romboidni oblik karakterističan za obitelj Maarten, prisutan u kolekciji još od 2012. godine. Novoj kolekciji dodaje se opsežnija ponuda baza te mogućnost slaganja što je velika dodana vrijednost za kolektivne prostore i uređenje ureda.</p>

<p>„Maarten Plastic“ simbolizira Viccarbe koncept temeljen na polipropilenu: posebno izdržljivom materijalu koji je prilagodljiv pokretima korisnika. Nova verzija stolice sačuvala je u svom sjedištu romboidni oblik karakterističan za obitelj Maarten, prisutan u kolekciji još od 2012. godine. Novoj kolekciji dodaje se opsežnija ponuda baza te mogućnost slaganja što je velika dodana vrijednost za kolektivne prostore [&hellip;]</p>
