{"id":92667,"date":"2021-03-19T13:29:09","date_gmt":"2021-03-19T13:29:09","guid":{"rendered":"https:\/\/cernelic.hr\/katalog\/Bez%20kategorije\/blum-by-expormim-2\/"},"modified":"2023-12-08T02:22:50","modified_gmt":"2023-12-08T02:22:50","slug":"blum-by-expormim","status":"publish","type":"product","link":"https:\/\/cernelic.hr\/en\/proizvod\/blum-by-expormim\/","title":{"rendered":"BLUM by Expormim"},"content":{"rendered":"<p>Fotelje za terasu s strukturom od aluminijske cijevi visoke otpornosti s hidroformiranim aluminijskim nogama. Mogu\u0107nost prilagodbe kroz \u0161iroku paletu tehni\u010dkih tkanina potpuno prikladnih za vanjsku upotrebu pogodnih za ure\u0111enje javnih objekata ili za opremanje kafi\u0107a.<\/p>\n","protected":false},"excerpt":{"rendered":"<p>Fotelje za terasu s strukturom od aluminijske cijevi visoke otpornosti s hidroformiranim aluminijskim nogama. Mogu\u0107nost prilagodbe kroz \u0161iroku paletu tehni\u010dkih tkanina potpuno prikladnih za vanjsku upotrebu pogodnih za ure\u0111enje javnih objekata ili za opremanje kafi\u0107a.<\/p>\n","protected":false},"featured_media":91713,"template":"","meta":{"_acf_changed":false},"product_brand":[],"product_cat":[2099,2105,2513,2061,2068,2098,2100,2070,2109,2125,2080,2104,2075,2073,2087,2088,2091,2124],"product_tag":[],"berocket_brand":[523],"class_list":{"0":"post-92667","1":"product","2":"type-product","3":"status-publish","4":"has-post-thumbnail","6":"product_cat-horeca-prostori-horeca","7":"product_cat-javni","8":"product_cat-outdoor","9":"product_cat-proizvodi","10":"product_cat-prostori","11":"product_cat-prostori-horeca","12":"product_cat-prostori-horeca-stolice-za-unutarnje-prostore","13":"product_cat-prostori-horeca-stolice-za-vanjske-prostore","14":"product_cat-prostori-javni-stolice-za-unutarnje-prostore","15":"product_cat-prostori-javni-stolice-za-vanjske-prostore","16":"product_cat-prostori-outdoor-stolice-za-vanjske-prostore","17":"product_cat-prostori-rezidencijalni-stolice-za-unutarnje-prostore","18":"product_cat-prostori-rezidencijalni-stolice-za-vanjske-prostore","19":"product_cat-rezidencijalni","20":"product_cat-stolice","21":"product_cat-proizvodi-stolice-stolice-za-cekaonice","22":"product_cat-proizvodi-stolice-stolice-za-unutarnje-prostore","23":"product_cat-proizvodi-stolice-stolice-za-vanjske-prostore","24":"berocket_brand-expormim","26":"first","27":"instock","28":"product-type-grouped"},"acf":[],"_links":{"self":[{"href":"https:\/\/cernelic.hr\/en\/wp-json\/wp\/v2\/product\/92667","targetHints":{"allow":["GET"]}}],"collection":[{"href":"https:\/\/cernelic.hr\/en\/wp-json\/wp\/v2\/product"}],"about":[{"href":"https:\/\/cernelic.hr\/en\/wp-json\/wp\/v2\/types\/product"}],"wp:featuredmedia":[{"embeddable":true,"href":"https:\/\/cernelic.hr\/en\/wp-json\/wp\/v2\/media\/91713"}],"wp:attachment":[{"href":"https:\/\/cernelic.hr\/en\/wp-json\/wp\/v2\/media?parent=92667"}],"wp:term":[{"taxonomy":"product_brand","embeddable":true,"href":"https:\/\/cernelic.hr\/en\/wp-json\/wp\/v2\/product_brand?post=92667"},{"taxonomy":"product_cat","embeddable":true,"href":"https:\/\/cernelic.hr\/en\/wp-json\/wp\/v2\/product_cat?post=92667"},{"taxonomy":"product_tag","embeddable":true,"href":"https:\/\/cernelic.hr\/en\/wp-json\/wp\/v2\/product_tag?post=92667"},{"taxonomy":"berocket_brand","embeddable":true,"href":"https:\/\/cernelic.hr\/en\/wp-json\/wp\/v2\/berocket_brand?post=92667"}],"curies":[{"name":"wp","href":"https:\/\/api.w.org\/{rel}","templated":true}]}}

<p>Fotelje za terasu s strukturom od aluminijske cijevi visoke otpornosti s hidroformiranim aluminijskim nogama. Mogućnost prilagodbe kroz široku paletu tehničkih tkanina potpuno prikladnih za vanjsku upotrebu pogodnih za uređenje javnih objekata ili za opremanje kafića.</p>
