{"id":92743,"date":"2021-03-19T13:38:49","date_gmt":"2021-03-19T13:38:49","guid":{"rendered":"https:\/\/cernelic.hr\/katalog\/Bez%20kategorije\/very-conference-by-haworth-2\/"},"modified":"2023-12-08T02:08:45","modified_gmt":"2023-12-08T02:08:45","slug":"very-conference-by-haworth","status":"publish","type":"product","link":"https:\/\/cernelic.hr\/en\/proizvod\/very-conference-by-haworth\/","title":{"rendered":"VERY CONFERENCE by Haworth"},"content":{"rendered":"<p>Konferencijska stolica iz \u201eVery\u201c obitelji.<br \/>\nSavr\u0161ena za konferencije, kafeterije, medicinske centre, u\u010dionice &#8211; i sve izme\u0111u njih \u2013 ona se  mo\u017ee koristiti u \u0161irokom rasponu okru\u017eenja. Stolice su izra\u0111ene od recikliranog sadr\u017eaja i nude visoki stupanj recikliranja na kraju vijeka trajanja.<\/p>\n","protected":false},"excerpt":{"rendered":"<p>Konferencijska stolica iz \u201eVery\u201c obitelji. Savr\u0161ena za konferencije, kafeterije, medicinske centre, u\u010dionice &#8211; i sve izme\u0111u njih \u2013 ona se mo\u017ee koristiti u \u0161irokom rasponu okru\u017eenja. Stolice su izra\u0111ene od recikliranog sadr\u017eaja i nude visoki stupanj recikliranja na kraju vijeka trajanja.<\/p>\n","protected":false},"featured_media":68120,"template":"","meta":{"_acf_changed":false},"product_brand":[],"product_cat":[2105,2090,2085,2061,2068,2150,2153,2093,2166,2152,2073,2087,3205,2088,2113,3219,3220,3100,2091,2092],"product_tag":[],"berocket_brand":[528],"class_list":{"0":"post-92743","1":"product","2":"type-product","3":"status-publish","4":"has-post-thumbnail","6":"product_cat-javni","7":"product_cat-proizvodi-stolice-stolice-za-sastanke","8":"product_cat-namjestaj-za-urede","9":"product_cat-proizvodi","10":"product_cat-prostori","11":"product_cat-prostori-rezidencijalni-namjestaj-za-kucni-ured","12":"product_cat-prostori-uredi-radne-stolice","13":"product_cat-prostori-uredi-stolice-za-sastanke","14":"product_cat-proizvodi-namjestaj-za-urede-radne-stolice","15":"product_cat-proizvodi-stolice-radne-stolice","16":"product_cat-rezidencijalni","17":"product_cat-stolice","18":"product_cat-stolice-za-cekaonice","19":"product_cat-proizvodi-stolice-stolice-za-cekaonice","20":"product_cat-proizvodi-namjestaj-za-urede-stolice-za-sastanke","21":"product_cat-stolice-za-sastanke-namjestaj-za-urede","22":"product_cat-stolice-za-sastanke-stolice","23":"product_cat-stolice-za-unutarnje-prostore","24":"product_cat-proizvodi-stolice-stolice-za-unutarnje-prostore","25":"product_cat-uredi","26":"berocket_brand-haworth","28":"first","29":"instock","30":"product-type-grouped"},"acf":[],"_links":{"self":[{"href":"https:\/\/cernelic.hr\/en\/wp-json\/wp\/v2\/product\/92743","targetHints":{"allow":["GET"]}}],"collection":[{"href":"https:\/\/cernelic.hr\/en\/wp-json\/wp\/v2\/product"}],"about":[{"href":"https:\/\/cernelic.hr\/en\/wp-json\/wp\/v2\/types\/product"}],"wp:featuredmedia":[{"embeddable":true,"href":"https:\/\/cernelic.hr\/en\/wp-json\/wp\/v2\/media\/68120"}],"wp:attachment":[{"href":"https:\/\/cernelic.hr\/en\/wp-json\/wp\/v2\/media?parent=92743"}],"wp:term":[{"taxonomy":"product_brand","embeddable":true,"href":"https:\/\/cernelic.hr\/en\/wp-json\/wp\/v2\/product_brand?post=92743"},{"taxonomy":"product_cat","embeddable":true,"href":"https:\/\/cernelic.hr\/en\/wp-json\/wp\/v2\/product_cat?post=92743"},{"taxonomy":"product_tag","embeddable":true,"href":"https:\/\/cernelic.hr\/en\/wp-json\/wp\/v2\/product_tag?post=92743"},{"taxonomy":"berocket_brand","embeddable":true,"href":"https:\/\/cernelic.hr\/en\/wp-json\/wp\/v2\/berocket_brand?post=92743"}],"curies":[{"name":"wp","href":"https:\/\/api.w.org\/{rel}","templated":true}]}}

<p>Konferencijska stolica iz „Very“ obitelji.<br />
Savršena za konferencije, kafeterije, medicinske centre, učionice &#8211; i sve između njih – ona se  može koristiti u širokom rasponu okruženja. Stolice su izrađene od recikliranog sadržaja i nude visoki stupanj recikliranja na kraju vijeka trajanja.</p>

<p>Konferencijska stolica iz „Very“ obitelji. Savršena za konferencije, kafeterije, medicinske centre, učionice &#8211; i sve između njih – ona se može koristiti u širokom rasponu okruženja. Stolice su izrađene od recikliranog sadržaja i nude visoki stupanj recikliranja na kraju vijeka trajanja.</p>
