{"id":92747,"date":"2021-03-19T13:42:03","date_gmt":"2021-03-19T13:42:03","guid":{"rendered":"https:\/\/cernelic.hr\/katalog\/Bez%20kategorije\/5th-element-by-las-2\/"},"modified":"2024-06-18T08:25:50","modified_gmt":"2024-06-18T08:25:50","slug":"5th-element-by-las","status":"publish","type":"product","link":"https:\/\/cernelic.hr\/en\/proizvod\/5th-element-by-las\/","title":{"rendered":"5TH ELEMENT by LAS"},"content":{"rendered":"<p><span data-sheets-value=\"{&quot;1&quot;:2,&quot;2&quot;:&quot;Danas postoje mnogi na\u010dini rada. Zajedno - kako bi sa\u010duvali resurse, povu\u010deno - kako bi bili vi\u0161e koncentrirani, na sastancima - kako bi dijelili. \u201e5th Element\u201c klupa, radni stol i modularni uredski namje\u0161taj nude prikladan odgovor svakome sa ovim potrebama, da u potpunosti i savr\u0161eno dobiju punu optimizaciju radnog prostora, pri tome po\u0161tuju\u0107i okoli\u0161.&quot;}\" data-sheets-userformat=\"{&quot;2&quot;:14723,&quot;3&quot;:{&quot;1&quot;:0,&quot;3&quot;:1},&quot;4&quot;:{&quot;1&quot;:2,&quot;2&quot;:14281427},&quot;10&quot;:0,&quot;11&quot;:4,&quot;14&quot;:{&quot;1&quot;:3,&quot;3&quot;:1},&quot;15&quot;:&quot;Calibri&quot;,&quot;16&quot;:11}\">Danas postoje mnogi na\u010dini rada. Zajedno &#8211; kako bi sa\u010duvali resurse, povu\u010deno &#8211; kako bi bili vi\u0161e koncentrirani, na sastancima &#8211; kako bi dijelili. \u201e5th Element\u201c klupa, radni stol i modularni uredski namje\u0161taj nude prikladan odgovor svakome sa ovim potrebama, da u potpunosti i savr\u0161eno dobiju punu optimizaciju radnog prostora, pri tome po\u0161tuju\u0107i okoli\u0161.<\/span><\/p>\n","protected":false},"excerpt":{"rendered":"<p>Danas postoje mnogi na\u010dini rada. Zajedno &#8211; kako bi sa\u010duvali resurse, povu\u010deno &#8211; kako bi bili vi\u0161e koncentrirani, na sastancima &#8211; kako bi dijelili. \u201e5th Element\u201c klupa, radni stol i modularni uredski namje\u0161taj nude prikladan odgovor svakome sa ovim potrebama, da u potpunosti i savr\u0161eno dobiju punu optimizaciju radnog prostora, pri tome po\u0161tuju\u0107i okoli\u0161.<\/p>\n","protected":false},"featured_media":41610,"template":"","meta":{"_acf_changed":false},"product_brand":[],"product_cat":[2514,2235,2234,2105,2085,2171,2061,2196,2131,2172,2245,2068,2208,2123,2179,2183,2151,2140,2150,2230,2174,2137,2178,2148,2246,2180,2073,2118,2132,2133,2163,2092,2170,2136],"product_tag":[],"berocket_brand":[1260],"class_list":{"0":"post-92747","1":"product","2":"type-product","3":"status-publish","4":"has-post-thumbnail","6":"product_cat-accessories","7":"product_cat-proizvodi-namjestaj-za-urede-accessories","8":"product_cat-proizvodi-stolovi-akusticne-i-zastitne-pregrade-za-stolove","9":"product_cat-javni","10":"product_cat-namjestaj-za-urede","11":"product_cat-ormari-i-komode","12":"product_cat-proizvodi","13":"product_cat-proizvodi-accessories-accessories-za-unutarnje-prostore","14":"product_cat-proizvodi-accessories-elektrifikacija-i-cable-management","15":"product_cat-proizvodi-ormari-i-komode-komode","16":"product_cat-proizvodi-ormari-i-komode-ladicari","17":"product_cat-prostori","18":"product_cat-prostori-javni-accessories","19":"product_cat-prostori-javni-namjestaj-za-cekaonice","20":"product_cat-prostori-javni-namjestaj-za-knjiznice","21":"product_cat-prostori-javni-namjestaj-za-predavaone","22":"product_cat-prostori-javni-namjestaj-za-sastanke-i-konferencije","23":"product_cat-prostori-javni-stolovi-za-unutarnje-prostore","24":"product_cat-prostori-rezidencijalni-namjestaj-za-kucni-ured","25":"product_cat-prostori-uredi-accessories","26":"product_cat-prostori-uredi-co-working-namjestaj","27":"product_cat-prostori-uredi-home-office","28":"product_cat-prostori-uredi-namjestaj-za-odlaganje-i-arhiviranje-ormari","29":"product_cat-prostori-uredi-namjestaj-za-sastanke-i-konferencije","30":"product_cat-prostori-uredi-sustavi-za-elektrifikaciju-i-cable-management","31":"product_cat-prostori-uredi-uredski-namjestaj","32":"product_cat-rezidencijalni","33":"product_cat-stolovi","34":"product_cat-proizvodi-stolovi-stolovi-za-kucni-ured","35":"product_cat-proizvodi-stolovi-stolovi-za-sastanke-i-konferencije","36":"product_cat-proizvodi-stolovi-stolovi-za-urede","37":"product_cat-uredi","38":"product_cat-proizvodi-namjestaj-za-urede-namjestaj","39":"product_cat-proizvodi-stolovi-visoki-barski-stolovi-za-unutarnje-prostore","40":"berocket_brand-las","42":"first","43":"instock","44":"product-type-grouped"},"acf":[],"_links":{"self":[{"href":"https:\/\/cernelic.hr\/en\/wp-json\/wp\/v2\/product\/92747","targetHints":{"allow":["GET"]}}],"collection":[{"href":"https:\/\/cernelic.hr\/en\/wp-json\/wp\/v2\/product"}],"about":[{"href":"https:\/\/cernelic.hr\/en\/wp-json\/wp\/v2\/types\/product"}],"wp:featuredmedia":[{"embeddable":true,"href":"https:\/\/cernelic.hr\/en\/wp-json\/wp\/v2\/media\/41610"}],"wp:attachment":[{"href":"https:\/\/cernelic.hr\/en\/wp-json\/wp\/v2\/media?parent=92747"}],"wp:term":[{"taxonomy":"product_brand","embeddable":true,"href":"https:\/\/cernelic.hr\/en\/wp-json\/wp\/v2\/product_brand?post=92747"},{"taxonomy":"product_cat","embeddable":true,"href":"https:\/\/cernelic.hr\/en\/wp-json\/wp\/v2\/product_cat?post=92747"},{"taxonomy":"product_tag","embeddable":true,"href":"https:\/\/cernelic.hr\/en\/wp-json\/wp\/v2\/product_tag?post=92747"},{"taxonomy":"berocket_brand","embeddable":true,"href":"https:\/\/cernelic.hr\/en\/wp-json\/wp\/v2\/berocket_brand?post=92747"}],"curies":[{"name":"wp","href":"https:\/\/api.w.org\/{rel}","templated":true}]}}

<p><span data-sheets-value="{&quot;1&quot;:2,&quot;2&quot;:&quot;Danas postoje mnogi načini rada. Zajedno - kako bi sačuvali resurse, povučeno - kako bi bili više koncentrirani, na sastancima - kako bi dijelili. „5th Element“ klupa, radni stol i modularni uredski namještaj nude prikladan odgovor svakome sa ovim potrebama, da u potpunosti i savršeno dobiju punu optimizaciju radnog prostora, pri tome poštujući okoliš.&quot;}" data-sheets-userformat="{&quot;2&quot;:14723,&quot;3&quot;:{&quot;1&quot;:0,&quot;3&quot;:1},&quot;4&quot;:{&quot;1&quot;:2,&quot;2&quot;:14281427},&quot;10&quot;:0,&quot;11&quot;:4,&quot;14&quot;:{&quot;1&quot;:3,&quot;3&quot;:1},&quot;15&quot;:&quot;Calibri&quot;,&quot;16&quot;:11}">Danas postoje mnogi načini rada. Zajedno &#8211; kako bi sačuvali resurse, povučeno &#8211; kako bi bili više koncentrirani, na sastancima &#8211; kako bi dijelili. „5th Element“ klupa, radni stol i modularni uredski namještaj nude prikladan odgovor svakome sa ovim potrebama, da u potpunosti i savršeno dobiju punu optimizaciju radnog prostora, pri tome poštujući okoliš.</span></p>

<p>Danas postoje mnogi načini rada. Zajedno &#8211; kako bi sačuvali resurse, povučeno &#8211; kako bi bili više koncentrirani, na sastancima &#8211; kako bi dijelili. „5th Element“ klupa, radni stol i modularni uredski namještaj nude prikladan odgovor svakome sa ovim potrebama, da u potpunosti i savršeno dobiju punu optimizaciju radnog prostora, pri tome poštujući okoliš.</p>
